{"id":3899,"date":"2025-12-03T10:01:07","date_gmt":"2025-12-03T09:01:07","guid":{"rendered":"https:\/\/agora.xtec.cat\/escolamartipolsantfeliu\/?page_id=3899"},"modified":"2025-12-05T09:23:17","modified_gmt":"2025-12-05T08:23:17","slug":"lhort","status":"publish","type":"page","link":"https:\/\/agora.xtec.cat\/escolamartipolsantfeliu\/projectes-de-lescola\/treball-pel-collectiu\/lhort\/","title":{"rendered":"L&#8217;hort"},"content":{"rendered":"<p><img loading=\"lazy\" decoding=\"async\" class=\"aligncenter wp-image-3928\" src=\"https:\/\/agora.xtec.cat\/escolamartipolsantfeliu\/wp-content\/uploads\/usu1726\/2025\/12\/Captura-de-pantalla-2025-12-02-183030.png\" alt=\"\" width=\"446\" height=\"169\" srcset=\"https:\/\/agora.xtec.cat\/escolamartipolsantfeliu\/wp-content\/uploads\/usu1726\/2025\/12\/Captura-de-pantalla-2025-12-02-183030.png 919w, https:\/\/agora.xtec.cat\/escolamartipolsantfeliu\/wp-content\/uploads\/usu1726\/2025\/12\/Captura-de-pantalla-2025-12-02-183030-300x114.png 300w, https:\/\/agora.xtec.cat\/escolamartipolsantfeliu\/wp-content\/uploads\/usu1726\/2025\/12\/Captura-de-pantalla-2025-12-02-183030-768x291.png 768w\" sizes=\"auto, (max-width: 446px) 100vw, 446px\" \/><\/p>\n<h2 style=\"text-align: center;\" data-start=\"162\" data-end=\"215\"><strong data-start=\"165\" data-end=\"215\">L\u2019hort escolar: aprendre, cuidar i fer cr\u00e9ixer<\/strong><\/h2>\n<p style=\"text-align: justify;\" data-start=\"217\" data-end=\"511\">Els infants de 4t s\u00f3n els responsables de tenir cura de l\u2019<strong data-start=\"275\" data-end=\"295\">hort de l\u2019escola<\/strong>, un espai d\u2019aprenentatge viu on poden observar, experimentar i connectar-se amb la natura. A partir d\u2019ara, s\u2019encarregaran de mantenir-lo net, regar quan calgui i seguir de prop l\u2019evoluci\u00f3 de tot all\u00f2 que hi plantin.<\/p>\n<p style=\"text-align: justify;\" data-start=\"513\" data-end=\"815\">Els mateixos alumnes decidiran <strong data-start=\"544\" data-end=\"588\">quines verdures o plantes volen cultivar<\/strong>, assumint un paper actiu en la planificaci\u00f3 i organitzaci\u00f3 de l\u2019hort. Setmana rere setmana, hauran de vetllar pel bon creixement de les seves plantacions, prenent decisions i observant els canvis que es produeixen en l\u2019entorn.<\/p>\n<p style=\"text-align: justify;\" data-start=\"817\" data-end=\"1198\">Aquest projecte \u00e9s una gran oportunitat perqu\u00e8 els infants <strong data-start=\"876\" data-end=\"924\">aprenguin de manera pr\u00e0ctica i significativa<\/strong>, treballin en equip, desenvolupin la responsabilitat i gaudeixin del proc\u00e9s de cuidar i veure cr\u00e9ixer all\u00f2 que han plantat amb les seves mans. L\u2019hort es converteix aix\u00ed en un espai que afavoreix les compet\u00e8ncies cient\u00edfiques, el pensament cr\u00edtic i la consci\u00e8ncia ambiental.<\/p>\n<p><img loading=\"lazy\" decoding=\"async\" class=\" wp-image-3581 alignright\" src=\"https:\/\/agora.xtec.cat\/escolamartipolsantfeliu\/wp-content\/uploads\/usu1726\/2025\/04\/1745950520019-1-768x1024.jpg\" alt=\"\" width=\"511\" height=\"681\" srcset=\"https:\/\/agora.xtec.cat\/escolamartipolsantfeliu\/wp-content\/uploads\/usu1726\/2025\/04\/1745950520019-1-768x1024.jpg 768w, https:\/\/agora.xtec.cat\/escolamartipolsantfeliu\/wp-content\/uploads\/usu1726\/2025\/04\/1745950520019-1-225x300.jpg 225w, https:\/\/agora.xtec.cat\/escolamartipolsantfeliu\/wp-content\/uploads\/usu1726\/2025\/04\/1745950520019-1-1152x1536.jpg 1152w, https:\/\/agora.xtec.cat\/escolamartipolsantfeliu\/wp-content\/uploads\/usu1726\/2025\/04\/1745950520019-1-1536x2048.jpg 1536w, https:\/\/agora.xtec.cat\/escolamartipolsantfeliu\/wp-content\/uploads\/usu1726\/2025\/04\/1745950520019-1-scaled.jpg 1920w\" sizes=\"auto, (max-width: 511px) 100vw, 511px\" \/><img loading=\"lazy\" decoding=\"async\" class=\"wp-image-3583 alignleft\" src=\"https:\/\/agora.xtec.cat\/escolamartipolsantfeliu\/wp-content\/uploads\/usu1726\/2025\/04\/1745950229995-1-768x1024.jpg\" alt=\"Infants encarregats de l'hort\" width=\"509\" height=\"679\" srcset=\"https:\/\/agora.xtec.cat\/escolamartipolsantfeliu\/wp-content\/uploads\/usu1726\/2025\/04\/1745950229995-1-768x1024.jpg 768w, https:\/\/agora.xtec.cat\/escolamartipolsantfeliu\/wp-content\/uploads\/usu1726\/2025\/04\/1745950229995-1-225x300.jpg 225w, https:\/\/agora.xtec.cat\/escolamartipolsantfeliu\/wp-content\/uploads\/usu1726\/2025\/04\/1745950229995-1-1152x1536.jpg 1152w, https:\/\/agora.xtec.cat\/escolamartipolsantfeliu\/wp-content\/uploads\/usu1726\/2025\/04\/1745950229995-1-1536x2048.jpg 1536w, https:\/\/agora.xtec.cat\/escolamartipolsantfeliu\/wp-content\/uploads\/usu1726\/2025\/04\/1745950229995-1-scaled.jpg 1920w\" sizes=\"auto, (max-width: 509px) 100vw, 509px\" \/><\/p>\n<p><img loading=\"lazy\" decoding=\"async\" class=\"wp-image-3585 alignright\" src=\"https:\/\/agora.xtec.cat\/escolamartipolsantfeliu\/wp-content\/uploads\/usu1726\/2025\/04\/1745950260205-1-1-2_Easy-Resize.com_-768x1024.jpg\" alt=\"\" width=\"510\" height=\"680\" srcset=\"https:\/\/agora.xtec.cat\/escolamartipolsantfeliu\/wp-content\/uploads\/usu1726\/2025\/04\/1745950260205-1-1-2_Easy-Resize.com_-768x1024.jpg 768w, https:\/\/agora.xtec.cat\/escolamartipolsantfeliu\/wp-content\/uploads\/usu1726\/2025\/04\/1745950260205-1-1-2_Easy-Resize.com_-225x300.jpg 225w, https:\/\/agora.xtec.cat\/escolamartipolsantfeliu\/wp-content\/uploads\/usu1726\/2025\/04\/1745950260205-1-1-2_Easy-Resize.com_.jpg 960w\" sizes=\"auto, (max-width: 510px) 100vw, 510px\" \/><\/p>\n<p><img loading=\"lazy\" decoding=\"async\" class=\"wp-image-3584 alignleft\" src=\"https:\/\/agora.xtec.cat\/escolamartipolsantfeliu\/wp-content\/uploads\/usu1726\/2025\/04\/1745950246127-1-768x1024.jpg\" alt=\"\" width=\"504\" height=\"672\" srcset=\"https:\/\/agora.xtec.cat\/escolamartipolsantfeliu\/wp-content\/uploads\/usu1726\/2025\/04\/1745950246127-1-768x1024.jpg 768w, https:\/\/agora.xtec.cat\/escolamartipolsantfeliu\/wp-content\/uploads\/usu1726\/2025\/04\/1745950246127-1-225x300.jpg 225w, https:\/\/agora.xtec.cat\/escolamartipolsantfeliu\/wp-content\/uploads\/usu1726\/2025\/04\/1745950246127-1-1152x1536.jpg 1152w, https:\/\/agora.xtec.cat\/escolamartipolsantfeliu\/wp-content\/uploads\/usu1726\/2025\/04\/1745950246127-1-1536x2048.jpg 1536w, https:\/\/agora.xtec.cat\/escolamartipolsantfeliu\/wp-content\/uploads\/usu1726\/2025\/04\/1745950246127-1-scaled.jpg 1920w\" sizes=\"auto, (max-width: 504px) 100vw, 504px\" \/><\/p>\n<p><!--a=1--><\/p>\n<p><!--a=1--><\/p>\n<p><!--a=1--><\/p>\n<p><!--a=1--><\/p>\n<p><!--a=1--><!--a=1--><\/p>\n<p><!--a=1--><\/p>\n","protected":false},"excerpt":{"rendered":"<p>L\u2019hort escolar: aprendre, cuidar i fer cr\u00e9ixer Els infants de 4t s\u00f3n els responsables de tenir cura de l\u2019hort de l\u2019escola, un espai d\u2019aprenentatge viu on poden observar, experimentar i connectar-se amb la natura. A partir d\u2019ara, s\u2019encarregaran de mantenir-lo net, regar quan calgui i seguir de prop l\u2019evoluci\u00f3 de tot all\u00f2 que hi plantin. [&hellip;]<\/p>\n","protected":false},"author":1,"featured_media":0,"parent":576,"menu_order":4,"comment_status":"closed","ping_status":"closed","template":"","meta":{"_bbp_topic_count":0,"_bbp_reply_count":0,"_bbp_total_topic_count":0,"_bbp_total_reply_count":0,"_bbp_voice_count":0,"_bbp_anonymous_reply_count":0,"_bbp_topic_count_hidden":0,"_bbp_reply_count_hidden":0,"_bbp_forum_subforum_count":0,"site-sidebar-layout":"default","site-content-layout":"","ast-site-content-layout":"","site-content-style":"default","site-sidebar-style":"default","ast-global-header-display":"","ast-banner-title-visibility":"","ast-main-header-display":"","ast-hfb-above-header-display":"","ast-hfb-below-header-display":"","ast-hfb-mobile-header-display":"","site-post-title":"","ast-breadcrumbs-content":"","ast-featured-img":"","footer-sml-layout":"","theme-transparent-header-meta":"","adv-header-id-meta":"","stick-header-meta":"","header-above-stick-meta":"","header-main-stick-meta":"","header-below-stick-meta":"","astra-migrate-meta-layouts":"default","ast-page-background-enabled":"default","ast-page-background-meta":{"desktop":{"background-color":"var(--ast-global-color-4)","background-image":"","background-repeat":"repeat","background-position":"center center","background-size":"auto","background-attachment":"scroll","background-type":"","background-media":"","overlay-type":"","overlay-color":"","overlay-opacity":"","overlay-gradient":""},"tablet":{"background-color":"","background-image":"","background-repeat":"repeat","background-position":"center center","background-size":"auto","background-attachment":"scroll","background-type":"","background-media":"","overlay-type":"","overlay-color":"","overlay-opacity":"","overlay-gradient":""},"mobile":{"background-color":"","background-image":"","background-repeat":"repeat","background-position":"center center","background-size":"auto","background-attachment":"scroll","background-type":"","background-media":"","overlay-type":"","overlay-color":"","overlay-opacity":"","overlay-gradient":""}},"ast-content-background-meta":{"desktop":{"background-color":"var(--ast-global-color-5)","background-image":"","background-repeat":"repeat","background-position":"center center","background-size":"auto","background-attachment":"scroll","background-type":"","background-media":"","overlay-type":"","overlay-color":"","overlay-opacity":"","overlay-gradient":""},"tablet":{"background-color":"var(--ast-global-color-5)","background-image":"","background-repeat":"repeat","background-position":"center center","background-size":"auto","background-attachment":"scroll","background-type":"","background-media":"","overlay-type":"","overlay-color":"","overlay-opacity":"","overlay-gradient":""},"mobile":{"background-color":"var(--ast-global-color-5)","background-image":"","background-repeat":"repeat","background-position":"center center","background-size":"auto","background-attachment":"scroll","background-type":"","background-media":"","overlay-type":"","overlay-color":"","overlay-opacity":"","overlay-gradient":""}},"footnotes":""},"class_list":["post-3899","page","type-page","status-publish","hentry"],"post_mailing_queue_ids":[],"_links":{"self":[{"href":"https:\/\/agora.xtec.cat\/escolamartipolsantfeliu\/wp-json\/wp\/v2\/pages\/3899","targetHints":{"allow":["GET"]}}],"collection":[{"href":"https:\/\/agora.xtec.cat\/escolamartipolsantfeliu\/wp-json\/wp\/v2\/pages"}],"about":[{"href":"https:\/\/agora.xtec.cat\/escolamartipolsantfeliu\/wp-json\/wp\/v2\/types\/page"}],"author":[{"embeddable":true,"href":"https:\/\/agora.xtec.cat\/escolamartipolsantfeliu\/wp-json\/wp\/v2\/users\/1"}],"replies":[{"embeddable":true,"href":"https:\/\/agora.xtec.cat\/escolamartipolsantfeliu\/wp-json\/wp\/v2\/comments?post=3899"}],"version-history":[{"count":6,"href":"https:\/\/agora.xtec.cat\/escolamartipolsantfeliu\/wp-json\/wp\/v2\/pages\/3899\/revisions"}],"predecessor-version":[{"id":3952,"href":"https:\/\/agora.xtec.cat\/escolamartipolsantfeliu\/wp-json\/wp\/v2\/pages\/3899\/revisions\/3952"}],"up":[{"embeddable":true,"href":"https:\/\/agora.xtec.cat\/escolamartipolsantfeliu\/wp-json\/wp\/v2\/pages\/576"}],"wp:attachment":[{"href":"https:\/\/agora.xtec.cat\/escolamartipolsantfeliu\/wp-json\/wp\/v2\/media?parent=3899"}],"curies":[{"name":"wp","href":"https:\/\/api.w.org\/{rel}","templated":true}]}}