{"id":5898,"date":"2020-06-26T12:50:37","date_gmt":"2020-06-26T10:50:37","guid":{"rendered":"http:\/\/agora.xtec.cat\/escolamartinet\/?page_id=5898"},"modified":"2026-01-27T12:04:02","modified_gmt":"2026-01-27T11:04:02","slug":"espais-dinnovacio-organitzativa-i-metodologica-a-les-aules","status":"publish","type":"page","link":"https:\/\/agora.xtec.cat\/escolamartinet\/projectes\/espais-dinnovacio-organitzativa-i-metodologica-a-les-aules\/","title":{"rendered":"Espais d\u2019innovaci\u00f3 organitzativa i metodol\u00f2gica a les aules"},"content":{"rendered":"<p style=\"text-align: center;\"><strong>Espais d\u2019innovaci\u00f3 organitzativa i metodol\u00f2gica a les aules<\/strong><\/p>\n<p style=\"text-align: center;\"><strong>Racons d&#8217;itinerari lliure globalitzats<\/strong><\/p>\n<p>El curs 2019-2020 vam fer un canvi en la manera de treballar amb una NOVA ORGANITZACI\u00d3 d\u2019aula en els nivells de i3 i i4, amb la intenci\u00f3 de poder continuar en cursos m\u00e9s superiors.\u00a0<\/p>\n<p>Aquesta NOVA ORGANITZACI\u00d3 suposa organitzar l\u2019Espai d\u2019una manera concreta i un mobiliari diferent genera una\u00a0 reflexi\u00f3 i canvi en la metodologia que afecta positivament l\u2019experi\u00e8ncia educativa de l\u2019infant.\u00a0<\/p>\n<p>Els Objectius d&#8217;aquest canvi s\u00f3n:\u00a0\u00a0<\/p>\n<ul>\n<li>Adequar l\u2019espai a l\u2019edat dels infants.\u00a0<\/li>\n<li>Fomentar l\u2019autonomia dels infants.\u00a0<\/li>\n<li>Fomentar l\u2019aprenentatge entre iguals.\u00a0<\/li>\n<li>Afavorir el proc\u00e9s de socialitzaci\u00f3.\u00a0<\/li>\n<li>Diversificar les formes d\u2019arribar als aprenentatges.\u00a0<\/li>\n<li>Oferir materials manipulatius que permetin experimentar, investigar i vivenciar els aprenentatges.\u00a0\u00a0<\/li>\n<\/ul>\n<p><strong>Com ho estem fent?<\/strong><\/p>\n<ul>\n<li style=\"text-align: justify;\">Proposem diverses activitats a l\u2019aula en el mateix moment. Cada infant va creant el seu propi itinerari d\u2019acci\u00f3 escollint les activitats que va fent en funci\u00f3 dels seus interessos i prefer\u00e8ncies. Oferim entre 6 i 8 activitats, depenent del nivell.\u00a0\u00a0<\/li>\n<li style=\"text-align: justify;\">Es treballa en petit grup, en parelles o individualment depenent de la tasca. Aquest fet fa que es multipliquin les interaccions entre els infants i afavoreix la socialitzaci\u00f3. Constantment hi ha rotaci\u00f3 de participants en les activitats. D\u2019altra banda, permet a l\u2019infant fer la gesti\u00f3 del seu propi temps i prendre decisions.<\/li>\n<li style=\"text-align: justify;\">Oferim un ampli ventall activitats setmanals que permeten a l\u2019infant anar al seu propi ritme i crear el seu coneixement de diferents formes, des de la vessant art\u00edstica, matem\u00e0tica, simb\u00f2lica, comunicativa\u2026\u00a0<\/li>\n<li style=\"text-align: justify;\">Oferim molta varietat material manipulatiu perqu\u00e8 els infants puguin trobar molts elements motivadors i diferents que els convidin a provar, descobrir, investigar, compartir, jugar\u2026\u00a0<\/li>\n<li style=\"text-align: justify;\">Proposem activitats que permetin donar diferents respostes en funci\u00f3 del desenvolupament de l\u2019infant, \u00e9s a dir, respectant els diferents ritmes evolutius que trobem al grup.<\/li>\n<li style=\"text-align: justify;\">Proposem activitats que generen\u00a0 un aprenentatge funcional i significatiu. \u00c9s a dir, un aprenentatge que tingui significat per l\u2019infant que parteix dels seus interessos i possibilitats. I, d&#8217;altra banda, que l\u2019infant senti la necessitat d\u2019aprendre perqu\u00e8 ho necessita i que all\u00f2 que est\u00e0 aprenent\u00a0 t\u00e9 una funci\u00f3. L\u2019infant t\u00e9 un paper actiu en el seu aprenentatge.<\/li>\n<\/ul>\n<p style=\"text-align: justify;\">Estem molt satisfets\/es dels resultats obtinguts fins ara, creiem que estem aconseguint els objectius que ens hav\u00edem marcat.\u00a0<\/p>\n<p>&nbsp;<\/p>\n","protected":false},"excerpt":{"rendered":"<p>Espais d\u2019innovaci\u00f3 organitzativa i metodol\u00f2gica a les aules Racons d&#8217;itinerari lliure globalitzats El curs 2019-2020 vam fer un canvi en la manera de treballar amb una NOVA ORGANITZACI\u00d3 d\u2019aula en els nivells de i3 i i4, amb la intenci\u00f3 de poder continuar en cursos m\u00e9s superiors.\u00a0 Aquesta NOVA ORGANITZACI\u00d3 suposa organitzar l\u2019Espai d\u2019una manera concreta [&hellip;]<\/p>\n","protected":false},"author":1,"featured_media":0,"parent":277,"menu_order":17,"comment_status":"closed","ping_status":"closed","template":"","meta":{"_bbp_topic_count":0,"_bbp_reply_count":0,"_bbp_total_topic_count":0,"_bbp_total_reply_count":0,"_bbp_voice_count":0,"_bbp_anonymous_reply_count":0,"_bbp_topic_count_hidden":0,"_bbp_reply_count_hidden":0,"_bbp_forum_subforum_count":0,"site-sidebar-layout":"default","site-content-layout":"","ast-site-content-layout":"default","site-content-style":"default","site-sidebar-style":"default","ast-global-header-display":"","ast-banner-title-visibility":"","ast-main-header-display":"","ast-hfb-above-header-display":"","ast-hfb-below-header-display":"","ast-hfb-mobile-header-display":"","site-post-title":"","ast-breadcrumbs-content":"","ast-featured-img":"","footer-sml-layout":"","theme-transparent-header-meta":"default","adv-header-id-meta":"","stick-header-meta":"","header-above-stick-meta":"","header-main-stick-meta":"","header-below-stick-meta":"","astra-migrate-meta-layouts":"set","ast-page-background-enabled":"default","ast-page-background-meta":{"desktop":{"background-color":"var(--ast-global-color-4)","background-image":"","background-repeat":"repeat","background-position":"center center","background-size":"auto","background-attachment":"scroll","background-type":"","background-media":"","overlay-type":"","overlay-color":"","overlay-opacity":"","overlay-gradient":""},"tablet":{"background-color":"","background-image":"","background-repeat":"repeat","background-position":"center center","background-size":"auto","background-attachment":"scroll","background-type":"","background-media":"","overlay-type":"","overlay-color":"","overlay-opacity":"","overlay-gradient":""},"mobile":{"background-color":"","background-image":"","background-repeat":"repeat","background-position":"center center","background-size":"auto","background-attachment":"scroll","background-type":"","background-media":"","overlay-type":"","overlay-color":"","overlay-opacity":"","overlay-gradient":""}},"ast-content-background-meta":{"desktop":{"background-color":"var(--ast-global-color-5)","background-image":"","background-repeat":"repeat","background-position":"center center","background-size":"auto","background-attachment":"scroll","background-type":"","background-media":"","overlay-type":"","overlay-color":"","overlay-opacity":"","overlay-gradient":""},"tablet":{"background-color":"var(--ast-global-color-5)","background-image":"","background-repeat":"repeat","background-position":"center center","background-size":"auto","background-attachment":"scroll","background-type":"","background-media":"","overlay-type":"","overlay-color":"","overlay-opacity":"","overlay-gradient":""},"mobile":{"background-color":"var(--ast-global-color-5)","background-image":"","background-repeat":"repeat","background-position":"center center","background-size":"auto","background-attachment":"scroll","background-type":"","background-media":"","overlay-type":"","overlay-color":"","overlay-opacity":"","overlay-gradient":""}},"footnotes":""},"class_list":["post-5898","page","type-page","status-publish","hentry"],"post_mailing_queue_ids":[],"_links":{"self":[{"href":"https:\/\/agora.xtec.cat\/escolamartinet\/wp-json\/wp\/v2\/pages\/5898","targetHints":{"allow":["GET"]}}],"collection":[{"href":"https:\/\/agora.xtec.cat\/escolamartinet\/wp-json\/wp\/v2\/pages"}],"about":[{"href":"https:\/\/agora.xtec.cat\/escolamartinet\/wp-json\/wp\/v2\/types\/page"}],"author":[{"embeddable":true,"href":"https:\/\/agora.xtec.cat\/escolamartinet\/wp-json\/wp\/v2\/users\/1"}],"replies":[{"embeddable":true,"href":"https:\/\/agora.xtec.cat\/escolamartinet\/wp-json\/wp\/v2\/comments?post=5898"}],"version-history":[{"count":5,"href":"https:\/\/agora.xtec.cat\/escolamartinet\/wp-json\/wp\/v2\/pages\/5898\/revisions"}],"predecessor-version":[{"id":12709,"href":"https:\/\/agora.xtec.cat\/escolamartinet\/wp-json\/wp\/v2\/pages\/5898\/revisions\/12709"}],"up":[{"embeddable":true,"href":"https:\/\/agora.xtec.cat\/escolamartinet\/wp-json\/wp\/v2\/pages\/277"}],"wp:attachment":[{"href":"https:\/\/agora.xtec.cat\/escolamartinet\/wp-json\/wp\/v2\/media?parent=5898"}],"curies":[{"name":"wp","href":"https:\/\/api.w.org\/{rel}","templated":true}]}}

Espais d’innovació organitzativa i metodològica a les aules

<p style="text-align: center;"><strong>Espais d’innovació organitzativa i metodològica a les aules</strong></p>
<p style="text-align: center;"><strong>Racons d&#8217;itinerari lliure globalitzats</strong></p>
<p>El curs 2019-2020 vam fer un canvi en la manera de treballar amb una NOVA ORGANITZACIÓ d’aula en els nivells de i3 i i4, amb la intenció de poder continuar en cursos més superiors. </p>
<p>Aquesta NOVA ORGANITZACIÓ suposa organitzar l’Espai d’una manera concreta i un mobiliari diferent genera una  reflexió i canvi en la metodologia que afecta positivament l’experiència educativa de l’infant. </p>
<p>Els Objectius d&#8217;aquest canvi són:  </p>
<ul>
<li>Adequar l’espai a l’edat dels infants. </li>
<li>Fomentar l’autonomia dels infants. </li>
<li>Fomentar l’aprenentatge entre iguals. </li>
<li>Afavorir el procés de socialització. </li>
<li>Diversificar les formes d’arribar als aprenentatges. </li>
<li>Oferir materials manipulatius que permetin experimentar, investigar i vivenciar els aprenentatges.  </li>
</ul>
<p><strong>Com ho estem fent?</strong></p>
<ul>
<li style="text-align: justify;">Proposem diverses activitats a l’aula en el mateix moment. Cada infant va creant el seu propi itinerari d’acció escollint les activitats que va fent en funció dels seus interessos i preferències. Oferim entre 6 i 8 activitats, depenent del nivell.  </li>
<li style="text-align: justify;">Es treballa en petit grup, en parelles o individualment depenent de la tasca. Aquest fet fa que es multipliquin les interaccions entre els infants i afavoreix la socialització. Constantment hi ha rotació de participants en les activitats. D’altra banda, permet a l’infant fer la gestió del seu propi temps i prendre decisions.</li>
<li style="text-align: justify;">Oferim un ampli ventall activitats setmanals que permeten a l’infant anar al seu propi ritme i crear el seu coneixement de diferents formes, des de la vessant artística, matemàtica, simbòlica, comunicativa… </li>
<li style="text-align: justify;">Oferim molta varietat material manipulatiu perquè els infants puguin trobar molts elements motivadors i diferents que els convidin a provar, descobrir, investigar, compartir, jugar… </li>
<li style="text-align: justify;">Proposem activitats que permetin donar diferents respostes en funció del desenvolupament de l’infant, és a dir, respectant els diferents ritmes evolutius que trobem al grup.</li>
<li style="text-align: justify;">Proposem activitats que generen  un aprenentatge funcional i significatiu. És a dir, un aprenentatge que tingui significat per l’infant que parteix dels seus interessos i possibilitats. I, d&#8217;altra banda, que l’infant senti la necessitat d’aprendre perquè ho necessita i que allò que està aprenent  té una funció. L’infant té un paper actiu en el seu aprenentatge.</li>
</ul>
<p style="text-align: justify;">Estem molt satisfets/es dels resultats obtinguts fins ara, creiem que estem aconseguint els objectius que ens havíem marcat. </p>
<p>&nbsp;</p>

<p>Espais d’innovació organitzativa i metodològica a les aules Racons d&#8217;itinerari lliure globalitzats El curs 2019-2020 vam fer un canvi en la manera de treballar amb una NOVA ORGANITZACIÓ d’aula en els nivells de i3 i i4, amb la intenció de poder continuar en cursos més superiors.  Aquesta NOVA ORGANITZACIÓ suposa organitzar l’Espai d’una manera concreta [&hellip;]</p>
