{"id":283,"date":"2015-07-07T12:54:55","date_gmt":"2015-07-07T10:54:55","guid":{"rendered":"http:\/\/agora.xtec.cat\/escolamartinet\/?page_id=283"},"modified":"2026-01-23T16:33:30","modified_gmt":"2026-01-23T15:33:30","slug":"autoritzacions","status":"publish","type":"page","link":"https:\/\/agora.xtec.cat\/escolamartinet\/lescola\/documentacio-de-centre\/autoritzacions\/","title":{"rendered":"Autoritzacions i carta de comprom\u00eds"},"content":{"rendered":"<p><span style=\"color: #ffffff;\">.<\/span><\/p>\n<p><strong><a href=\"https:\/\/agora.xtec.cat\/escolamartinet\/wp-content\/uploads\/usu369\/2024\/06\/CARTA-DE-COMPROMIS.pdf\" target=\"_blank\" rel=\"noopener\"><span style=\"font-size: 20px;\">Carta de comprom\u00eds<\/span><\/a><\/strong><\/p>\n<p><a href=\"https:\/\/agora.xtec.cat\/escolamartinet\/wp-content\/uploads\/usu369\/2026\/01\/Autoritzacio-recollir-alumne-per-germans-grans-de-lescola.pdf\" target=\"_blank\" rel=\"noopener\"><strong><span style=\"font-size: 20px;\">Autoritzaci\u00f3 de recollida per germ\u00e0\/na gran de l&#8217;escola (majors de 16 anys)<\/span><\/strong><\/a><\/p>\n<p><strong><span style=\"font-size: 20px;\"><a href=\"https:\/\/agora.xtec.cat\/escolamartinet\/wp-content\/uploads\/usu369\/2023\/07\/Autoritzacio-recollir-un-altra-persona-alumne-escola.pdf\" target=\"_blank\" rel=\"noopener\">Autoritzaci\u00f3 recollida per persona inicialment no autoritzada<\/a><\/span><\/strong><\/p>\n<p><strong><a href=\"https:\/\/agora.xtec.cat\/escolamartinet\/wp-content\/uploads\/usu369\/2023\/09\/Autoritzacio-recollir-varies-persones-alumne-escola.pdf\" target=\"_blank\" rel=\"noopener\"><span style=\"font-size: 20px;\">Autoritzaci\u00f3 recollida per v\u00e0ries persones inicialment no autoritzades<\/span><\/a><\/strong><\/p>\n<p><strong><span style=\"font-size: 20px;\"><a href=\"https:\/\/agora.xtec.cat\/escolamartinet\/wp-content\/uploads\/usu369\/2023\/07\/Autoritzacio-medicaments-especials.pdf\" target=\"_blank\" rel=\"noopener\">Autoritzaci\u00f3 per subministrar medicaments<\/a><\/span><\/strong><\/p>\n","protected":false},"excerpt":{"rendered":"<p>. Carta de comprom\u00eds Autoritzaci\u00f3 de recollida per germ\u00e0\/na gran de l&#8217;escola (majors de 16 anys) Autoritzaci\u00f3 recollida per persona inicialment no autoritzada Autoritzaci\u00f3 recollida per v\u00e0ries persones inicialment no autoritzades Autoritzaci\u00f3 per subministrar medicaments<\/p>\n","protected":false},"author":1,"featured_media":0,"parent":11835,"menu_order":2,"comment_status":"closed","ping_status":"closed","template":"","meta":{"_bbp_topic_count":0,"_bbp_reply_count":0,"_bbp_total_topic_count":0,"_bbp_total_reply_count":0,"_bbp_voice_count":0,"_bbp_anonymous_reply_count":0,"_bbp_topic_count_hidden":0,"_bbp_reply_count_hidden":0,"_bbp_forum_subforum_count":0,"site-sidebar-layout":"default","site-content-layout":"","ast-site-content-layout":"default","site-content-style":"default","site-sidebar-style":"default","ast-global-header-display":"","ast-banner-title-visibility":"","ast-main-header-display":"","ast-hfb-above-header-display":"","ast-hfb-below-header-display":"","ast-hfb-mobile-header-display":"","site-post-title":"","ast-breadcrumbs-content":"","ast-featured-img":"","footer-sml-layout":"","theme-transparent-header-meta":"default","adv-header-id-meta":"","stick-header-meta":"","header-above-stick-meta":"","header-main-stick-meta":"","header-below-stick-meta":"","astra-migrate-meta-layouts":"set","ast-page-background-enabled":"default","ast-page-background-meta":{"desktop":{"background-color":"var(--ast-global-color-4)","background-image":"","background-repeat":"repeat","background-position":"center center","background-size":"auto","background-attachment":"scroll","background-type":"","background-media":"","overlay-type":"","overlay-color":"","overlay-opacity":"","overlay-gradient":""},"tablet":{"background-color":"","background-image":"","background-repeat":"repeat","background-position":"center center","background-size":"auto","background-attachment":"scroll","background-type":"","background-media":"","overlay-type":"","overlay-color":"","overlay-opacity":"","overlay-gradient":""},"mobile":{"background-color":"","background-image":"","background-repeat":"repeat","background-position":"center center","background-size":"auto","background-attachment":"scroll","background-type":"","background-media":"","overlay-type":"","overlay-color":"","overlay-opacity":"","overlay-gradient":""}},"ast-content-background-meta":{"desktop":{"background-color":"var(--ast-global-color-5)","background-image":"","background-repeat":"repeat","background-position":"center center","background-size":"auto","background-attachment":"scroll","background-type":"","background-media":"","overlay-type":"","overlay-color":"","overlay-opacity":"","overlay-gradient":""},"tablet":{"background-color":"var(--ast-global-color-5)","background-image":"","background-repeat":"repeat","background-position":"center center","background-size":"auto","background-attachment":"scroll","background-type":"","background-media":"","overlay-type":"","overlay-color":"","overlay-opacity":"","overlay-gradient":""},"mobile":{"background-color":"var(--ast-global-color-5)","background-image":"","background-repeat":"repeat","background-position":"center center","background-size":"auto","background-attachment":"scroll","background-type":"","background-media":"","overlay-type":"","overlay-color":"","overlay-opacity":"","overlay-gradient":""}},"footnotes":""},"class_list":["post-283","page","type-page","status-publish","hentry"],"post_mailing_queue_ids":[],"_links":{"self":[{"href":"https:\/\/agora.xtec.cat\/escolamartinet\/wp-json\/wp\/v2\/pages\/283","targetHints":{"allow":["GET"]}}],"collection":[{"href":"https:\/\/agora.xtec.cat\/escolamartinet\/wp-json\/wp\/v2\/pages"}],"about":[{"href":"https:\/\/agora.xtec.cat\/escolamartinet\/wp-json\/wp\/v2\/types\/page"}],"author":[{"embeddable":true,"href":"https:\/\/agora.xtec.cat\/escolamartinet\/wp-json\/wp\/v2\/users\/1"}],"replies":[{"embeddable":true,"href":"https:\/\/agora.xtec.cat\/escolamartinet\/wp-json\/wp\/v2\/comments?post=283"}],"version-history":[{"count":6,"href":"https:\/\/agora.xtec.cat\/escolamartinet\/wp-json\/wp\/v2\/pages\/283\/revisions"}],"predecessor-version":[{"id":12697,"href":"https:\/\/agora.xtec.cat\/escolamartinet\/wp-json\/wp\/v2\/pages\/283\/revisions\/12697"}],"up":[{"embeddable":true,"href":"https:\/\/agora.xtec.cat\/escolamartinet\/wp-json\/wp\/v2\/pages\/11835"}],"wp:attachment":[{"href":"https:\/\/agora.xtec.cat\/escolamartinet\/wp-json\/wp\/v2\/media?parent=283"}],"curies":[{"name":"wp","href":"https:\/\/api.w.org\/{rel}","templated":true}]}}