{"id":26,"date":"2014-09-18T12:24:32","date_gmt":"2014-09-18T12:24:32","guid":{"rendered":"http:\/\/agora.xtec.cat\/escolamartinet\/?page_id=26"},"modified":"2025-02-11T16:00:02","modified_gmt":"2025-02-11T15:00:02","slug":"historia","status":"publish","type":"page","link":"https:\/\/agora.xtec.cat\/escolamartinet\/lescola\/historia\/","title":{"rendered":"Hist\u00f2ria"},"content":{"rendered":"<p style=\"text-align: justify;\">L\u2019<strong>Escola Martinet<\/strong> \u00e9s una escola p\u00fablica que va comen\u00e7ar les activitats el curs 2008-2009. El seu nom va estar escollit per majoria de la Comunitat Educativa al llarg del primer any d\u2019hist\u00f2ria.<\/p>\n<p style=\"text-align: justify;\">\u00c9s un centre educatiu p\u00fablic depenent del Departament d\u2019Ensenyament de la Generalitat de Catalunya que oferta els nivells educatius de les etapes d\u2019Educaci\u00f3 Infantil i Prim\u00e0ria.<\/p>\n<p style=\"text-align: justify;\">Creiem important els vincles de connexi\u00f3 amb les escoles bressol de l\u2019\u00e0rea d\u2019influ\u00e8ncia del centre per tal de poder compartir experi\u00e8ncies i rebre una primera informaci\u00f3 de l\u2019alumnat que ens arriba.<\/p>\n<p style=\"text-align: justify;\">L\u2019escola est\u00e0 ubicada al carrer Martinet n\u00fam. 1 de la localitat de Cornell\u00e0 de Llobregat (al costat de la sortida 15 de la Ronda de Dalt, a la zona coneguda com Can Famadas, al barri d\u2019Almeda de la localitat).<\/p>\n<p style=\"text-align: justify;\">\u00c9s una escola de doble l\u00ednia des de EI3 a 6\u00e8 curs de prim\u00e0ria (dos grups per nivell).\u00a0<\/p>\n<p style=\"text-align: justify;\">L\u2019escola est\u00e0 adscrita als instituts d\u2019educaci\u00f3 secund\u00e0ria de la zona: <strong>Institut Joan Mir\u00f3<\/strong> i <strong>Institut Mart\u00ed i Pol<\/strong>.<\/p>\n","protected":false},"excerpt":{"rendered":"<p>L\u2019Escola Martinet \u00e9s una escola p\u00fablica que va comen\u00e7ar les activitats el curs 2008-2009. El seu nom va estar escollit per majoria de la Comunitat Educativa al llarg del primer any d\u2019hist\u00f2ria. \u00c9s un centre educatiu p\u00fablic depenent del Departament d\u2019Ensenyament de la Generalitat de Catalunya que oferta els nivells educatius de les etapes d\u2019Educaci\u00f3 [&hellip;]<\/p>\n","protected":false},"author":2,"featured_media":0,"parent":22,"menu_order":1,"comment_status":"closed","ping_status":"closed","template":"page-templates\/side-menu.php","meta":{"_bbp_topic_count":0,"_bbp_reply_count":0,"_bbp_total_topic_count":0,"_bbp_total_reply_count":0,"_bbp_voice_count":0,"_bbp_anonymous_reply_count":0,"_bbp_topic_count_hidden":0,"_bbp_reply_count_hidden":0,"_bbp_forum_subforum_count":0,"site-sidebar-layout":"default","site-content-layout":"","ast-site-content-layout":"","site-content-style":"default","site-sidebar-style":"default","ast-global-header-display":"","ast-banner-title-visibility":"","ast-main-header-display":"","ast-hfb-above-header-display":"","ast-hfb-below-header-display":"","ast-hfb-mobile-header-display":"","site-post-title":"","ast-breadcrumbs-content":"","ast-featured-img":"","footer-sml-layout":"","theme-transparent-header-meta":"","adv-header-id-meta":"","stick-header-meta":"","header-above-stick-meta":"","header-main-stick-meta":"","header-below-stick-meta":"","astra-migrate-meta-layouts":"default","ast-page-background-enabled":"default","ast-page-background-meta":{"desktop":{"background-color":"var(--ast-global-color-4)","background-image":"","background-repeat":"repeat","background-position":"center center","background-size":"auto","background-attachment":"scroll","background-type":"","background-media":"","overlay-type":"","overlay-color":"","overlay-opacity":"","overlay-gradient":""},"tablet":{"background-color":"","background-image":"","background-repeat":"repeat","background-position":"center center","background-size":"auto","background-attachment":"scroll","background-type":"","background-media":"","overlay-type":"","overlay-color":"","overlay-opacity":"","overlay-gradient":""},"mobile":{"background-color":"","background-image":"","background-repeat":"repeat","background-position":"center center","background-size":"auto","background-attachment":"scroll","background-type":"","background-media":"","overlay-type":"","overlay-color":"","overlay-opacity":"","overlay-gradient":""}},"ast-content-background-meta":{"desktop":{"background-color":"var(--ast-global-color-5)","background-image":"","background-repeat":"repeat","background-position":"center center","background-size":"auto","background-attachment":"scroll","background-type":"","background-media":"","overlay-type":"","overlay-color":"","overlay-opacity":"","overlay-gradient":""},"tablet":{"background-color":"var(--ast-global-color-5)","background-image":"","background-repeat":"repeat","background-position":"center center","background-size":"auto","background-attachment":"scroll","background-type":"","background-media":"","overlay-type":"","overlay-color":"","overlay-opacity":"","overlay-gradient":""},"mobile":{"background-color":"var(--ast-global-color-5)","background-image":"","background-repeat":"repeat","background-position":"center center","background-size":"auto","background-attachment":"scroll","background-type":"","background-media":"","overlay-type":"","overlay-color":"","overlay-opacity":"","overlay-gradient":""}},"footnotes":""},"class_list":["post-26","page","type-page","status-publish","hentry"],"post_mailing_queue_ids":[],"_links":{"self":[{"href":"https:\/\/agora.xtec.cat\/escolamartinet\/wp-json\/wp\/v2\/pages\/26","targetHints":{"allow":["GET"]}}],"collection":[{"href":"https:\/\/agora.xtec.cat\/escolamartinet\/wp-json\/wp\/v2\/pages"}],"about":[{"href":"https:\/\/agora.xtec.cat\/escolamartinet\/wp-json\/wp\/v2\/types\/page"}],"author":[{"embeddable":true,"href":"https:\/\/agora.xtec.cat\/escolamartinet\/wp-json\/wp\/v2\/users\/2"}],"replies":[{"embeddable":true,"href":"https:\/\/agora.xtec.cat\/escolamartinet\/wp-json\/wp\/v2\/comments?post=26"}],"version-history":[{"count":3,"href":"https:\/\/agora.xtec.cat\/escolamartinet\/wp-json\/wp\/v2\/pages\/26\/revisions"}],"predecessor-version":[{"id":10720,"href":"https:\/\/agora.xtec.cat\/escolamartinet\/wp-json\/wp\/v2\/pages\/26\/revisions\/10720"}],"up":[{"embeddable":true,"href":"https:\/\/agora.xtec.cat\/escolamartinet\/wp-json\/wp\/v2\/pages\/22"}],"wp:attachment":[{"href":"https:\/\/agora.xtec.cat\/escolamartinet\/wp-json\/wp\/v2\/media?parent=26"}],"curies":[{"name":"wp","href":"https:\/\/api.w.org\/{rel}","templated":true}]}}