{"id":219,"date":"2015-07-07T11:20:51","date_gmt":"2015-07-07T09:20:51","guid":{"rendered":"http:\/\/agora.xtec.cat\/escolamartinet\/?page_id=219"},"modified":"2026-01-27T16:04:21","modified_gmt":"2026-01-27T15:04:21","slug":"entrades-i-sortides","status":"publish","type":"page","link":"https:\/\/agora.xtec.cat\/escolamartinet\/organitzacio\/normativa\/entrades-i-sortides\/","title":{"rendered":"Horari, entrades i sortides"},"content":{"rendered":"<p style=\"text-align: center;\"><span style=\"text-decoration: underline; font-size: 20px;\"><b>HORARI<\/b><\/span><\/p>\n<p><span style=\"text-decoration: underline;\">HORARI ESCOLA:<\/span><\/p>\n<p>Mat\u00ed: de 9 a 12:30 h.<\/p>\n<p>Tarda: de 15 a 16:30 h.<\/p>\n<p style=\"text-align: justify;\"><span style=\"text-decoration: underline;\"><br \/>\nHORARI ACOLLIDA MATINAL:\u00a0<\/span><\/p>\n<p>Mat\u00ed: 7:30 a 9:00 h.<\/p>\n<p>Tarda: 16:30 a 18 h.<\/p>\n<p><span style=\"text-decoration: underline;\"><br \/>\nHORARI ACTIVITATS EXTRAESCOLARS:<\/span><\/p>\n<p>Dilluns a Divendres: 16:30 a 18 h.<\/p>\n<p><b><\/p>\n<p>Cal ser molt puntual tant a l&#8217;hora d&#8217;entrar a l&#8217;escola com a l&#8217;hora de recollir als infants.<\/b><\/p>\n<p style=\"text-align: justify;\">\u00a0<\/p>\n<p style=\"text-align: justify;\">\u00a0<\/p>\n<p>En el cas que no es pugui assistir a l&#8217;escola per malaltia o altres causes, caldr\u00e0 avisar per tel\u00e8fon al 93 377 67 54 o un correu electr\u00f2nic a administracio@escolamartinet.cat per tal de tenir-ho en compte.<\/p>\n<p>&nbsp;<\/p>\n","protected":false},"excerpt":{"rendered":"<p>HORARI HORARI ESCOLA: Mat\u00ed: de 9 a 12:30 h. Tarda: de 15 a 16:30 h. HORARI ACOLLIDA MATINAL:\u00a0 Mat\u00ed: 7:30 a 9:00 h. Tarda: 16:30 a 18 h. HORARI ACTIVITATS EXTRAESCOLARS: Dilluns a Divendres: 16:30 a 18 h. Cal ser molt puntual tant a l&#8217;hora d&#8217;entrar a l&#8217;escola com a l&#8217;hora de recollir als infants. [&hellip;]<\/p>\n","protected":false},"author":1,"featured_media":0,"parent":214,"menu_order":0,"comment_status":"closed","ping_status":"closed","template":"","meta":{"_bbp_topic_count":0,"_bbp_reply_count":0,"_bbp_total_topic_count":0,"_bbp_total_reply_count":0,"_bbp_voice_count":0,"_bbp_anonymous_reply_count":0,"_bbp_topic_count_hidden":0,"_bbp_reply_count_hidden":0,"_bbp_forum_subforum_count":0,"site-sidebar-layout":"default","site-content-layout":"","ast-site-content-layout":"default","site-content-style":"default","site-sidebar-style":"default","ast-global-header-display":"","ast-banner-title-visibility":"","ast-main-header-display":"","ast-hfb-above-header-display":"","ast-hfb-below-header-display":"","ast-hfb-mobile-header-display":"","site-post-title":"","ast-breadcrumbs-content":"","ast-featured-img":"","footer-sml-layout":"","theme-transparent-header-meta":"default","adv-header-id-meta":"","stick-header-meta":"","header-above-stick-meta":"","header-main-stick-meta":"","header-below-stick-meta":"","astra-migrate-meta-layouts":"set","ast-page-background-enabled":"default","ast-page-background-meta":{"desktop":{"background-color":"var(--ast-global-color-4)","background-image":"","background-repeat":"repeat","background-position":"center center","background-size":"auto","background-attachment":"scroll","background-type":"","background-media":"","overlay-type":"","overlay-color":"","overlay-opacity":"","overlay-gradient":""},"tablet":{"background-color":"","background-image":"","background-repeat":"repeat","background-position":"center center","background-size":"auto","background-attachment":"scroll","background-type":"","background-media":"","overlay-type":"","overlay-color":"","overlay-opacity":"","overlay-gradient":""},"mobile":{"background-color":"","background-image":"","background-repeat":"repeat","background-position":"center center","background-size":"auto","background-attachment":"scroll","background-type":"","background-media":"","overlay-type":"","overlay-color":"","overlay-opacity":"","overlay-gradient":""}},"ast-content-background-meta":{"desktop":{"background-color":"var(--ast-global-color-5)","background-image":"","background-repeat":"repeat","background-position":"center center","background-size":"auto","background-attachment":"scroll","background-type":"","background-media":"","overlay-type":"","overlay-color":"","overlay-opacity":"","overlay-gradient":""},"tablet":{"background-color":"var(--ast-global-color-5)","background-image":"","background-repeat":"repeat","background-position":"center center","background-size":"auto","background-attachment":"scroll","background-type":"","background-media":"","overlay-type":"","overlay-color":"","overlay-opacity":"","overlay-gradient":""},"mobile":{"background-color":"var(--ast-global-color-5)","background-image":"","background-repeat":"repeat","background-position":"center center","background-size":"auto","background-attachment":"scroll","background-type":"","background-media":"","overlay-type":"","overlay-color":"","overlay-opacity":"","overlay-gradient":""}},"footnotes":""},"class_list":["post-219","page","type-page","status-publish","hentry"],"post_mailing_queue_ids":[],"_links":{"self":[{"href":"https:\/\/agora.xtec.cat\/escolamartinet\/wp-json\/wp\/v2\/pages\/219","targetHints":{"allow":["GET"]}}],"collection":[{"href":"https:\/\/agora.xtec.cat\/escolamartinet\/wp-json\/wp\/v2\/pages"}],"about":[{"href":"https:\/\/agora.xtec.cat\/escolamartinet\/wp-json\/wp\/v2\/types\/page"}],"author":[{"embeddable":true,"href":"https:\/\/agora.xtec.cat\/escolamartinet\/wp-json\/wp\/v2\/users\/1"}],"replies":[{"embeddable":true,"href":"https:\/\/agora.xtec.cat\/escolamartinet\/wp-json\/wp\/v2\/comments?post=219"}],"version-history":[{"count":4,"href":"https:\/\/agora.xtec.cat\/escolamartinet\/wp-json\/wp\/v2\/pages\/219\/revisions"}],"predecessor-version":[{"id":12728,"href":"https:\/\/agora.xtec.cat\/escolamartinet\/wp-json\/wp\/v2\/pages\/219\/revisions\/12728"}],"up":[{"embeddable":true,"href":"https:\/\/agora.xtec.cat\/escolamartinet\/wp-json\/wp\/v2\/pages\/214"}],"wp:attachment":[{"href":"https:\/\/agora.xtec.cat\/escolamartinet\/wp-json\/wp\/v2\/media?parent=219"}],"curies":[{"name":"wp","href":"https:\/\/api.w.org\/{rel}","templated":true}]}}