{"id":208,"date":"2015-07-07T10:50:54","date_gmt":"2015-07-07T08:50:54","guid":{"rendered":"http:\/\/agora.xtec.cat\/escolamartinet\/?page_id=208"},"modified":"2026-02-02T16:23:15","modified_gmt":"2026-02-02T15:23:15","slug":"afi","status":"publish","type":"page","link":"https:\/\/agora.xtec.cat\/escolamartinet\/families\/afi\/","title":{"rendered":"L&#8217;AFI"},"content":{"rendered":"<div class=\"sites-layout-tile sites-tile-name-header\">\n<p dir=\"ltr\" style=\"text-align: justify;\">L&#8217;AFI (Associaci\u00f3 de fam\u00edlies d&#8217;Infants de l&#8217;Escola Martinet) \u00e9s una associaci\u00f3, sense \u00e0nim de lucre, des d\u2019on es recolza el projecte i la tasca educativa i de formaci\u00f3 de l\u2019escola, alhora que es participa en la gesti\u00f3 del centre i es vetlla per la qualitat educativa. M\u00e9s enll\u00e0 dels guanys educatius de la vostra participaci\u00f3 i implicaci\u00f3, ser soci o s\u00f2cia de l&#8217;AFI implica uns avantatges, com ara:<\/p>\n<p style=\"text-align: justify;\">\u2022 Estar directament\u00a0informat\/da de les decisions del Consell Escolar.<br \/>\n\u2022 Participar en les decisions i gesti\u00f3 de l\u2019AFI formant part de la Junta i\/o assistint a les reunions i aportant idees, propostes i accions concretes.<br \/>\n\u2022 Facilitar la integraci\u00f3 de les fam\u00edlies en la proposta educativa, social i cultural de l\u2019escola i de Cornell\u00e0.<br \/>\n\u2022 Obtenci\u00f3 d\u2019avantatges econ\u00f2mics i de gesti\u00f3 en les activitats fora de l&#8217;horari lectiu i totes aquelles organitzades per l&#8217;AFI.<\/p>\n<p style=\"text-align: justify;\">COMPOSICI\u00d3 DE L&#8217;AFI JUNTA DIRECTIVA\u00a0<br \/>\n\u00b7 Carla, Presidenta<br \/>\n\u00b7 N\u00faria, Vicepresidenta<br \/>\n\u00b7 Encarni, Secret\u00e0ria<br \/>\n\u00b7 Alba, Tresorera<\/p>\n<p style=\"text-align: justify;\"><span style=\"color: #000000;\"><span style=\"font-family: Verdana; font-size: medium;\"><i>Principis de l&#8217;Associaci\u00f3: Els<\/i><\/span><\/span><span style=\"color: #000000;\"><span style=\"font-family: Verdana; font-size: medium;\">\u00a0conceptes que ens defineixen millor s\u00f3n: <i>comprom\u00eds<\/i>, <i>transpar\u00e8ncia<\/i> i <i>participaci\u00f3<\/i>. <\/span><\/span><span style=\"color: #000000;\"><span style=\"font-family: Verdana; font-size: medium;\"><i>Comprom\u00eds<\/i> perqu\u00e8 creiem en el Projecte d&#8217;aquesta escola i en els seus nens i nenes, i ajudem en tot el possible perqu\u00e8 sigui una realitat. Transpar\u00e8ncia<\/span><\/span><span style=\"color: #000000;\"><span style=\"font-family: Verdana; font-size: medium;\"> \u00e9s una altra m\u00e0xima a causa del fet que tots els pares i totes les mares han de saber les directrius i activitats que fem i farem.<\/span><\/span><\/p>\n<p style=\"text-align: justify;\"><span style=\"color: #000000;\"><span style=\"font-family: Verdana; font-size: medium;\">I, finalment, <i>participaci\u00f3<\/i> per qu\u00e8 L&#8217;AFI \u00e9s de totes les persones associades i no d&#8217;uns quants.<\/span><\/span><\/p>\n<\/div>\n<div class=\"sites-layout-tile sites-tile-name-footer\">\n<p dir=\"ltr\" style=\"text-align: justify;\"><strong><span style=\"font-size: medium;\"><span style=\"color: #000000; font-family: Arial;\"><a href=\"mailto:afi@escolamartinet.cat\">afi@escolamartinet.cat<\/a><\/span><\/span><\/strong><\/p>\n<div style=\"text-align: justify;\">\u00a0<\/div>\n<div>\n<p style=\"text-align: justify;\">SECCIONS \/ COMISSIONS ACTIVES:<\/p>\n<p style=\"text-align: justify;\">Totes les comissions tenen un\/a Vocal que les representa davant la Junta per a fer les propostes a aprovar, trasp\u00e0s d\u2019informacions, consultes. La responsabilitat funcional pel que fa a la presa de decisions en el dia a dia correspon a la Junta directiva. Us detallem a continuaci\u00f3 les diferents Comissions i les principals tasques que desenvolupen a l\u2019Escola. Algunes en aquests moments estan inactives o b\u00e9 necessiten volunt\u00e0ries i voluntaris d\u2019una manera m\u00e9s immediata com pot ser la comissi\u00f3 de Comunicaci\u00f3.<\/p>\n<p style=\"text-align: justify;\"><strong>LAKOLLA MARTINET (Tabalers)<br \/>\n<\/strong><a href=\"https:\/\/www.instagram.com\/lakolla_martinet\/\" target=\"_blank\" rel=\"noopener\">https:\/\/www.instagram.com\/lakolla_martinet\/<\/a><\/p>\n<p style=\"text-align: justify;\"><strong>EXTRAESCOLARS:<br \/>\n<\/strong>Coordinar activitats que es fan en horari extraescolar amb\u00a0l&#8217;equip del lleure de l\u2019escola: acollides, perman\u00e8ncies, seguiment\/proposta de\u00a0noves extraescolars&#8230;, possibilitat d\u2019organitzar activitats en fam\u00edlia, coordinaci\u00f3\u00a0amb escoles esportives, organitzaci\u00f3 i coordinaci\u00f3\u00a0de l&#8217;extraescolar de piscina\u00a0amb el Complex de Can Mercader&#8230;<\/p>\n<p style=\"text-align: justify;\"><strong><a href=\"mailto:extraescolars.afi@escolamartinet.cat\" target=\"_blank\" rel=\"noopener\">extraescolars.afi@escolamartinet.cat<\/a><\/strong><\/p>\n<p style=\"text-align: justify;\"><strong>FESTES POPULARS<\/strong>:<br \/>\nOrganitzar festes per a les fam\u00edlies lligades a les festes\u00a0populars i tradicionals que organitza l\u2019escola i col\u00b7laborar amb l\u2019escola en les\u00a0festes que facin en horari lectiu.<\/p>\n<p style=\"text-align: justify;\"><strong>MARXANDATGE I PROMOCI\u00d3<\/strong>:<br \/>\nFer recerca i gesti\u00f3 de prove\u00efdors per fer\u00a0samarretes i altres elements identificatius. Establir contacte amb promotors que\u00a0ens puguin oferir mostres de productes, donacions per fer els lots per la rifa fi de\u00a0curs. En aquests moments inactiva.<\/p>\n<p style=\"text-align: justify;\"><strong>SOSTENIBILITAT<\/strong>:<br \/>\nProposar accions de millora en relaci\u00f3 al medi ambient i la sostenibilitat. Realitzar el mercat anual d\u2019intercanvi.\u00a0En aquests moments\u00a0inactiva.<\/p>\n<p style=\"text-align: justify;\"><strong>COMUNICACI\u00d3<\/strong>:<br \/>\nGesti\u00f3 de la web de l&#8217;AFI, creaci\u00f3 de continguts i coordinaci\u00f3 dels delegats. NECESSITEM PERSONES VOLUNT\u00c0RIES per poder posar al dia les fam\u00edlies.<\/p>\n<p style=\"text-align: justify;\"><strong>SOCIALITZACI\u00d3 I ENTORN<\/strong>:<br \/>\nCoordinar l&#8217;Escola de mares i pares. Relacions amb les diferents entitats: Coordinadora d&#8217;entitats del Barri Almeda, Ajuntament i xarxa escolar. Coordinar la realitzaci\u00f3\/petici\u00f3 del projecte anual de l&#8217;AFI. En aquests moments inactiva.<\/p>\n<p style=\"text-align: justify;\"><strong>PATIS<\/strong>:<br \/>\nElaboren projectes per a millorar els patis de l\u2019Escola amb la col\u00b7laboraci\u00f3 de tota la comunitat mitjan\u00e7ant la instal\u00b7laci\u00f3 d\u2019elements l\u00fadics i de seguretat.<\/p>\n<p style=\"text-align: justify;\"><strong>COEDUCACI\u00d3<\/strong>:<br \/>\nCreada per la iniciativa de les fam\u00edlies i aprovada tot just fa uns dies. Objectiu: L\u2019educaci\u00f3 de nenes i nens potenciant les seves capacitats individuals i socials sense tenir en compte els rols masculins i femenins que continuen vigents en la societat sexista.<\/p>\n<\/div>\n<\/div>\n","protected":false},"excerpt":{"rendered":"<p>L&#8217;AFI (Associaci\u00f3 de fam\u00edlies d&#8217;Infants de l&#8217;Escola Martinet) \u00e9s una associaci\u00f3, sense \u00e0nim de lucre, des d\u2019on es recolza el projecte i la tasca educativa i de formaci\u00f3 de l\u2019escola, alhora que es participa en la gesti\u00f3 del centre i es vetlla per la qualitat educativa. M\u00e9s enll\u00e0 dels guanys educatius de la vostra participaci\u00f3 [&hellip;]<\/p>\n","protected":false},"author":1,"featured_media":0,"parent":281,"menu_order":4,"comment_status":"closed","ping_status":"closed","template":"","meta":{"_bbp_topic_count":0,"_bbp_reply_count":0,"_bbp_total_topic_count":0,"_bbp_total_reply_count":0,"_bbp_voice_count":0,"_bbp_anonymous_reply_count":0,"_bbp_topic_count_hidden":0,"_bbp_reply_count_hidden":0,"_bbp_forum_subforum_count":0,"site-sidebar-layout":"default","site-content-layout":"","ast-site-content-layout":"default","site-content-style":"default","site-sidebar-style":"default","ast-global-header-display":"","ast-banner-title-visibility":"","ast-main-header-display":"","ast-hfb-above-header-display":"","ast-hfb-below-header-display":"","ast-hfb-mobile-header-display":"","site-post-title":"","ast-breadcrumbs-content":"","ast-featured-img":"","footer-sml-layout":"","theme-transparent-header-meta":"default","adv-header-id-meta":"","stick-header-meta":"","header-above-stick-meta":"","header-main-stick-meta":"","header-below-stick-meta":"","astra-migrate-meta-layouts":"set","ast-page-background-enabled":"default","ast-page-background-meta":{"desktop":{"background-color":"var(--ast-global-color-4)","background-image":"","background-repeat":"repeat","background-position":"center center","background-size":"auto","background-attachment":"scroll","background-type":"","background-media":"","overlay-type":"","overlay-color":"","overlay-opacity":"","overlay-gradient":""},"tablet":{"background-color":"","background-image":"","background-repeat":"repeat","background-position":"center center","background-size":"auto","background-attachment":"scroll","background-type":"","background-media":"","overlay-type":"","overlay-color":"","overlay-opacity":"","overlay-gradient":""},"mobile":{"background-color":"","background-image":"","background-repeat":"repeat","background-position":"center center","background-size":"auto","background-attachment":"scroll","background-type":"","background-media":"","overlay-type":"","overlay-color":"","overlay-opacity":"","overlay-gradient":""}},"ast-content-background-meta":{"desktop":{"background-color":"var(--ast-global-color-5)","background-image":"","background-repeat":"repeat","background-position":"center center","background-size":"auto","background-attachment":"scroll","background-type":"","background-media":"","overlay-type":"","overlay-color":"","overlay-opacity":"","overlay-gradient":""},"tablet":{"background-color":"var(--ast-global-color-5)","background-image":"","background-repeat":"repeat","background-position":"center center","background-size":"auto","background-attachment":"scroll","background-type":"","background-media":"","overlay-type":"","overlay-color":"","overlay-opacity":"","overlay-gradient":""},"mobile":{"background-color":"var(--ast-global-color-5)","background-image":"","background-repeat":"repeat","background-position":"center center","background-size":"auto","background-attachment":"scroll","background-type":"","background-media":"","overlay-type":"","overlay-color":"","overlay-opacity":"","overlay-gradient":""}},"footnotes":""},"class_list":["post-208","page","type-page","status-publish","hentry"],"post_mailing_queue_ids":[],"_links":{"self":[{"href":"https:\/\/agora.xtec.cat\/escolamartinet\/wp-json\/wp\/v2\/pages\/208","targetHints":{"allow":["GET"]}}],"collection":[{"href":"https:\/\/agora.xtec.cat\/escolamartinet\/wp-json\/wp\/v2\/pages"}],"about":[{"href":"https:\/\/agora.xtec.cat\/escolamartinet\/wp-json\/wp\/v2\/types\/page"}],"author":[{"embeddable":true,"href":"https:\/\/agora.xtec.cat\/escolamartinet\/wp-json\/wp\/v2\/users\/1"}],"replies":[{"embeddable":true,"href":"https:\/\/agora.xtec.cat\/escolamartinet\/wp-json\/wp\/v2\/comments?post=208"}],"version-history":[{"count":6,"href":"https:\/\/agora.xtec.cat\/escolamartinet\/wp-json\/wp\/v2\/pages\/208\/revisions"}],"predecessor-version":[{"id":12768,"href":"https:\/\/agora.xtec.cat\/escolamartinet\/wp-json\/wp\/v2\/pages\/208\/revisions\/12768"}],"up":[{"embeddable":true,"href":"https:\/\/agora.xtec.cat\/escolamartinet\/wp-json\/wp\/v2\/pages\/281"}],"wp:attachment":[{"href":"https:\/\/agora.xtec.cat\/escolamartinet\/wp-json\/wp\/v2\/media?parent=208"}],"curies":[{"name":"wp","href":"https:\/\/api.w.org\/{rel}","templated":true}]}}