{"id":14603,"date":"2025-12-15T10:00:26","date_gmt":"2025-12-15T09:00:26","guid":{"rendered":"https:\/\/agora.xtec.cat\/escolamartamatabdv\/?page_id=14603"},"modified":"2025-12-15T10:00:26","modified_gmt":"2025-12-15T09:00:26","slug":"la-nostra-historia","status":"publish","type":"page","link":"https:\/\/agora.xtec.cat\/escolamartamatabdv\/la-nostra-historia\/","title":{"rendered":"La nostra Hist\u00f2ria"},"content":{"rendered":"<h1 class=\"western\"><span style=\"color: #ff7b59;\"><span style=\"font-family: Amiri;\"><span style=\"font-size: x-large;\">Hist\u00f2ria<\/span><\/span><\/span><\/h1>\n<p align=\"justify\"><span style=\"font-family: Helvetica, sans-serif;\"><span style=\"font-size: medium;\"><span style=\"color: #222222;\"><span style=\"color: #000000;\"><span style=\"font-family: Amiri;\"><span style=\"font-size: large;\">L\u2019Escola Marta Mata va n\u00e9ixer gr\u00e0cies a la necessitat que hi <\/span><\/span><\/span><span style=\"color: #000000;\"><span style=\"font-family: Amiri;\"><span style=\"font-size: large;\">havia a la poblaci\u00f3 de Barber\u00e0 del Vall\u00e8s <\/span><\/span><\/span><span style=\"color: #000000;\"><span style=\"font-family: Amiri;\"><span style=\"font-size: large;\">de noves places per als seus vilatans. Aix\u00ed el curs 200<\/span><\/span><\/span><span style=\"color: #000000;\"><span style=\"font-family: Amiri;\"><span style=\"font-size: large;\">9<\/span><\/span><\/span><span style=\"color: #000000;\"><span style=\"font-family: Amiri;\"><span style=\"font-size: large;\">&#8211;<\/span><\/span><\/span><span style=\"color: #000000;\"><span style=\"font-family: Amiri;\"><span style=\"font-size: large;\">10<\/span><\/span><\/span><span style=\"color: #000000;\"><span style=\"font-family: Amiri;\"><span style=\"font-size: large;\"> l\u2019escola engegava motors amb dos grups d\u2019<\/span><\/span><\/span><span style=\"color: #000000;\"><span style=\"font-family: Amiri;\"><span style=\"font-size: large;\">I<\/span><\/span><\/span><span style=\"color: #000000;\"><span style=\"font-family: Amiri;\"><span style=\"font-size: large;\">3 que van conviure en els espais de l\u2019Escola <\/span><\/span><\/span><span style=\"color: #000000;\"><span style=\"font-family: Amiri;\"><span style=\"font-size: large;\">Elisa Badia. <\/span><\/span><\/span><span style=\"color: #000000;\"><span style=\"font-family: Amiri;\"><span style=\"font-size: large;\">El <\/span><\/span><\/span><span style=\"color: #000000;\"><span style=\"font-family: Amiri;\"><span style=\"font-size: large;\">curs 2014\/2015, <\/span><\/span><\/span><span style=\"color: #000000;\"><span style=\"font-family: Amiri;\"><span style=\"font-size: large;\">i<\/span><\/span><\/span><span style=\"color: #000000;\"><span style=\"font-family: Amiri;\"><span style=\"font-size: large;\"> despr\u00e9s <\/span><\/span><\/span><span style=\"color: #000000;\"><span style=\"font-family: Amiri;\"><span style=\"font-size: large;\">de molts anys de reivindicacions <\/span><\/span><\/span><span style=\"color: #000000;\"><span style=\"font-family: Amiri;\"><span style=\"font-size: large;\">de les fam\u00edlies, va obrir les portes el nou edifici <\/span><\/span><\/span><span style=\"color: #000000;\"><span style=\"font-family: Amiri;\"><span style=\"font-size: large;\">ubicat al barri Estaci\u00f3-Can Esteper<\/span><\/span><\/span><span style=\"color: #000000;\"><span style=\"font-family: Amiri;\"><span style=\"font-size: large;\">. <\/span><\/span><\/span><span style=\"color: #000000;\"><span style=\"font-family: Amiri;\"><span style=\"font-size: large;\">El 8<\/span><\/span><\/span> <span style=\"color: #000000;\"><span style=\"font-family: Amiri;\"><span style=\"font-size: large;\">de <\/span><\/span><\/span><span style=\"color: #000000;\"><span style=\"font-family: Amiri;\"><span style=\"font-size: large;\">juny de 2015 <\/span><\/span><\/span><span style=\"color: #000000;\"><span style=\"font-family: Amiri;\"><span style=\"font-size: large;\">va ser inaugurada per la consellera d\u2019Educaci\u00f3 Irene Rigau <\/span><\/span><\/span><span style=\"color: #000000;\"><span style=\"font-family: Amiri;\"><span style=\"font-size: large;\">i Oliver.<\/span><\/span><\/span><\/span><\/span><\/span><\/p>\n<p align=\"justify\">\n<p align=\"justify\"><span style=\"color: #222222;\"><strong><span style=\"color: #ff7b59;\"><span style=\"font-family: Amiri;\"><span style=\"font-size: large;\"><span lang=\"ca-ES\"><img loading=\"lazy\" decoding=\"async\" class=\"size-thumbnail wp-image-14604 alignleft\" src=\"https:\/\/agora.xtec.cat\/escolamartamatabdv\/wp-content\/uploads\/usu2203\/2025\/12\/Marta_Mata-150x150.jpg\" alt=\"\" width=\"150\" height=\"150\" \/>Qui era <\/span><\/span><\/span><\/span><\/strong><strong><span style=\"color: #ff7b59;\"><span style=\"font-family: Amiri;\"><span style=\"font-size: large;\"><span lang=\"ca-ES\">la <\/span><\/span><\/span><\/span><\/strong><strong><span style=\"color: #ff7b59;\"><span style=\"font-family: Amiri;\"><span style=\"font-size: large;\"><span lang=\"ca-ES\">Marta Mata <\/span><\/span><\/span><\/span><\/strong><strong><span style=\"color: #ff7b59;\"><span style=\"font-family: Amiri;\"><span style=\"font-size: large;\"><span lang=\"ca-ES\">i Garriga<\/span><\/span><\/span><\/span><\/strong><strong><span style=\"color: #ff7b59;\"><span style=\"font-family: Amiri;\"><span style=\"font-size: large;\"><span lang=\"ca-ES\">? <\/span><\/span><\/span><\/span><\/strong><\/span><span style=\"color: #000000;\"><span style=\"font-family: Amiri;\"><span style=\"font-size: large;\">La <\/span><\/span><\/span><span style=\"color: #000000;\"><span style=\"font-family: Amiri;\"><span style=\"font-size: large;\">Marta Mata i Garriga <\/span><\/span><\/span><span style=\"color: #000000;\"><span style=\"font-family: Amiri;\"><span style=\"font-size: large;\">va ser una <\/span><\/span><\/span><span style=\"color: #000000;\"><span style=\"font-family: Amiri;\"><span style=\"font-size: large;\"><strong>pedagoga, escriptora i pol\u00edtica catalana<\/strong> de gran rellev\u00e0ncia en el desenvolupament del sistema educatiu modern a Catalunya i Espanya<\/span><\/span><\/span><span style=\"color: #000000;\"><span style=\"font-family: Amiri;\"><span style=\"font-size: large;\">. Va n\u00e9ixer a Barcelona en una fam\u00edlia compromesa amb l\u2019educaci\u00f3 i la renovaci\u00f3 pedag\u00f2gica. La seva mare, \u00c0ngels Garriga, ja havia destacat en aquest \u00e0mbit, fet que va influenciar profundament la seva vocaci\u00f3 i traject\u00f2ria.<\/span><\/span><\/span><\/p>\n<p align=\"justify\"><span style=\"color: #000000;\"><span style=\"font-family: Amiri;\"><span style=\"font-size: large;\"><span lang=\"ca-ES\">E<\/span><\/span><\/span><\/span><span style=\"color: #000000;\"><span style=\"font-family: Amiri;\"><span style=\"font-size: large;\"><span lang=\"ca-ES\">s va implicar activament en moviments de <\/span><\/span><\/span><\/span><span style=\"color: #000000;\"><span style=\"font-family: Amiri;\"><span style=\"font-size: large;\"><span lang=\"ca-ES\"><strong>renovaci\u00f3 pedag\u00f2gica<\/strong><\/span><\/span><\/span><\/span><span style=\"color: #000000;\"><span style=\"font-family: Amiri;\"><span style=\"font-size: large;\"><span lang=\"ca-ES\">, promovent un model educatiu m\u00e9s <\/span><\/span><\/span><\/span><span style=\"color: #000000;\"><span style=\"font-family: Amiri;\"><span style=\"font-size: large;\"><span lang=\"ca-ES\"><b>obert<\/b><\/span><\/span><\/span><\/span><span style=\"color: #000000;\"><span style=\"font-family: Amiri;\"><span style=\"font-size: large;\"><span lang=\"ca-ES\">, <\/span><\/span><\/span><\/span><span style=\"color: #000000;\"><span style=\"font-family: Amiri;\"><span style=\"font-size: large;\"><span lang=\"ca-ES\"><b>democr\u00e0tic<\/b><\/span><\/span><\/span><\/span><span style=\"color: #000000;\"><span style=\"font-family: Amiri;\"><span style=\"font-size: large;\"><span lang=\"ca-ES\"> i arrelat a la realitat sociocultural <\/span><\/span><\/span><\/span><span style=\"color: #000000;\"><span style=\"font-family: Amiri;\"><span style=\"font-size: large;\"><span lang=\"ca-ES\"><b>catalana<\/b><\/span><\/span><\/span><\/span><span style=\"color: #000000;\"><span style=\"font-family: Amiri;\"><span style=\"font-size: large;\"><span lang=\"ca-ES\">. Va optar per la pol\u00edtica com a instrument per canviar el m\u00f3n, com a diputada del Congr\u00e9s, senadora o regidora de l\u2019Ajuntament de Barcelona.<\/span><\/span><\/span><\/span><\/p>\n<p align=\"justify\"><span style=\"color: #000000;\"><span style=\"font-family: Amiri;\"><span style=\"font-size: large;\"><span lang=\"ca-ES\">Llicenciada en filosofia i lletres, va ser cofundadora de <span style=\"color: #0000ff;\">l\u2019<\/span><\/span><\/span><\/span><\/span><a href=\"https:\/\/www.rosasensat.org\/\"><span style=\"color: #000000;\"><span style=\"font-family: Amiri;\"><span style=\"font-size: large;\"><span style=\"color: #0000ff;\">Associaci\u00f3 de Mestres Rosa Sensat<\/span><\/span><\/span><\/span><\/a><span style=\"color: #000000;\"><span style=\"font-family: Amiri;\"><span style=\"font-size: large;\"><span lang=\"ca-ES\">, <\/span><\/span><\/span><\/span><span style=\"color: #000000;\"><span style=\"font-family: Amiri;\"><span style=\"font-size: large;\"><span lang=\"ca-ES\">fundada el<\/span><\/span><\/span><\/span> <span style=\"color: #000000;\"><span style=\"font-family: Amiri;\"><span style=\"font-size: large;\"><span lang=\"ca-ES\">1965, una entitat que va esdevenir clau en la formaci\u00f3 de mestres i la defensa d\u2019un ensenyament p\u00fablic i de qualitat <\/span><\/span><\/span><\/span><span style=\"color: #000000;\"><span style=\"font-family: Amiri;\"><span style=\"font-size: large;\"><span lang=\"ca-ES\">i que <\/span><\/span><\/span><\/span><span style=\"color: #000000;\"><span style=\"font-family: Amiri;\"><span style=\"font-size: large;\"><span lang=\"ca-ES\">va propiciar la renovaci\u00f3 pedag\u00f2gica amb el restabliment de la democr\u00e0cia a Espanya.<\/span><\/span><\/span><\/span><\/p>\n<p align=\"justify\"><span style=\"color: #000000;\"><span style=\"font-family: Amiri;\"><span style=\"font-size: large;\">Des del 2004 fins a la seva mort el 2006, va presidir el Consell Escolar de l\u2019Estat, on va continuar lluitant per un model d\u2019ensenyament basat en la <b>igualtat<\/b> d\u2019oportunitats, el <b>la\u00efcisme<\/b> i la <b>inclusi\u00f3<\/b>.<\/span><\/span><\/span><\/p>\n<p align=\"justify\"><span style=\"font-family: Amiri; color: #000000;\"><span style=\"font-size: large;\">La <a style=\"color: #000000;\" href=\"https:\/\/www.fundaciomartamata.org\/\"><span style=\"color: #0000ff;\">Fundaci\u00f3 Marta Mata<\/span><\/a>, creada despr\u00e9s de la seva mort, treballa per preservar el seu llegat i continuar la seva tasca en l\u2019\u00e0mbit educatiu. La Marta Mata \u00e9s recordada com una de les grans pedagogues i defensores de l\u2019ensenyament p\u00fablic del segle XX.<\/span><\/span><\/p>\n<p align=\"left\"><strong><span style=\"color: #444444;\"><span style=\"font-family: Amiri;\"><span style=\"font-size: large;\">Marta Mata i Garriga<br \/>\n(Barcelona, 1926 \u2013 2006)<\/span><\/span><\/span><\/strong><\/p>\n","protected":false},"excerpt":{"rendered":"<p>Hist\u00f2ria<br \/>\nL\u2019Escola Marta Mata va n\u00e9ixer gr\u00e0cies a la necessitat que hi havia a la poblaci\u00f3 de Barber\u00e0 del Vall\u00e8s de noves places per als seus vilatans. Aix\u00ed el curs 2009&#8211;10 l\u2019escola engegava motors amb dos grups d\u2019I3 que van conviure en els espais de l\u2019Escola&hellip;  <a href=\"https:\/\/agora.xtec.cat\/escolamartamatabdv\/la-nostra-historia\/\" title=\"Read La nostra Hist\u00f2ria\">Llegeix m\u00e9s\u00bb<\/a><\/p>\n","protected":false},"author":10,"featured_media":0,"parent":0,"menu_order":0,"comment_status":"closed","ping_status":"closed","template":"","meta":{"_bbp_topic_count":0,"_bbp_reply_count":0,"_bbp_total_topic_count":0,"_bbp_total_reply_count":0,"_bbp_voice_count":0,"_bbp_anonymous_reply_count":0,"_bbp_topic_count_hidden":0,"_bbp_reply_count_hidden":0,"_bbp_forum_subforum_count":0,"footnotes":""},"class_list":["post-14603","page","type-page","status-publish","hentry"],"post_mailing_queue_ids":[],"_links":{"self":[{"href":"https:\/\/agora.xtec.cat\/escolamartamatabdv\/wp-json\/wp\/v2\/pages\/14603","targetHints":{"allow":["GET"]}}],"collection":[{"href":"https:\/\/agora.xtec.cat\/escolamartamatabdv\/wp-json\/wp\/v2\/pages"}],"about":[{"href":"https:\/\/agora.xtec.cat\/escolamartamatabdv\/wp-json\/wp\/v2\/types\/page"}],"author":[{"embeddable":true,"href":"https:\/\/agora.xtec.cat\/escolamartamatabdv\/wp-json\/wp\/v2\/users\/10"}],"replies":[{"embeddable":true,"href":"https:\/\/agora.xtec.cat\/escolamartamatabdv\/wp-json\/wp\/v2\/comments?post=14603"}],"version-history":[{"count":1,"href":"https:\/\/agora.xtec.cat\/escolamartamatabdv\/wp-json\/wp\/v2\/pages\/14603\/revisions"}],"predecessor-version":[{"id":14605,"href":"https:\/\/agora.xtec.cat\/escolamartamatabdv\/wp-json\/wp\/v2\/pages\/14603\/revisions\/14605"}],"wp:attachment":[{"href":"https:\/\/agora.xtec.cat\/escolamartamatabdv\/wp-json\/wp\/v2\/media?parent=14603"}],"curies":[{"name":"wp","href":"https:\/\/api.w.org\/{rel}","templated":true}]}}