{"id":11107,"date":"2013-09-19T10:44:30","date_gmt":"2013-09-19T10:44:30","guid":{"rendered":"https:\/\/www.escolamartamata.cat\/?page_id=330"},"modified":"2025-11-28T15:42:21","modified_gmt":"2025-11-28T14:42:21","slug":"qui-som","status":"publish","type":"page","link":"https:\/\/agora.xtec.cat\/escolamartamatabdv\/afa\/qui-som\/","title":{"rendered":"Qui som?"},"content":{"rendered":"<p>Som fam\u00edlies d&#8217;infants de l&#8217;escola Marta Mata que ens associem per participar en l\u2019educaci\u00f3 dels nostres infants.<br \/>\nPer aix\u00f2, pensem que \u00e9s imprescindible establir un di\u00e0leg obert i continu amb l\u2019escola, i ser part\u00edcips d\u2019aquesta nova etapa.<br \/>\nEl nostre afany \u00e9s promoure els mecanismes, activitats i serveis que puguin fer cr\u00e9ixer com a persones als nostres infants.<\/p>\n<p>&nbsp;<\/p>\n","protected":false},"excerpt":{"rendered":"<p>Som fam\u00edlies d&#8217;infants de l&#8217;escola Marta Mata que ens associem per participar en l\u2019educaci\u00f3 dels nostres infants.<br \/>\nPer aix\u00f2, pensem que \u00e9s imprescindible establir un di\u00e0leg obert i continu amb l\u2019escola, i ser part\u00edcips d\u2019aquesta nova etapa.<br \/>\nEl nostre afany \u00e9s promoure els mecanismes, activitats i serveis&hellip;  <a href=\"https:\/\/agora.xtec.cat\/escolamartamatabdv\/afa\/qui-som\/\" title=\"Read Qui som?\">Llegeix m\u00e9s\u00bb<\/a><\/p>\n","protected":false},"author":8,"featured_media":0,"parent":11102,"menu_order":0,"comment_status":"closed","ping_status":"closed","template":"page-templates\/side-menu.php","meta":{"_bbp_topic_count":0,"_bbp_reply_count":0,"_bbp_total_topic_count":0,"_bbp_total_reply_count":0,"_bbp_voice_count":0,"_bbp_anonymous_reply_count":0,"_bbp_topic_count_hidden":0,"_bbp_reply_count_hidden":0,"_bbp_forum_subforum_count":0,"footnotes":""},"class_list":["post-11107","page","type-page","status-publish","hentry"],"post_mailing_queue_ids":[],"_links":{"self":[{"href":"https:\/\/agora.xtec.cat\/escolamartamatabdv\/wp-json\/wp\/v2\/pages\/11107","targetHints":{"allow":["GET"]}}],"collection":[{"href":"https:\/\/agora.xtec.cat\/escolamartamatabdv\/wp-json\/wp\/v2\/pages"}],"about":[{"href":"https:\/\/agora.xtec.cat\/escolamartamatabdv\/wp-json\/wp\/v2\/types\/page"}],"author":[{"embeddable":true,"href":"https:\/\/agora.xtec.cat\/escolamartamatabdv\/wp-json\/wp\/v2\/users\/8"}],"replies":[{"embeddable":true,"href":"https:\/\/agora.xtec.cat\/escolamartamatabdv\/wp-json\/wp\/v2\/comments?post=11107"}],"version-history":[{"count":4,"href":"https:\/\/agora.xtec.cat\/escolamartamatabdv\/wp-json\/wp\/v2\/pages\/11107\/revisions"}],"predecessor-version":[{"id":14472,"href":"https:\/\/agora.xtec.cat\/escolamartamatabdv\/wp-json\/wp\/v2\/pages\/11107\/revisions\/14472"}],"up":[{"embeddable":true,"href":"https:\/\/agora.xtec.cat\/escolamartamatabdv\/wp-json\/wp\/v2\/pages\/11102"}],"wp:attachment":[{"href":"https:\/\/agora.xtec.cat\/escolamartamatabdv\/wp-json\/wp\/v2\/media?parent=11107"}],"curies":[{"name":"wp","href":"https:\/\/api.w.org\/{rel}","templated":true}]}}