{"id":10264,"date":"2020-04-01T07:19:52","date_gmt":"2020-04-01T07:19:52","guid":{"rendered":"https:\/\/www.escolamartamata.cat\/?page_id=10264"},"modified":"2025-12-01T14:02:56","modified_gmt":"2025-12-01T13:02:56","slug":"caixes-daprenentatge-gep","status":"publish","type":"page","link":"https:\/\/agora.xtec.cat\/escolamartamatabdv\/generacio-plurilingue-gep\/caixes-daprenentatge-gep\/","title":{"rendered":"Learning Boxes"},"content":{"rendered":"\r\n<p>Les \u201cLearning boxes\u201d s\u00f3n unes &#8220;capses&#8221; en les quals dins hi ha un repte educatiu a assolir. Aquest repte s\u2019assoleix en petit grup i mitjan\u00e7ant el treball cooperatiu. A cada capsa hi ha un material concret i uns objectius a assolir per tal que, a partir de l\u2019experimentaci\u00f3, el descobriment i la investigaci\u00f3, la hip\u00f2tesi i comprovaci\u00f3, la l\u00f2gica i el raonament, els infants esdevinguin protagonistes del seu propi proc\u00e9s d\u2019aprenentatge. Els infants escullen la capsa que volen portar a terme en el moment que acaben l\u2019anterior (barrejant-se amb els companys i companyes de la Comunitat), de manera que no hi ha una temporalitat espec\u00edfica per a la realitzaci\u00f3 d\u2019aquestes; sin\u00f3 que aquest fet s\u2019adapta al ritme dels infants.<\/p>\r\n\r\n\r\n\r\n<p>La Comunitat de Grans fa dues sessions setmanals d\u2019una hora i mitja cadascuna. Des del curs 17-18 es van introduint capses en les quals s&#8217;utilitza l\u2019angl\u00e8s com a llengua vehicular.<\/p>\r\n\r\n\r\n","protected":false},"excerpt":{"rendered":"<p>Les \u201cLearning boxes\u201d s\u00f3n unes &#8220;capses&#8221; en les quals dins hi ha un repte educatiu a assolir. Aquest repte s\u2019assoleix en petit grup i mitjan\u00e7ant el treball cooperatiu. A cada capsa hi ha un material concret i uns objectius a assolir per tal que, a&hellip;  <a href=\"https:\/\/agora.xtec.cat\/escolamartamatabdv\/generacio-plurilingue-gep\/caixes-daprenentatge-gep\/\" title=\"Read Learning Boxes\">Llegeix m\u00e9s\u00bb<\/a><\/p>\n","protected":false},"author":8,"featured_media":0,"parent":9878,"menu_order":2,"comment_status":"closed","ping_status":"closed","template":"page-templates\/side-menu.php","meta":{"_bbp_topic_count":0,"_bbp_reply_count":0,"_bbp_total_topic_count":0,"_bbp_total_reply_count":0,"_bbp_voice_count":0,"_bbp_anonymous_reply_count":0,"_bbp_topic_count_hidden":0,"_bbp_reply_count_hidden":0,"_bbp_forum_subforum_count":0,"footnotes":""},"class_list":["post-10264","page","type-page","status-publish","hentry"],"post_mailing_queue_ids":[],"_links":{"self":[{"href":"https:\/\/agora.xtec.cat\/escolamartamatabdv\/wp-json\/wp\/v2\/pages\/10264","targetHints":{"allow":["GET"]}}],"collection":[{"href":"https:\/\/agora.xtec.cat\/escolamartamatabdv\/wp-json\/wp\/v2\/pages"}],"about":[{"href":"https:\/\/agora.xtec.cat\/escolamartamatabdv\/wp-json\/wp\/v2\/types\/page"}],"author":[{"embeddable":true,"href":"https:\/\/agora.xtec.cat\/escolamartamatabdv\/wp-json\/wp\/v2\/users\/8"}],"replies":[{"embeddable":true,"href":"https:\/\/agora.xtec.cat\/escolamartamatabdv\/wp-json\/wp\/v2\/comments?post=10264"}],"version-history":[{"count":6,"href":"https:\/\/agora.xtec.cat\/escolamartamatabdv\/wp-json\/wp\/v2\/pages\/10264\/revisions"}],"predecessor-version":[{"id":14540,"href":"https:\/\/agora.xtec.cat\/escolamartamatabdv\/wp-json\/wp\/v2\/pages\/10264\/revisions\/14540"}],"up":[{"embeddable":true,"href":"https:\/\/agora.xtec.cat\/escolamartamatabdv\/wp-json\/wp\/v2\/pages\/9878"}],"wp:attachment":[{"href":"https:\/\/agora.xtec.cat\/escolamartamatabdv\/wp-json\/wp\/v2\/media?parent=10264"}],"curies":[{"name":"wp","href":"https:\/\/api.w.org\/{rel}","templated":true}]}}