{"id":18215,"date":"2022-01-27T08:41:28","date_gmt":"2022-01-27T07:41:28","guid":{"rendered":"https:\/\/agora.xtec.cat\/escolamartamatabcn\/?page_id=18215"},"modified":"2022-02-01T20:36:31","modified_gmt":"2022-02-01T19:36:31","slug":"taller-de-radio","status":"publish","type":"page","link":"https:\/\/agora.xtec.cat\/escolamartamatabcn\/lescola\/innovacio\/taller-de-radio\/","title":{"rendered":"Taller de r\u00e0dio"},"content":{"rendered":"<p>Introduir la r\u00e0dio a l&#8217;escola ens permet desenvolupar les habilitats ling\u00fc\u00edstiques de manera motivadora . Els infants s&#8217;engresquen a parlar i aix\u00f2 millora la seva expressi\u00f3 oral. S\u00f3n els encarregats de preparar els programes amb temes dels seu inter\u00e8s i de la seva realitat m\u00e9s propera afavorint l&#8217;aprenentatge significatiu i l&#8217;\u00fas de les tecnologies de la informaci\u00f3 i la comunicaci\u00f3.<\/p>\n<p><iframe loading=\"lazy\" title=\"R\u00e0dio Marta Mata 2021-2022\" width=\"500\" height=\"281\" src=\"https:\/\/www.youtube.com\/embed\/wDZ4FPMe5hU?feature=oembed\" frameborder=\"0\" allow=\"accelerometer; autoplay; clipboard-write; encrypted-media; gyroscope; picture-in-picture; web-share\" referrerpolicy=\"strict-origin-when-cross-origin\" allowfullscreen><\/iframe><\/p>\n","protected":false},"excerpt":{"rendered":"<p>Introduir la r\u00e0dio a l&#8217;escola ens permet desenvolupar les habilitats ling\u00fc\u00edstiques de manera motivadora . Els infants s&#8217;engresquen a parlar i aix\u00f2 millora la seva expressi\u00f3 oral. S\u00f3n els encarregats de preparar els programes amb temes dels seu inter\u00e8s i de la seva realitat m\u00e9s&hellip;  <a href=\"https:\/\/agora.xtec.cat\/escolamartamatabcn\/lescola\/innovacio\/taller-de-radio\/\" title=\"Read Taller de r\u00e0dio\">Llegeix m\u00e9s\u00bb<\/a><\/p>\n","protected":false},"author":1,"featured_media":0,"parent":1602,"menu_order":0,"comment_status":"closed","ping_status":"closed","template":"page-templates\/side-menu.php","meta":{"_bbp_topic_count":0,"_bbp_reply_count":0,"_bbp_total_topic_count":0,"_bbp_total_reply_count":0,"_bbp_voice_count":0,"_bbp_anonymous_reply_count":0,"_bbp_topic_count_hidden":0,"_bbp_reply_count_hidden":0,"_bbp_forum_subforum_count":0,"footnotes":""},"class_list":["post-18215","page","type-page","status-publish","hentry"],"post_mailing_queue_ids":[],"_links":{"self":[{"href":"https:\/\/agora.xtec.cat\/escolamartamatabcn\/wp-json\/wp\/v2\/pages\/18215","targetHints":{"allow":["GET"]}}],"collection":[{"href":"https:\/\/agora.xtec.cat\/escolamartamatabcn\/wp-json\/wp\/v2\/pages"}],"about":[{"href":"https:\/\/agora.xtec.cat\/escolamartamatabcn\/wp-json\/wp\/v2\/types\/page"}],"author":[{"embeddable":true,"href":"https:\/\/agora.xtec.cat\/escolamartamatabcn\/wp-json\/wp\/v2\/users\/1"}],"replies":[{"embeddable":true,"href":"https:\/\/agora.xtec.cat\/escolamartamatabcn\/wp-json\/wp\/v2\/comments?post=18215"}],"version-history":[{"count":2,"href":"https:\/\/agora.xtec.cat\/escolamartamatabcn\/wp-json\/wp\/v2\/pages\/18215\/revisions"}],"predecessor-version":[{"id":18283,"href":"https:\/\/agora.xtec.cat\/escolamartamatabcn\/wp-json\/wp\/v2\/pages\/18215\/revisions\/18283"}],"up":[{"embeddable":true,"href":"https:\/\/agora.xtec.cat\/escolamartamatabcn\/wp-json\/wp\/v2\/pages\/1602"}],"wp:attachment":[{"href":"https:\/\/agora.xtec.cat\/escolamartamatabcn\/wp-json\/wp\/v2\/media?parent=18215"}],"curies":[{"name":"wp","href":"https:\/\/api.w.org\/{rel}","templated":true}]}}