{"id":1819,"date":"2019-11-06T09:14:09","date_gmt":"2019-11-06T08:14:09","guid":{"rendered":"https:\/\/agora.xtec.cat\/ceip-aiguamarina-bcn\/?page_id=1819"},"modified":"2019-11-06T09:14:09","modified_gmt":"2019-11-06T08:14:09","slug":"que-es","status":"publish","type":"page","link":"https:\/\/agora.xtec.cat\/escolamartamatabcn\/lescola\/innovacio\/que-es\/","title":{"rendered":"Qu\u00e8 \u00e9s?"},"content":{"rendered":"<p>Ara Escric \u00e9s un programa de formaci\u00f3 sobre l\u2019escriptura impulsat pel Departament de la Generalitat de Catalunya i del qual aquest any hi formem part. Ens estem formant cont\u00ednuament per obtenir eines, estrat\u00e8gies i recursos per millorar l\u2019expressi\u00f3 escrita a l\u2019aula des de P-3 fins a 6\u00e9 de prim\u00e0ria.<\/p>\n<p>L\u2019expressi\u00f3 escrita ens permet demanar informaci\u00f3, transferir coneixement, intentar conv\u00e8ncer, comunicar sentiments i viv\u00e8ncies, viure moments de plaer\u2026 Per tant, el seu domini \u00e9s un requisit b\u00e0sic per desenvolupar-nos personalment i en societat.<\/p>\n","protected":false},"excerpt":{"rendered":"<p>Ara Escric \u00e9s un programa de formaci\u00f3 sobre l\u2019escriptura impulsat pel Departament de la Generalitat de Catalunya i del qual aquest any hi formem part. Ens estem formant cont\u00ednuament per obtenir eines, estrat\u00e8gies i recursos per millorar l\u2019expressi\u00f3 escrita a l\u2019aula des de P-3 fins&hellip;  <a href=\"https:\/\/agora.xtec.cat\/escolamartamatabcn\/lescola\/innovacio\/que-es\/\" title=\"Read Qu\u00e8 \u00e9s?\">Llegeix m\u00e9s\u00bb<\/a><\/p>\n","protected":false},"author":1,"featured_media":0,"parent":1602,"menu_order":0,"comment_status":"closed","ping_status":"closed","template":"page-templates\/side-menu.php","meta":{"_bbp_topic_count":0,"_bbp_reply_count":0,"_bbp_total_topic_count":0,"_bbp_total_reply_count":0,"_bbp_voice_count":0,"_bbp_anonymous_reply_count":0,"_bbp_topic_count_hidden":0,"_bbp_reply_count_hidden":0,"_bbp_forum_subforum_count":0,"footnotes":""},"class_list":["post-1819","page","type-page","status-publish","hentry"],"post_mailing_queue_ids":[],"_links":{"self":[{"href":"https:\/\/agora.xtec.cat\/escolamartamatabcn\/wp-json\/wp\/v2\/pages\/1819","targetHints":{"allow":["GET"]}}],"collection":[{"href":"https:\/\/agora.xtec.cat\/escolamartamatabcn\/wp-json\/wp\/v2\/pages"}],"about":[{"href":"https:\/\/agora.xtec.cat\/escolamartamatabcn\/wp-json\/wp\/v2\/types\/page"}],"author":[{"embeddable":true,"href":"https:\/\/agora.xtec.cat\/escolamartamatabcn\/wp-json\/wp\/v2\/users\/1"}],"replies":[{"embeddable":true,"href":"https:\/\/agora.xtec.cat\/escolamartamatabcn\/wp-json\/wp\/v2\/comments?post=1819"}],"version-history":[{"count":1,"href":"https:\/\/agora.xtec.cat\/escolamartamatabcn\/wp-json\/wp\/v2\/pages\/1819\/revisions"}],"predecessor-version":[{"id":1820,"href":"https:\/\/agora.xtec.cat\/escolamartamatabcn\/wp-json\/wp\/v2\/pages\/1819\/revisions\/1820"}],"up":[{"embeddable":true,"href":"https:\/\/agora.xtec.cat\/escolamartamatabcn\/wp-json\/wp\/v2\/pages\/1602"}],"wp:attachment":[{"href":"https:\/\/agora.xtec.cat\/escolamartamatabcn\/wp-json\/wp\/v2\/media?parent=1819"}],"curies":[{"name":"wp","href":"https:\/\/api.w.org\/{rel}","templated":true}]}}