{"id":1809,"date":"2019-11-05T09:13:38","date_gmt":"2019-11-05T08:13:38","guid":{"rendered":"https:\/\/agora.xtec.cat\/ceip-aiguamarina-bcn\/?page_id=1809"},"modified":"2019-11-05T09:14:09","modified_gmt":"2019-11-05T08:14:09","slug":"que-es","status":"publish","type":"page","link":"https:\/\/agora.xtec.cat\/escolamartamatabcn\/lescola\/innovacio\/xarxes-pel-canvi\/que-es\/","title":{"rendered":"Qu\u00e8 \u00e9s?"},"content":{"rendered":"<p>Xarxes per al canvi \u00e9s un conveni per sumar diferents iniciatives i processos generant un projecte per a la innovaci\u00f3 pedag\u00f2gica propi per a la ciutat de Barcelona amb la col\u00b7laboraci\u00f3 del Consorci d\u2019Educaci\u00f3 de Barcelona, l\u2019 Escola Nova 21, l\u2019ICE de la UAB i l\u2019Associaci\u00f3 de mestres Rosa Sensat.<\/p>\n","protected":false},"excerpt":{"rendered":"<p>Xarxes per al canvi \u00e9s un conveni per sumar diferents iniciatives i processos generant un projecte per a la innovaci\u00f3 pedag\u00f2gica propi per a la ciutat de Barcelona amb la col\u00b7laboraci\u00f3 del Consorci d\u2019Educaci\u00f3 de Barcelona, l\u2019 Escola Nova 21, l\u2019ICE de la UAB i&hellip;  <a href=\"https:\/\/agora.xtec.cat\/escolamartamatabcn\/lescola\/innovacio\/xarxes-pel-canvi\/que-es\/\" title=\"Read Qu\u00e8 \u00e9s?\">Llegeix m\u00e9s\u00bb<\/a><\/p>\n","protected":false},"author":1,"featured_media":0,"parent":1613,"menu_order":0,"comment_status":"closed","ping_status":"closed","template":"page-templates\/side-menu.php","meta":{"_bbp_topic_count":0,"_bbp_reply_count":0,"_bbp_total_topic_count":0,"_bbp_total_reply_count":0,"_bbp_voice_count":0,"_bbp_anonymous_reply_count":0,"_bbp_topic_count_hidden":0,"_bbp_reply_count_hidden":0,"_bbp_forum_subforum_count":0,"footnotes":""},"class_list":["post-1809","page","type-page","status-publish","hentry"],"post_mailing_queue_ids":[],"_links":{"self":[{"href":"https:\/\/agora.xtec.cat\/escolamartamatabcn\/wp-json\/wp\/v2\/pages\/1809","targetHints":{"allow":["GET"]}}],"collection":[{"href":"https:\/\/agora.xtec.cat\/escolamartamatabcn\/wp-json\/wp\/v2\/pages"}],"about":[{"href":"https:\/\/agora.xtec.cat\/escolamartamatabcn\/wp-json\/wp\/v2\/types\/page"}],"author":[{"embeddable":true,"href":"https:\/\/agora.xtec.cat\/escolamartamatabcn\/wp-json\/wp\/v2\/users\/1"}],"replies":[{"embeddable":true,"href":"https:\/\/agora.xtec.cat\/escolamartamatabcn\/wp-json\/wp\/v2\/comments?post=1809"}],"version-history":[{"count":1,"href":"https:\/\/agora.xtec.cat\/escolamartamatabcn\/wp-json\/wp\/v2\/pages\/1809\/revisions"}],"predecessor-version":[{"id":1810,"href":"https:\/\/agora.xtec.cat\/escolamartamatabcn\/wp-json\/wp\/v2\/pages\/1809\/revisions\/1810"}],"up":[{"embeddable":true,"href":"https:\/\/agora.xtec.cat\/escolamartamatabcn\/wp-json\/wp\/v2\/pages\/1613"}],"wp:attachment":[{"href":"https:\/\/agora.xtec.cat\/escolamartamatabcn\/wp-json\/wp\/v2\/media?parent=1809"}],"curies":[{"name":"wp","href":"https:\/\/api.w.org\/{rel}","templated":true}]}}