{"id":18085,"date":"2022-01-24T22:05:21","date_gmt":"2022-01-24T21:05:21","guid":{"rendered":"https:\/\/agora.xtec.cat\/escolamartamatabcn\/?page_id=18085"},"modified":"2022-01-25T13:06:53","modified_gmt":"2022-01-25T12:06:53","slug":"cursa-marta-mata","status":"publish","type":"page","link":"https:\/\/agora.xtec.cat\/escolamartamatabcn\/lescola\/activitats-marta-mata\/cursa-marta-mata\/","title":{"rendered":"Cursa Marta Mata"},"content":{"rendered":"<p>Ja \u00e9s tradici\u00f3 d&#8217;escola finalitzar el curs amb una jornada esportiva vibrant.<\/p>\n<p>La cursa &#8220;Marta Mata&#8221; \u00e9s un esdeveniment esportiu on tota la comunitat educativa participa amb l&#8217;objectiu de posar tot a l&#8217;abast dels infants per gaudir d&#8217;un circuit esportiu pels carrers del barri de Verdum.<\/p>\n<p>Amb la col\u00b7laboraci\u00f3 de les fam\u00edlies i la gu\u00e0rdia urbana es realitzen 3 recorreguts pels diferents nivells que hi ha l&#8217;escola: PETITS, MITJANS I GRANS.<\/p>\n<p>Acompanyat de la cursa, es realitza tamb\u00e9 un projecte art\u00edstic amb l&#8217;elaboraci\u00f3 de dorsals on tota l&#8217;escola participa en la creaci\u00f3 i votaci\u00f3 els dorsals de l&#8217;edici\u00f3 de cada any.<\/p>\n<p><iframe class=\"wp-embedded-content\" sandbox=\"allow-scripts\" security=\"restricted\" title=\"Recorreguts cursa\" frameborder='0' width='1200' height='675' src='https:\/\/view.genially.com\/60c84d1c88a39e0dc86f894a#?secret=7WBFn1oAbZ' data-secret='7WBFn1oAbZ' scrolling='yes'><\/iframe><\/p>\n","protected":false},"excerpt":{"rendered":"<p>Ja \u00e9s tradici\u00f3 d&#8217;escola finalitzar el curs amb una jornada esportiva vibrant.<br \/>\nLa cursa &#8220;Marta Mata&#8221; \u00e9s un esdeveniment esportiu on tota la comunitat educativa participa amb l&#8217;objectiu de posar tot a l&#8217;abast dels infants per gaudir d&#8217;un circuit esportiu pels carrers del barri de Verdum.<br \/>\nAmb&hellip;  <a href=\"https:\/\/agora.xtec.cat\/escolamartamatabcn\/lescola\/activitats-marta-mata\/cursa-marta-mata\/\" title=\"Read Cursa Marta Mata\">Llegeix m\u00e9s\u00bb<\/a><\/p>\n","protected":false},"author":1,"featured_media":0,"parent":18083,"menu_order":1,"comment_status":"closed","ping_status":"closed","template":"page-templates\/side-menu.php","meta":{"_bbp_topic_count":0,"_bbp_reply_count":0,"_bbp_total_topic_count":0,"_bbp_total_reply_count":0,"_bbp_voice_count":0,"_bbp_anonymous_reply_count":0,"_bbp_topic_count_hidden":0,"_bbp_reply_count_hidden":0,"_bbp_forum_subforum_count":0,"footnotes":""},"class_list":["post-18085","page","type-page","status-publish","hentry"],"post_mailing_queue_ids":[],"_links":{"self":[{"href":"https:\/\/agora.xtec.cat\/escolamartamatabcn\/wp-json\/wp\/v2\/pages\/18085","targetHints":{"allow":["GET"]}}],"collection":[{"href":"https:\/\/agora.xtec.cat\/escolamartamatabcn\/wp-json\/wp\/v2\/pages"}],"about":[{"href":"https:\/\/agora.xtec.cat\/escolamartamatabcn\/wp-json\/wp\/v2\/types\/page"}],"author":[{"embeddable":true,"href":"https:\/\/agora.xtec.cat\/escolamartamatabcn\/wp-json\/wp\/v2\/users\/1"}],"replies":[{"embeddable":true,"href":"https:\/\/agora.xtec.cat\/escolamartamatabcn\/wp-json\/wp\/v2\/comments?post=18085"}],"version-history":[{"count":3,"href":"https:\/\/agora.xtec.cat\/escolamartamatabcn\/wp-json\/wp\/v2\/pages\/18085\/revisions"}],"predecessor-version":[{"id":18117,"href":"https:\/\/agora.xtec.cat\/escolamartamatabcn\/wp-json\/wp\/v2\/pages\/18085\/revisions\/18117"}],"up":[{"embeddable":true,"href":"https:\/\/agora.xtec.cat\/escolamartamatabcn\/wp-json\/wp\/v2\/pages\/18083"}],"wp:attachment":[{"href":"https:\/\/agora.xtec.cat\/escolamartamatabcn\/wp-json\/wp\/v2\/media?parent=18085"}],"curies":[{"name":"wp","href":"https:\/\/api.w.org\/{rel}","templated":true}]}}