{"id":495,"date":"2019-05-08T15:30:55","date_gmt":"2019-05-08T13:30:55","guid":{"rendered":"https:\/\/agora.xtec.cat\/escolamartamata\/?page_id=495"},"modified":"2019-08-02T07:07:57","modified_gmt":"2019-08-02T05:07:57","slug":"el-nostre-nom-marta-mata","status":"publish","type":"page","link":"https:\/\/agora.xtec.cat\/escolamartamata\/el-nostre-nom-marta-mata\/","title":{"rendered":"El nostre nom: &#8220;Marta Mata&#8221;"},"content":{"rendered":"<p class=\"western\" lang=\"ca-ES\">Explicar qui va ser la<strong> Marta Mata Garriga<\/strong> en poques paraules implica destacar all\u00f2 que per nosaltres \u00e9s clau.<\/p>\n<p class=\"western\" lang=\"ca-ES\">Aix\u00ed que podr\u00edem comen\u00e7ar dient que la Marta va ser una dona que va estimar molt les persones, la terra i la feina d\u2019ensenyar i d\u2019aprendre, i no pas de manera te\u00f2rica sin\u00f3 en el seu fer de cada dia.\u00a0Tenia al cap mil projectes innovadors per fer avan\u00e7ar la societat catalana i va lluitar amb passi\u00f3 i coratge per defensar els <strong>valors democr\u00e0tics<\/strong>. Va dedicar tota la seva feina a aprendre per poder compartir amb els altres les seves descobertes i fou conscient de la necessitat d\u2019actuar m\u00e9s enll\u00e0 del nucli proper de companys i amics. Va optar per la pol\u00edtica com a instrument per canviar el m\u00f3n, i en la seves tasques, com a diputada del Congr\u00e9s, senadora o regidora de l\u2019Ajuntament de Barcelona, l\u2019amor a la<strong> pedagogia<\/strong> que la mare li havia ensenyat sempre eren presents. Estava conven\u00e7uda que l\u2019educaci\u00f3 \u00e9s responsabilitat de la societat, de la ciutat, i que la renovaci\u00f3 pedag\u00f2gica necessita de pol\u00edtiques valentes<\/p>\n<p class=\"western\" lang=\"ca-ES\">Va n\u00e9ixer el 22 de juny de 1926 a Barcelona per\u00f2 el seu lligam amb Seifores i al Pened\u00e8s l\u2019acompanyar\u00e0 en totes les seves passes personals i professionals. Potser de viure en un petit poble d\u2019una seixantena de persones va aprendre la import\u00e0ncia del treball en equip. I aix\u00f2 fou la llavor en la creaci\u00f3 de l\u2019<strong>Associaci\u00f3 de Mestres Rosa Sensat<\/strong>, amb les que es generaven grups de debat i discussi\u00f3 per a la millora de la formaci\u00f3 continuada de mestres. Particip\u00e0 tamb\u00e9 en la creaci\u00f3 de l\u2019Escola de Mestres de Sant Cugat, pertanyent a la Universitat Aut\u00f2noma de Barcelona, on va impartir cursos de did\u00e0ctica de la llengua i de pedagogia. Aquest amor per la formaci\u00f3 de mestres la port\u00e0 a impulsar des de Rosa Sensat, la publicaci\u00f3 de la revista Perspectiva Escolar el 1974.<\/p>\n<p class=\"western\" lang=\"ca-ES\">La Marta Mata va ser una mestra al servei dels altres i aquesta generositat la port\u00e0 a convertir la seva casa familiar en una fundaci\u00f3 que t\u00e9 com a objectiu el desenvolupament d\u2019una concepci\u00f3 din\u00e0mica de l\u2019escola i l\u2019establiment de relacions entre el m\u00f3n de la cultura, del treball, de l\u2019esplai i del civisme:<strong> Fundaci\u00f3 Marta Mata Garriga<\/strong>.<\/p>\n<p class=\"western\" lang=\"ca-ES\">Va morir el 27 de juny del 2006 per\u00f2 el seu amor per la llengua i el seu esfor\u00e7 per la defensa de l\u2019<strong>escola p\u00fablica catalana<\/strong> encara \u00e9s ben present.<\/p>\n<p class=\"western\" lang=\"ca-ES\"><a href=\"https:\/\/agora.xtec.cat\/escolamartamata\/wp-content\/uploads\/usu1957\/2019\/05\/MartaMata.jpg\"><img loading=\"lazy\" decoding=\"async\" class=\"size-full wp-image-496 aligncenter\" src=\"https:\/\/agora.xtec.cat\/escolamartamata\/wp-content\/uploads\/usu1957\/2019\/05\/MartaMata.jpg\" alt=\"Marta Mata\" width=\"600\" height=\"386\" srcset=\"https:\/\/agora.xtec.cat\/escolamartamata\/wp-content\/uploads\/usu1957\/2019\/05\/MartaMata.jpg 600w, https:\/\/agora.xtec.cat\/escolamartamata\/wp-content\/uploads\/usu1957\/2019\/05\/MartaMata-300x193.jpg 300w\" sizes=\"auto, (max-width: 600px) 100vw, 600px\" \/><\/a><\/p>\n","protected":false},"excerpt":{"rendered":"<p>Explicar qui va ser la Marta Mata Garriga en poques paraules implica destacar all\u00f2 que per nosaltres \u00e9s clau.<br \/>\nAix\u00ed que podr\u00edem comen\u00e7ar dient que la Marta va ser una dona que va estimar molt les persones, la terra i la feina d\u2019ensenyar i d\u2019aprendre, i&hellip;  <a href=\"https:\/\/agora.xtec.cat\/escolamartamata\/el-nostre-nom-marta-mata\/\" title=\"Read El nostre nom: &#8220;Marta Mata&#8221;\">Llegeix m\u00e9s\u00bb<\/a><\/p>\n","protected":false},"author":1,"featured_media":0,"parent":0,"menu_order":2,"comment_status":"closed","ping_status":"closed","template":"","meta":{"_bbp_topic_count":0,"_bbp_reply_count":0,"_bbp_total_topic_count":0,"_bbp_total_reply_count":0,"_bbp_voice_count":0,"_bbp_anonymous_reply_count":0,"_bbp_topic_count_hidden":0,"_bbp_reply_count_hidden":0,"_bbp_forum_subforum_count":0,"footnotes":""},"class_list":["post-495","page","type-page","status-publish","hentry"],"post_mailing_queue_ids":[],"_links":{"self":[{"href":"https:\/\/agora.xtec.cat\/escolamartamata\/wp-json\/wp\/v2\/pages\/495","targetHints":{"allow":["GET"]}}],"collection":[{"href":"https:\/\/agora.xtec.cat\/escolamartamata\/wp-json\/wp\/v2\/pages"}],"about":[{"href":"https:\/\/agora.xtec.cat\/escolamartamata\/wp-json\/wp\/v2\/types\/page"}],"author":[{"embeddable":true,"href":"https:\/\/agora.xtec.cat\/escolamartamata\/wp-json\/wp\/v2\/users\/1"}],"replies":[{"embeddable":true,"href":"https:\/\/agora.xtec.cat\/escolamartamata\/wp-json\/wp\/v2\/comments?post=495"}],"version-history":[{"count":3,"href":"https:\/\/agora.xtec.cat\/escolamartamata\/wp-json\/wp\/v2\/pages\/495\/revisions"}],"predecessor-version":[{"id":657,"href":"https:\/\/agora.xtec.cat\/escolamartamata\/wp-json\/wp\/v2\/pages\/495\/revisions\/657"}],"wp:attachment":[{"href":"https:\/\/agora.xtec.cat\/escolamartamata\/wp-json\/wp\/v2\/media?parent=495"}],"curies":[{"name":"wp","href":"https:\/\/api.w.org\/{rel}","templated":true}]}}

<p class="western" lang="ca-ES">Explicar qui va ser la<strong> Marta Mata Garriga</strong> en poques paraules implica destacar allò que per nosaltres és clau.</p>
<p class="western" lang="ca-ES">Així que podríem començar dient que la Marta va ser una dona que va estimar molt les persones, la terra i la feina d’ensenyar i d’aprendre, i no pas de manera teòrica sinó en el seu fer de cada dia. Tenia al cap mil projectes innovadors per fer avançar la societat catalana i va lluitar amb passió i coratge per defensar els <strong>valors democràtics</strong>. Va dedicar tota la seva feina a aprendre per poder compartir amb els altres les seves descobertes i fou conscient de la necessitat d’actuar més enllà del nucli proper de companys i amics. Va optar per la política com a instrument per canviar el món, i en la seves tasques, com a diputada del Congrés, senadora o regidora de l’Ajuntament de Barcelona, l’amor a la<strong> pedagogia</strong> que la mare li havia ensenyat sempre eren presents. Estava convençuda que l’educació és responsabilitat de la societat, de la ciutat, i que la renovació pedagògica necessita de polítiques valentes</p>
<p class="western" lang="ca-ES">Va néixer el 22 de juny de 1926 a Barcelona però el seu lligam amb Seifores i al Penedès l’acompanyarà en totes les seves passes personals i professionals. Potser de viure en un petit poble d’una seixantena de persones va aprendre la importància del treball en equip. I això fou la llavor en la creació de l’<strong>Associació de Mestres Rosa Sensat</strong>, amb les que es generaven grups de debat i discussió per a la millora de la formació continuada de mestres. Participà també en la creació de l’Escola de Mestres de Sant Cugat, pertanyent a la Universitat Autònoma de Barcelona, on va impartir cursos de didàctica de la llengua i de pedagogia. Aquest amor per la formació de mestres la portà a impulsar des de Rosa Sensat, la publicació de la revista Perspectiva Escolar el 1974.</p>
<p class="western" lang="ca-ES">La Marta Mata va ser una mestra al servei dels altres i aquesta generositat la portà a convertir la seva casa familiar en una fundació que té com a objectiu el desenvolupament d’una concepció dinàmica de l’escola i l’establiment de relacions entre el món de la cultura, del treball, de l’esplai i del civisme:<strong> Fundació Marta Mata Garriga</strong>.</p>
<p class="western" lang="ca-ES">Va morir el 27 de juny del 2006 però el seu amor per la llengua i el seu esforç per la defensa de l’<strong>escola pública catalana</strong> encara és ben present.</p>
<p class="western" lang="ca-ES"><a href="https://agora.xtec.cat/escolamartamata/wp-content/uploads/usu1957/2019/05/MartaMata.jpg"><img loading="lazy" decoding="async" class="size-full wp-image-496 aligncenter" src="https://agora.xtec.cat/escolamartamata/wp-content/uploads/usu1957/2019/05/MartaMata.jpg" alt="Marta Mata" width="600" height="386" srcset="https://agora.xtec.cat/escolamartamata/wp-content/uploads/usu1957/2019/05/MartaMata.jpg 600w, https://agora.xtec.cat/escolamartamata/wp-content/uploads/usu1957/2019/05/MartaMata-300x193.jpg 300w" sizes="auto, (max-width: 600px) 100vw, 600px" /></a></p>

<p>Explicar qui va ser la Marta Mata Garriga en poques paraules implica destacar allò que per nosaltres és clau.<br />
Així que podríem començar dient que la Marta va ser una dona que va estimar molt les persones, la terra i la feina d’ensenyar i d’aprendre, i&hellip;  <a href="https://agora.xtec.cat/escolamartamata/el-nostre-nom-marta-mata/" title="Read El nostre nom: &#8220;Marta Mata&#8221;">Llegeix més»</a></p>
