{"id":5043,"date":"2020-05-10T13:12:36","date_gmt":"2020-05-10T11:12:36","guid":{"rendered":"http:\/\/agora.xtec.cat\/escolamartamata-viladecans\/?page_id=5043"},"modified":"2026-04-23T16:48:11","modified_gmt":"2026-04-23T14:48:11","slug":"preinscripcio-i-matricula-2020-2021","status":"publish","type":"page","link":"https:\/\/agora.xtec.cat\/escolamartamata-viladecans\/lescola\/preinscripcio-i-matricula-2020-2021\/","title":{"rendered":"PREINSCRIPCI\u00d3 I MATR\u00cdCULA CURS 2026-27"},"content":{"rendered":"<p>Benvolgudes fam\u00edlies,<\/p>\n<p>En aquesta p\u00e0gina trobareu tota la informaci\u00f3 del proc\u00e9s de Preinscripci\u00f3 i Matr\u00edcula pel curs 2026-27.<\/p>\n<ul>\n<li><span style=\"font-family: inherit; font-size: 1em;\">Web del <\/span><span style=\"font-family: inherit; font-size: 1em;\">Departament <\/span><span style=\"font-family: inherit; font-size: 1em;\">d\u2019Educaci\u00f3:<a href=\"https:\/\/preinscripcio.gencat.cat\/ca\/inici\/\" target=\"_blank\" rel=\"noopener noreferrer\">\u00a0https:\/\/preinscripcio.gencat.cat\/ca\/inici\/<\/a><\/span><span style=\"font-family: inherit; font-size: 1em;\">\u00a0<\/span><\/li>\n<li>Informaci\u00f3 de la Jornada de Portes Obertes: 26 de febrer de 2026, a les 15:15\u202fh.<\/li>\n<li>Informaci\u00f3 del Calendari de la Preinscripci\u00f3 i matr\u00edcula.<\/li>\n<\/ul>\n<h5><strong> <a href=\"https:\/\/agora.xtec.cat\/escolamartamata-viladecans\/wp-content\/uploads\/usu1599\/2023\/03\/1.png\"><img loading=\"lazy\" decoding=\"async\" class=\"wp-image-8461 alignnone\" src=\"https:\/\/agora.xtec.cat\/escolamartamata-viladecans\/wp-content\/uploads\/usu1599\/2023\/03\/1.png\" alt=\"\" width=\"53\" height=\"53\" srcset=\"https:\/\/agora.xtec.cat\/escolamartamata-viladecans\/wp-content\/uploads\/usu1599\/2023\/03\/1.png 225w, https:\/\/agora.xtec.cat\/escolamartamata-viladecans\/wp-content\/uploads\/usu1599\/2023\/03\/1-150x150.png 150w\" sizes=\"auto, (max-width: 53px) 100vw, 53px\" \/><\/a><\/strong><strong style=\"font-size: 1.125em;\">CALENDARI<\/strong><\/h5>\n<ul>\n<li>3 de mar\u00e7 de 2026: <a href=\"https:\/\/drive.google.com\/file\/d\/1wLfGnFxJjiWqjj_Yqcd8toFh1q46CgI4\/view?usp=sharing\" target=\"_blank\" rel=\"noopener\">oferta inicial de places escolars.<\/a><\/li>\n<li>Del 4 al 18 de mar\u00e7 de 2026 (a partir de les 9 hores): presentaci\u00f3 de sol\u00b7licituds.<\/li>\n<li>Fins al 19 de mar\u00e7 de 2026: presentaci\u00f3 de documentaci\u00f3.<\/li>\n<li>15 d&#8217;abril de 2026: <a href=\"https:\/\/drive.google.com\/file\/d\/1dSNm8F0mapE2QyvRnEwGTjX1LzTmC30D\/view?usp=sharing\" target=\"_blank\" rel=\"noopener\">llista de sol\u00b7licituds amb la puntuaci\u00f3 provisional.<\/a><\/li>\n<li>Del 15 al 20 d&#8217;abril de 2026: presentaci\u00f3 de reclamacions.<\/li>\n<li>23 d&#8217;abril de 2026: llista de sol\u00b7licituds amb la puntuaci\u00f3 un cop resoltes les reclamacions.<\/li>\n<li>28 d&#8217;abril de 2026 a les 11 hores: sorteig per resoldre les sol\u00b7licituds de preinscripci\u00f3 empatades en punts.<\/li>\n<li>29 d&#8217;abril de 2026: llista ordenada.<\/li>\n<li>De l&#8217;1 al 3 de juny de 2026: ampliaci\u00f3 de peticions de preinscripci\u00f3 per a alumnes sense pla\u00e7a assignada a cap centre.<\/li>\n<li>10 de juny de 2026: oferta final de places escolars.<\/li>\n<li>10 de juny de 2026: llista d&#8217;alumnes admesos i llista d&#8217;espera.<\/li>\n<\/ul>\n<div style=\"display: none;\"><\/div>\n<p><!--a=1--><\/p>\n<p><!----comment node----><!--a=1--><\/p>\n<p><!----comment node----><!--a=1--><\/p>\n<p><!----comment node----><!--a=1--><\/p>\n<p><!----comment node----><!--a=1--><\/p>\n<p><!----comment node----><!--a=1--><!--a=1--><\/p>\n<p><!----comment node----><!--a=1--><\/p>\n<div style=\"position: relative; width: 100%; height: 0; padding-top: 56.2500%; padding-bottom: 0; box-shadow: 0 2px 8px 0 rgba(63,69,81,0.16); margin-top: 1.6em; margin-bottom: 0.9em; overflow: hidden; border-radius: 8px; will-change: transform;\"><iframe style=\"position: absolute; width: 100%; height: 100%; top: 0; left: 0; border: none; padding: 0; margin: 0;\" src=\"https:\/\/www.canva.com\/design\/DAFbS3dJCHM\/8IAjjZS8Y4fFtfX1DNNLnQ\/view?embed\" allowfullscreen=\"allowfullscreen\"><br \/>\n<\/iframe><\/div>\n<p><a href=\"https:\/\/www.canva.com\/design\/DAFbS3dJCHM\/8IAjjZS8Y4fFtfX1DNNLnQ\/view?utm_content=DAFbS3dJCHM&amp;utm_campaign=designshare&amp;utm_medium=embeds&amp;utm_source=link\" target=\"_blank\" rel=\"noopener\">Un dia a Infantil 3<\/a><\/p>\n<p><!----comment node----><!--a=1--><\/p>\n<p><!----comment node----><!--a=1--><\/p>\n<p><!----comment node----><!--a=1--><\/p>\n<p><!----comment node----><!--a=1--><\/p>\n<p><!----comment node----><!--a=1--><\/p>\n<p><!----comment node----><!--a=1--><\/p>\n<p><!----comment node----><!--a=1--><\/p>\n<p><!----comment node----><!--a=1--><\/p>\n","protected":false},"excerpt":{"rendered":"<p>Benvolgudes fam\u00edlies,<br \/>\nEn aquesta p\u00e0gina trobareu tota la informaci\u00f3 del proc\u00e9s de Preinscripci\u00f3 i Matr\u00edcula pel curs 2026-27.<\/p>\n<ul>\n<li>Web del Departament d\u2019Educaci\u00f3:<a href=\"https:\/\/preinscripcio.gencat.cat\/ca\/inici\/\" target=\"_blank\" rel=\"noopener noreferrer\">\u00a0https:\/\/preinscripcio.gencat.cat\/ca\/inici\/<\/a>\u00a0<\/li>\n<li>Informaci\u00f3 de la Jornada de Portes Obertes: 26 de febrer de 2026, a les 15:15\u202fh.<\/li>\n<li>Informaci\u00f3 del Calendari de la Preinscripci\u00f3 i matr\u00edcula.<\/li>\n<\/ul>\n<p>&hellip;  <a href=\"https:\/\/agora.xtec.cat\/escolamartamata-viladecans\/lescola\/preinscripcio-i-matricula-2020-2021\/\" title=\"Read PREINSCRIPCI\u00d3 I MATR\u00cdCULA CURS 2026-27\">Llegeix m\u00e9s\u00bb<\/a><\/p>\n","protected":false},"author":9,"featured_media":0,"parent":22,"menu_order":90,"comment_status":"closed","ping_status":"closed","template":"page-templates\/side-menu.php","meta":{"_bbp_topic_count":0,"_bbp_reply_count":0,"_bbp_total_topic_count":0,"_bbp_total_reply_count":0,"_bbp_voice_count":0,"_bbp_anonymous_reply_count":0,"_bbp_topic_count_hidden":0,"_bbp_reply_count_hidden":0,"_bbp_forum_subforum_count":0,"footnotes":""},"class_list":["post-5043","page","type-page","status-publish","hentry"],"post_mailing_queue_ids":[],"_links":{"self":[{"href":"https:\/\/agora.xtec.cat\/escolamartamata-viladecans\/wp-json\/wp\/v2\/pages\/5043","targetHints":{"allow":["GET"]}}],"collection":[{"href":"https:\/\/agora.xtec.cat\/escolamartamata-viladecans\/wp-json\/wp\/v2\/pages"}],"about":[{"href":"https:\/\/agora.xtec.cat\/escolamartamata-viladecans\/wp-json\/wp\/v2\/types\/page"}],"author":[{"embeddable":true,"href":"https:\/\/agora.xtec.cat\/escolamartamata-viladecans\/wp-json\/wp\/v2\/users\/9"}],"replies":[{"embeddable":true,"href":"https:\/\/agora.xtec.cat\/escolamartamata-viladecans\/wp-json\/wp\/v2\/comments?post=5043"}],"version-history":[{"count":8,"href":"https:\/\/agora.xtec.cat\/escolamartamata-viladecans\/wp-json\/wp\/v2\/pages\/5043\/revisions"}],"predecessor-version":[{"id":11657,"href":"https:\/\/agora.xtec.cat\/escolamartamata-viladecans\/wp-json\/wp\/v2\/pages\/5043\/revisions\/11657"}],"up":[{"embeddable":true,"href":"https:\/\/agora.xtec.cat\/escolamartamata-viladecans\/wp-json\/wp\/v2\/pages\/22"}],"wp:attachment":[{"href":"https:\/\/agora.xtec.cat\/escolamartamata-viladecans\/wp-json\/wp\/v2\/media?parent=5043"}],"curies":[{"name":"wp","href":"https:\/\/api.w.org\/{rel}","templated":true}]}}