{"id":64,"date":"2014-09-18T12:39:08","date_gmt":"2014-09-18T11:39:08","guid":{"rendered":"http:\/\/agora.xtec.cat\/escolamaredelamerce-santramon\/?page_id=64"},"modified":"2023-05-29T12:22:37","modified_gmt":"2023-05-29T10:22:37","slug":"projecte-educatiu","status":"publish","type":"page","link":"https:\/\/agora.xtec.cat\/escolamaredelamerce-santramon\/projecte-educatiu\/","title":{"rendered":"PROJECTE EDUCATIU"},"content":{"rendered":"<h2><\/h2>\n<table style=\"height: 144px; width: 109.73%;\" width=\"775\">\n<tbody>\n<tr style=\"height: 32px;\">\n<td style=\"width: 449px; text-align: center; height: 32px;\"><strong>PROJECTE EDUCATIU DE CENTRE\u00a0<\/strong><\/td>\n<td style=\"width: 359px; height: 32px;\"><a href=\"https:\/\/agora.xtec.cat\/escolamaredelamerce-santramon\/wp-content\/uploads\/usu1988\/2019\/10\/PEC-15-10-19.pdf\">PEC 15-10-19<\/a><\/td>\n<\/tr>\n<tr style=\"height: 48px;\">\n<td style=\"width: 449px; text-align: center; height: 48px;\"><strong>PROJECTE LING\u00dc\u00cdSTIC DE L&#8217;ESCOLA MARE DE D\u00c9U DE LA MERC\u00c8<\/strong><\/td>\n<td style=\"width: 359px; height: 48px;\"><a href=\"https:\/\/agora.xtec.cat\/escolamaredelamerce-santramon\/wp-content\/uploads\/usu1988\/2019\/10\/2019_c5004073_EL_-PROJECTE_-LING\u00dc\u00cdSTIC_ESCOLA.pdf\">2019_c5004073_EL_ PROJECTE_ LING\u00dc\u00cdSTIC_ESCOLA<\/a><\/td>\n<\/tr>\n<tr style=\"height: 32px;\">\n<td style=\"width: 449px; text-align: center; height: 32px;\"><strong>PROJECTE ESPORTIU DE CENTRE\u00a0<\/strong><\/td>\n<td style=\"width: 359px; height: 32px;\"><a href=\"https:\/\/agora.xtec.cat\/escolamaredelamerce-santramon\/wp-content\/uploads\/usu1988\/2019\/10\/PEsC-Sant-Ramon-1.pdf\">PEsC Sant Ramon-1<\/a><\/td>\n<\/tr>\n<tr style=\"height: 32px;\">\n<td style=\"width: 449px; text-align: center; height: 32px;\"><strong>ESTRAT\u00c8GIA DIGITAL DE CENTRE<\/strong><\/td>\n<td style=\"width: 359px; height: 32px;\"><a href=\"https:\/\/sites.google.com\/d\/1YTt_SSRdu_WVKmsroj5-ko0-qzwZOJGL\/p\/1FZi0XdWLn4BrE0CvRTLlaTG7kDAZ-rhJ\/edit\">EDC<\/a><\/td>\n<\/tr>\n<\/tbody>\n<\/table>\n<h2 style=\"text-align: center;\"><b>Visi\u00f3 centre educatiu:<\/b><\/h2>\n<p><span style=\"font-weight: 400;\">L\u2019objectiu de la nostra escola \u00e9s formar persones proactives que es coneguin a elles mateixes: com som per dins, com ens sentim, quines s\u00f3n les nostres fortaleses i debilitats. <\/span><\/p>\n<p><span style=\"font-weight: 400;\">A la nostra escola pretenem mostrar camins per arribar a formar persones \u00edntegres ens tots els \u00e0mbits de la persona: f\u00edsic, emocional, mental i subtil amb l\u2019acompanyament de les fam\u00edlies. <\/span><\/p>\n<p><span style=\"font-weight: 400;\">Tamb\u00e9 donar les habilitats i estrat\u00e8gies necess\u00e0ries per poder superar les dificultats tant interiors i exteriors i cr\u00e9ixer de manera lliure, assertiva, democr\u00e0tica i solid\u00e0ria.<\/span><\/p>\n<p>&nbsp;<\/p>\n<p style=\"text-align: center;\"><b>La nostra ra\u00f3 de ser:<\/b><\/p>\n<p><span style=\"font-weight: 400;\">&#8211; Acompanyar processos de creixement integral de la persona sense judici i respectant el rol que desenvolupa cadasc\u00fa.<\/span><\/p>\n<p><span style=\"font-weight: 400;\">&#8211; Facilitar al nen espais amb ambients acollidors amb un clima positiu i de confian\u00e7a per tal de fomentar emocions benestants. \u00a0<\/span><\/p>\n<p><span style=\"font-weight: 400;\">&#8211; Posar consci\u00e8ncia en els conflictes i resoldre\u2019ls a trav\u00e9s de la conversa, l\u2019acord, etc.<\/span><\/p>\n<p><span style=\"font-weight: 400;\">&#8211; Situar a l\u2019alumne com a protagonista del seu aprenentatge fent la seva pr\u00f2pia avaluaci\u00f3.<\/span><\/p>\n<p><span style=\"font-weight: 400;\">&#8211; Ser una escola acollidora, oberta i preparada per acceptar tots tipus d\u2019alumant independentment de la seva proced\u00e8ncia i les seves necessitats educatives.<\/span><\/p>\n<p><span style=\"font-weight: 400;\">&#8211; Ser una escola oberta i compromesa amb el poble, el pa\u00eds i el m\u00f3n.<\/span><\/p>\n<p><span style=\"font-weight: 400;\">&#8211; Compromesa amb el medi ambient.<\/span><\/p>\n<p><span style=\"font-weight: 400;\">&#8211; Basar-se en la democr\u00e0cia en tots els nivells: de mestres, alumnes, fam\u00edlies i PAS.<\/span><\/p>\n<p><span style=\"font-weight: 400;\">&#8211; Una educaci\u00f3 que es basi en els quatre pilars de Delors: aprendre a ser, aprendre a fer, aprendre a conviure, aprendre a con\u00e8ixer.<\/span><\/p>\n<p><span style=\"font-weight: 400;\">&#8211; Impartir una educaci\u00f3 compartida amb tota la societat i sobretot que les fam\u00edlies s\u2019impliquin realment en la formaci\u00f3 dels fills. <\/span><\/p>\n","protected":false},"excerpt":{"rendered":"<p>PROJECTE EDUCATIU DE CENTRE\u00a0<br \/>\n<a href=\"https:\/\/agora.xtec.cat\/escolamaredelamerce-santramon\/wp-content\/uploads\/usu1988\/2019\/10\/PEC-15-10-19.pdf\">PEC 15-10-19<\/a><\/p>\n<p>PROJECTE LING\u00dc\u00cdSTIC DE L&#8217;ESCOLA MARE DE D\u00c9U DE LA MERC\u00c8<br \/>\n<a href=\"https:\/\/agora.xtec.cat\/escolamaredelamerce-santramon\/wp-content\/uploads\/usu1988\/2019\/10\/2019_c5004073_EL_-PROJECTE_-LING\u00dc\u00cdSTIC_ESCOLA.pdf\">2019_c5004073_EL_ PROJECTE_ LING\u00dc\u00cdSTIC_ESCOLA<\/a><\/p>\n<p>PROJECTE ESPORTIU DE CENTRE\u00a0<br \/>\n<a href=\"https:\/\/agora.xtec.cat\/escolamaredelamerce-santramon\/wp-content\/uploads\/usu1988\/2019\/10\/PEsC-Sant-Ramon-1.pdf\">PEsC Sant Ramon-1<\/a><\/p>\n<p>ESTRAT\u00c8GIA DIGITAL DE CENTRE<br \/>\n<a href=\"https:\/\/sites.google.com\/d\/1YTt_SSRdu_WVKmsroj5-ko0-qzwZOJGL\/p\/1FZi0XdWLn4BrE0CvRTLlaTG7kDAZ-rhJ\/edit\">EDC<\/a><\/p>\n<p>Visi\u00f3 centre educatiu:<br \/>\nL\u2019objectiu de la nostra escola \u00e9s formar persones proactives que es coneguin a elles mateixes: com&hellip;  <a href=\"https:\/\/agora.xtec.cat\/escolamaredelamerce-santramon\/projecte-educatiu\/\" title=\"Read PROJECTE EDUCATIU\">Llegeix m\u00e9s\u00bb<\/a><\/p>\n","protected":false},"author":1,"featured_media":0,"parent":0,"menu_order":0,"comment_status":"closed","ping_status":"closed","template":"page-templates\/side-menu.php","meta":{"_bbp_topic_count":0,"_bbp_reply_count":0,"_bbp_total_topic_count":0,"_bbp_total_reply_count":0,"_bbp_voice_count":0,"_bbp_anonymous_reply_count":0,"_bbp_topic_count_hidden":0,"_bbp_reply_count_hidden":0,"_bbp_forum_subforum_count":0,"footnotes":""},"class_list":["post-64","page","type-page","status-publish","hentry"],"post_mailing_queue_ids":[],"_links":{"self":[{"href":"https:\/\/agora.xtec.cat\/escolamaredelamerce-santramon\/wp-json\/wp\/v2\/pages\/64","targetHints":{"allow":["GET"]}}],"collection":[{"href":"https:\/\/agora.xtec.cat\/escolamaredelamerce-santramon\/wp-json\/wp\/v2\/pages"}],"about":[{"href":"https:\/\/agora.xtec.cat\/escolamaredelamerce-santramon\/wp-json\/wp\/v2\/types\/page"}],"author":[{"embeddable":true,"href":"https:\/\/agora.xtec.cat\/escolamaredelamerce-santramon\/wp-json\/wp\/v2\/users\/1"}],"replies":[{"embeddable":true,"href":"https:\/\/agora.xtec.cat\/escolamaredelamerce-santramon\/wp-json\/wp\/v2\/comments?post=64"}],"version-history":[{"count":4,"href":"https:\/\/agora.xtec.cat\/escolamaredelamerce-santramon\/wp-json\/wp\/v2\/pages\/64\/revisions"}],"predecessor-version":[{"id":1123,"href":"https:\/\/agora.xtec.cat\/escolamaredelamerce-santramon\/wp-json\/wp\/v2\/pages\/64\/revisions\/1123"}],"wp:attachment":[{"href":"https:\/\/agora.xtec.cat\/escolamaredelamerce-santramon\/wp-json\/wp\/v2\/media?parent=64"}],"curies":[{"name":"wp","href":"https:\/\/api.w.org\/{rel}","templated":true}]}}