{"id":26,"date":"2014-09-18T12:24:32","date_gmt":"2014-09-18T11:24:32","guid":{"rendered":"http:\/\/agora.xtec.cat\/escolamaredelamerce-santramon\/?page_id=26"},"modified":"2019-01-22T16:21:06","modified_gmt":"2019-01-22T15:21:06","slug":"historia","status":"publish","type":"page","link":"https:\/\/agora.xtec.cat\/escolamaredelamerce-santramon\/lescola\/historia\/","title":{"rendered":"Hist\u00f2ria"},"content":{"rendered":"<p><span style=\"font-weight: 400;\">A l&#8217;escola Mare de D\u00e9u de la Merc\u00e8 hem comen\u00e7at el curs amb quatre novetats evidents.<\/span><\/p>\n<p><span style=\"font-weight: 400;\">La primera \u00e9s que ens hem estrenat com escola unit\u00e0ria. Durant 28 anys hem compartit una traject\u00f2ria conjunta amb la ZER la Segarra, de la qual en formen part tamb\u00e9 l\u2019Escola Vall Ondara, Escola de Sana\u00fcja i Escola de Pallargues. <\/span><\/p>\n<p><span style=\"font-weight: 400;\"> Anys, al llarg dels quals tots hem apr\u00e8s i hem evolucionat. Destacant la bona conviv\u00e8ncia, col\u00b7laboraci\u00f3 acad\u00e8mica i la bona relaci\u00f3 personal entre tots els companys. La valoraci\u00f3 \u00e9s altament favorable i entranyable.<\/span><\/p>\n<p><span style=\"font-weight: 400;\">La decisi\u00f3 d&#8217;emprendre el nostre propi cam\u00ed, es va comen\u00e7ar a bastir el curs passat, per diferents motius que breument us exposem.<\/span><\/p>\n<p><span style=\"font-weight: 400;\"> \u00a0\u00a0Per una banda, ens vam trobar que el nombre d&#8217;alumnes va cr\u00e9ixer considerablement en els \u00faltims anys. Aquest fet va comportar haver d&#8217;atendre noves necessitats organitzatives d&#8217;escola tals com la metodologia pedag\u00f2gica, els espais, l\u2019atenci\u00f3 als alumnes i a les fam\u00edlies, entre d\u2019altres. Per tant, el volum de feina tamb\u00e9 va augmentar de forma not\u00f2ria. Atendre les dues realitats; les demandes de la ZER i les pr\u00f2pies d&#8217;escola, cada vegada era m\u00e9s complex. La balan\u00e7a, a poc a poc, s&#8217;inclinava a cobrir les necessitats d&#8217;escola i es feia evident la incapacitat de sostenir-ho tot. <\/span><\/p>\n<p>&nbsp;<\/p>\n<p><span style=\"font-weight: 400;\">El nostre projecte pedag\u00f2gic ens exigia destinar temps a propostes de formaci\u00f3 sensiblement diferents de la resta de centres de la ZER. Actualment estem inscrits al projecte d&#8217;Escola Nova 21. Tamb\u00e9 facilitem petites formacions i assessoraments a centres que estan interessats a desenvolupar projectes pedag\u00f2gics innovadors, entre altres formacions puntuals que van sorgint per atendre la resoluci\u00f3 de necessitats que es van generant al nostre dia a dia. Un seguit de responsabilitats i compromisos que exigeixen un elevat grau d&#8217;implicaci\u00f3 a nivell \u00a0professional. Era important, poder destinar el m\u00e0xim de temps possible a fer realitat el nostre projecte d&#8217;escola. Un projecte que va en sintonia amb una demanda latent en la societat.<\/span><\/p>\n<p>&nbsp;<\/p>\n<p><span style=\"font-weight: 400;\">La realitat social, econ\u00f2mica, pol\u00edtica&#8230; canvia molt r\u00e0pidament. Una de les tasques de les escoles \u00e9s detectar aquests canvis i transformar-se per poder donar-hi resposta. Aquests canvis han estat especialment profunds en aquest inici de segle, tant \u00e9s aix\u00ed, que la nostra escola fa cinc anys va iniciar un proc\u00e9s de reflexi\u00f3 envers la resposta que donava al nou paradigma. Fruit d&#8217;un gran treball de recerca i reflexi\u00f3, ha sorgit una nova visi\u00f3 d&#8217;escola amb una nova mirada que implica una metodologia i una pedagogia adaptada als nostres temps. <\/span><\/p>\n<p>&nbsp;<\/p>\n<p><span style=\"font-weight: 400;\">La segona novetat, \u00e9s l&#8217;augment de plantilla, hem passat de 6 a 9 mestres. Una nova realitat que ens permet atendre als alumnes de forma m\u00e9s individualitzada, amb tots els beneficis que aix\u00f2 comporta. Un d\u2019aquests, per exemple el trobar\u00edem en l\u2019augment de la pres\u00e8ncia de la llengua anglesa; l&#8217;espai d&#8217;art, les sessions de caixes curriculars o el projecte dels alumnes de cicle superior en angl\u00e8s durant el segon trimestre. En s\u00f3n algunes de les novetats que hem incorporat aquest curs per treballar la llengua anglesa de forma transversal i funcional. <\/span><\/p>\n<p><span style=\"font-weight: 400;\">Amb l&#8217;augment de plantilla tamb\u00e9 hem pogut refor\u00e7ar l&#8217;espai de moviment o Educaci\u00f3 F\u00edsica. Avui dia, ja hi ha evid\u00e8ncies cient\u00edfiques com les que presenta el professor Terry Sejnowski que demostren que per a la creaci\u00f3 i regeneraci\u00f3 de noves connexions neuronals, el moviment lliure \u00e9s imprescindible. A l&#8217;escola, dues tardes a la setmana els infants poden anar a l&#8217;espai de bosc, all\u00ed gaudeixen d&#8217;un ambient de joc lliure o si s&#8217;estimen m\u00e9s poden realitzar propostes plantejades pel mestre d&#8217;Educaci\u00f3 F\u00edsica com ara; cordes per emparrar-se, cinta ampla per fer equilibris, hamaques, jocs amb escales de coordinaci\u00f3, cercles, etc. Espai que hem pogut ampliar i dotar de fonament, gr\u00e0cies a l&#8217;assessorament de l&#8217;Anna Bar\u00f3.<\/span><\/p>\n<p>&nbsp;<\/p>\n<p><span style=\"font-weight: 400;\">La tercera novetat ha estat el canvi d&#8217;horari de l&#8217;escola. Si l&#8217;any passat era de 6 hores, enguany \u00e9s de 5 hores lectives; de 2\/4 de 10 h a 2\/4 d&#8217;1 h i de 15 h a 17\u202fh, excepte el divendres que amb l&#8217;aplicaci\u00f3 del SEP fem una hora m\u00e9s.<\/span><\/p>\n<p><span style=\"font-weight: 400;\">Aquesta modificaci\u00f3 d&#8217;horari no ha estat massa celebrada per part de les fam\u00edlies, la gran majoria d&#8217;elles continuarien donant suport a l&#8217;horari de 6 hores, ja que manifesten que les 2,5h al migdia s\u00f3n excessives i els seus fills s&#8217;avorreixen. El claustre de professors ha escoltat aquestes demandes i intentar\u00e0 cercar solucions pel curs vinent.<\/span><\/p>\n<p>&nbsp;<\/p>\n<p><span style=\"font-weight: 400;\">La quarta novetat fa refer\u00e8ncia al canvi de mobiliari de les aules. El paisatge d&#8217;aula, s&#8217;ha transformat substancialment. Que bonics i acollidors s\u00f3n ara els espais de l&#8217;escola amb sof\u00e0s, butaques, tauletes, llums, plantes o prestatges a mida. Tot plegat perqu\u00e8 els alumnes es trobin en un espai m\u00e9s acollidor, organitzat, endre\u00e7at i polit que fomenta el benestar i convida al recolliment, a la concentraci\u00f3. Apostem pels colors neutres, mobiliari de fusta; colors i olors que generen serenor i ens fan sentir com a casa. Ja sabem que l&#8217;aprenentatge es d\u00f3na quan hi ha una emoci\u00f3 i si aquesta \u00e9s favorable, s&#8217;integra de manera m\u00e9s r\u00e0pida i eficient. Els ambients de l&#8217;escola doncs estan pensats per afavorir no nom\u00e9s el benestar emocional dels infants sin\u00f3 tot el proc\u00e9s d&#8217;ensenyament i aprenentatge.<\/span><\/p>\n<p>&nbsp;<\/p>\n<p><span style=\"font-weight: 400;\">Tot aix\u00f2 no hauria estat possible sense l&#8217;ajuda econ\u00f2mica i la col\u00b7laboraci\u00f3 de l&#8217;Ampa amb el suport de totes les fam\u00edlies de l&#8217;escola. Generosa, ha estat sempre tamb\u00e9 la contribuci\u00f3 i l&#8217;empar de l&#8217;Ajuntament i tots els seus treballadors, aix\u00ed com l&#8217;acollida del poble en vers l&#8217;escola.<\/span><\/p>\n<p><span style=\"font-weight: 400;\">Estem immensament agra\u00efts a tota la comunitat educativa de l&#8217;escola de Sant Ramon. Gr\u00e0cies a tot ells la prosperitat de l&#8217;escola est\u00e0 assegurada i de retruc la progressi\u00f3 dels nostres alumnes.<\/span><\/p>\n<p><span style=\"font-weight: 400;\">Uns nens que s\u00f3n el futur del poble, de la societat. Un futur que es presenta incert i complex per\u00f2 amb m\u00faltiples possibilitats.<\/span><\/p>\n<p><span style=\"font-weight: 400;\">A l&#8217;escola de Sant Ramon no perdem de vista que aquests infants s\u00f3n el futur i treballem dia a dia per acompanyar i formar persones emocionalment i intel\u00b7lectualment \u00edntegres, coherents i amb esperit cr\u00edtic. No deixem de confiar en ells, perqu\u00e8 ells representen la continu\u00eftat a la vida.<\/span><\/p>\n<p>&nbsp;<\/p>\n<p><span style=\"font-weight: 400;\">Claustre de mestres de l&#8217;escola Mare de D\u00e9u de la Merc\u00e8,<\/span><\/p>\n<p>&nbsp;<\/p>\n<p>&nbsp;<\/p>\n<p>&nbsp;<\/p>\n","protected":false},"excerpt":{"rendered":"<p>A l&#8217;escola Mare de D\u00e9u de la Merc\u00e8 hem comen\u00e7at el curs amb quatre novetats evidents.<br \/>\nLa primera \u00e9s que ens hem estrenat com escola unit\u00e0ria. Durant 28 anys hem compartit una traject\u00f2ria conjunta amb la ZER la Segarra, de la qual en formen part tamb\u00e9&hellip;  <a href=\"https:\/\/agora.xtec.cat\/escolamaredelamerce-santramon\/lescola\/historia\/\" title=\"Read Hist\u00f2ria\">Llegeix m\u00e9s\u00bb<\/a><\/p>\n","protected":false},"author":1,"featured_media":0,"parent":22,"menu_order":20,"comment_status":"closed","ping_status":"closed","template":"page-templates\/side-menu.php","meta":{"_bbp_topic_count":0,"_bbp_reply_count":0,"_bbp_total_topic_count":0,"_bbp_total_reply_count":0,"_bbp_voice_count":0,"_bbp_anonymous_reply_count":0,"_bbp_topic_count_hidden":0,"_bbp_reply_count_hidden":0,"_bbp_forum_subforum_count":0,"footnotes":""},"class_list":["post-26","page","type-page","status-publish","hentry"],"post_mailing_queue_ids":[],"_links":{"self":[{"href":"https:\/\/agora.xtec.cat\/escolamaredelamerce-santramon\/wp-json\/wp\/v2\/pages\/26","targetHints":{"allow":["GET"]}}],"collection":[{"href":"https:\/\/agora.xtec.cat\/escolamaredelamerce-santramon\/wp-json\/wp\/v2\/pages"}],"about":[{"href":"https:\/\/agora.xtec.cat\/escolamaredelamerce-santramon\/wp-json\/wp\/v2\/types\/page"}],"author":[{"embeddable":true,"href":"https:\/\/agora.xtec.cat\/escolamaredelamerce-santramon\/wp-json\/wp\/v2\/users\/1"}],"replies":[{"embeddable":true,"href":"https:\/\/agora.xtec.cat\/escolamaredelamerce-santramon\/wp-json\/wp\/v2\/comments?post=26"}],"version-history":[{"count":1,"href":"https:\/\/agora.xtec.cat\/escolamaredelamerce-santramon\/wp-json\/wp\/v2\/pages\/26\/revisions"}],"predecessor-version":[{"id":474,"href":"https:\/\/agora.xtec.cat\/escolamaredelamerce-santramon\/wp-json\/wp\/v2\/pages\/26\/revisions\/474"}],"up":[{"embeddable":true,"href":"https:\/\/agora.xtec.cat\/escolamaredelamerce-santramon\/wp-json\/wp\/v2\/pages\/22"}],"wp:attachment":[{"href":"https:\/\/agora.xtec.cat\/escolamaredelamerce-santramon\/wp-json\/wp\/v2\/media?parent=26"}],"curies":[{"name":"wp","href":"https:\/\/api.w.org\/{rel}","templated":true}]}}

Història

<p><span style="font-weight: 400;">A l&#8217;escola Mare de Déu de la Mercè hem començat el curs amb quatre novetats evidents.</span></p>
<p><span style="font-weight: 400;">La primera és que ens hem estrenat com escola unitària. Durant 28 anys hem compartit una trajectòria conjunta amb la ZER la Segarra, de la qual en formen part també l’Escola Vall Ondara, Escola de Sanaüja i Escola de Pallargues. </span></p>
<p><span style="font-weight: 400;"> Anys, al llarg dels quals tots hem après i hem evolucionat. Destacant la bona convivència, col·laboració acadèmica i la bona relació personal entre tots els companys. La valoració és altament favorable i entranyable.</span></p>
<p><span style="font-weight: 400;">La decisió d&#8217;emprendre el nostre propi camí, es va començar a bastir el curs passat, per diferents motius que breument us exposem.</span></p>
<p><span style="font-weight: 400;">   Per una banda, ens vam trobar que el nombre d&#8217;alumnes va créixer considerablement en els últims anys. Aquest fet va comportar haver d&#8217;atendre noves necessitats organitzatives d&#8217;escola tals com la metodologia pedagògica, els espais, l’atenció als alumnes i a les famílies, entre d’altres. Per tant, el volum de feina també va augmentar de forma notòria. Atendre les dues realitats; les demandes de la ZER i les pròpies d&#8217;escola, cada vegada era més complex. La balança, a poc a poc, s&#8217;inclinava a cobrir les necessitats d&#8217;escola i es feia evident la incapacitat de sostenir-ho tot. </span></p>
<p>&nbsp;</p>
<p><span style="font-weight: 400;">El nostre projecte pedagògic ens exigia destinar temps a propostes de formació sensiblement diferents de la resta de centres de la ZER. Actualment estem inscrits al projecte d&#8217;Escola Nova 21. També facilitem petites formacions i assessoraments a centres que estan interessats a desenvolupar projectes pedagògics innovadors, entre altres formacions puntuals que van sorgint per atendre la resolució de necessitats que es van generant al nostre dia a dia. Un seguit de responsabilitats i compromisos que exigeixen un elevat grau d&#8217;implicació a nivell  professional. Era important, poder destinar el màxim de temps possible a fer realitat el nostre projecte d&#8217;escola. Un projecte que va en sintonia amb una demanda latent en la societat.</span></p>
<p>&nbsp;</p>
<p><span style="font-weight: 400;">La realitat social, econòmica, política&#8230; canvia molt ràpidament. Una de les tasques de les escoles és detectar aquests canvis i transformar-se per poder donar-hi resposta. Aquests canvis han estat especialment profunds en aquest inici de segle, tant és així, que la nostra escola fa cinc anys va iniciar un procés de reflexió envers la resposta que donava al nou paradigma. Fruit d&#8217;un gran treball de recerca i reflexió, ha sorgit una nova visió d&#8217;escola amb una nova mirada que implica una metodologia i una pedagogia adaptada als nostres temps. </span></p>
<p>&nbsp;</p>
<p><span style="font-weight: 400;">La segona novetat, és l&#8217;augment de plantilla, hem passat de 6 a 9 mestres. Una nova realitat que ens permet atendre als alumnes de forma més individualitzada, amb tots els beneficis que això comporta. Un d’aquests, per exemple el trobaríem en l’augment de la presència de la llengua anglesa; l&#8217;espai d&#8217;art, les sessions de caixes curriculars o el projecte dels alumnes de cicle superior en anglès durant el segon trimestre. En són algunes de les novetats que hem incorporat aquest curs per treballar la llengua anglesa de forma transversal i funcional. </span></p>
<p><span style="font-weight: 400;">Amb l&#8217;augment de plantilla també hem pogut reforçar l&#8217;espai de moviment o Educació Física. Avui dia, ja hi ha evidències científiques com les que presenta el professor Terry Sejnowski que demostren que per a la creació i regeneració de noves connexions neuronals, el moviment lliure és imprescindible. A l&#8217;escola, dues tardes a la setmana els infants poden anar a l&#8217;espai de bosc, allí gaudeixen d&#8217;un ambient de joc lliure o si s&#8217;estimen més poden realitzar propostes plantejades pel mestre d&#8217;Educació Física com ara; cordes per emparrar-se, cinta ampla per fer equilibris, hamaques, jocs amb escales de coordinació, cercles, etc. Espai que hem pogut ampliar i dotar de fonament, gràcies a l&#8217;assessorament de l&#8217;Anna Baró.</span></p>
<p>&nbsp;</p>
<p><span style="font-weight: 400;">La tercera novetat ha estat el canvi d&#8217;horari de l&#8217;escola. Si l&#8217;any passat era de 6 hores, enguany és de 5 hores lectives; de 2/4 de 10 h a 2/4 d&#8217;1 h i de 15 h a 17 h, excepte el divendres que amb l&#8217;aplicació del SEP fem una hora més.</span></p>
<p><span style="font-weight: 400;">Aquesta modificació d&#8217;horari no ha estat massa celebrada per part de les famílies, la gran majoria d&#8217;elles continuarien donant suport a l&#8217;horari de 6 hores, ja que manifesten que les 2,5h al migdia són excessives i els seus fills s&#8217;avorreixen. El claustre de professors ha escoltat aquestes demandes i intentarà cercar solucions pel curs vinent.</span></p>
<p>&nbsp;</p>
<p><span style="font-weight: 400;">La quarta novetat fa referència al canvi de mobiliari de les aules. El paisatge d&#8217;aula, s&#8217;ha transformat substancialment. Que bonics i acollidors són ara els espais de l&#8217;escola amb sofàs, butaques, tauletes, llums, plantes o prestatges a mida. Tot plegat perquè els alumnes es trobin en un espai més acollidor, organitzat, endreçat i polit que fomenta el benestar i convida al recolliment, a la concentració. Apostem pels colors neutres, mobiliari de fusta; colors i olors que generen serenor i ens fan sentir com a casa. Ja sabem que l&#8217;aprenentatge es dóna quan hi ha una emoció i si aquesta és favorable, s&#8217;integra de manera més ràpida i eficient. Els ambients de l&#8217;escola doncs estan pensats per afavorir no només el benestar emocional dels infants sinó tot el procés d&#8217;ensenyament i aprenentatge.</span></p>
<p>&nbsp;</p>
<p><span style="font-weight: 400;">Tot això no hauria estat possible sense l&#8217;ajuda econòmica i la col·laboració de l&#8217;Ampa amb el suport de totes les famílies de l&#8217;escola. Generosa, ha estat sempre també la contribució i l&#8217;empar de l&#8217;Ajuntament i tots els seus treballadors, així com l&#8217;acollida del poble en vers l&#8217;escola.</span></p>
<p><span style="font-weight: 400;">Estem immensament agraïts a tota la comunitat educativa de l&#8217;escola de Sant Ramon. Gràcies a tot ells la prosperitat de l&#8217;escola està assegurada i de retruc la progressió dels nostres alumnes.</span></p>
<p><span style="font-weight: 400;">Uns nens que són el futur del poble, de la societat. Un futur que es presenta incert i complex però amb múltiples possibilitats.</span></p>
<p><span style="font-weight: 400;">A l&#8217;escola de Sant Ramon no perdem de vista que aquests infants són el futur i treballem dia a dia per acompanyar i formar persones emocionalment i intel·lectualment íntegres, coherents i amb esperit crític. No deixem de confiar en ells, perquè ells representen la continuïtat a la vida.</span></p>
<p>&nbsp;</p>
<p><span style="font-weight: 400;">Claustre de mestres de l&#8217;escola Mare de Déu de la Mercè,</span></p>
<p>&nbsp;</p>
<p>&nbsp;</p>
<p>&nbsp;</p>

<p>A l&#8217;escola Mare de Déu de la Mercè hem començat el curs amb quatre novetats evidents.<br />
La primera és que ens hem estrenat com escola unitària. Durant 28 anys hem compartit una trajectòria conjunta amb la ZER la Segarra, de la qual en formen part també&hellip;  <a href="https://agora.xtec.cat/escolamaredelamerce-santramon/lescola/historia/" title="Read Història">Llegeix més»</a></p>
