{"id":1984,"date":"2023-10-19T11:30:45","date_gmt":"2023-10-19T09:30:45","guid":{"rendered":"https:\/\/agora.xtec.cat\/escolamansuet\/?page_id=1984"},"modified":"2023-11-25T19:12:49","modified_gmt":"2023-11-25T18:12:49","slug":"eleccions-consell-escolar","status":"publish","type":"page","link":"https:\/\/agora.xtec.cat\/escolamansuet\/lescola\/consell-escolar\/eleccions-consell-escolar\/","title":{"rendered":"Eleccions Consell Escolar"},"content":{"rendered":"<p><img loading=\"lazy\" decoding=\"async\" class=\"aligncenter size-large wp-image-1990\" src=\"https:\/\/agora.xtec.cat\/escolamansuet\/wp-content\/uploads\/usu1881\/2023\/10\/Vinil-escola-Mansuet-un-mon-democions-1024x307.jpg\" alt=\"\" width=\"1024\" height=\"307\" srcset=\"https:\/\/agora.xtec.cat\/escolamansuet\/wp-content\/uploads\/usu1881\/2023\/10\/Vinil-escola-Mansuet-un-mon-democions-1024x307.jpg 1024w, https:\/\/agora.xtec.cat\/escolamansuet\/wp-content\/uploads\/usu1881\/2023\/10\/Vinil-escola-Mansuet-un-mon-democions-300x90.jpg 300w, https:\/\/agora.xtec.cat\/escolamansuet\/wp-content\/uploads\/usu1881\/2023\/10\/Vinil-escola-Mansuet-un-mon-democions-768x230.jpg 768w, https:\/\/agora.xtec.cat\/escolamansuet\/wp-content\/uploads\/usu1881\/2023\/10\/Vinil-escola-Mansuet-un-mon-democions-1536x461.jpg 1536w, https:\/\/agora.xtec.cat\/escolamansuet\/wp-content\/uploads\/usu1881\/2023\/10\/Vinil-escola-Mansuet-un-mon-democions-2048x614.jpg 2048w\" sizes=\"auto, (max-width: 1024px) 100vw, 1024px\" \/><\/p>\n<p><span style=\"color: #000000;\">Benvolgudes fam\u00edlies,<\/span><\/p>\n<p style=\"text-align: justify;\"><span style=\"color: #000000;\">Com a Presidenta del Consell Escolar de l\u2019escola Mansuet, estableixo el seg\u00fcent<span style=\"color: #993300;\">\u00a0<strong>calendari d\u2019eleccions<\/strong><\/span>\u00a0per a la renovaci\u00f3 parcial de l\u2019actual Consell Escolar.<\/span><\/p>\n<p style=\"text-align: justify;\"><span style=\"color: #000000;\">A partir del dia 30 d\u2019octubre tindreu a la vostra disposici\u00f3 els\u00a0<span style=\"color: #993300;\"><strong>censos provisionals<\/strong><\/span>, que trobareu exposats a la porta de consergeria del centre.<\/span><\/p>\n<p><img loading=\"lazy\" decoding=\"async\" class=\"aligncenter size-full wp-image-2014\" src=\"https:\/\/agora.xtec.cat\/escolamansuet\/wp-content\/uploads\/usu1881\/2023\/11\/calendari-eleccions-23-24-1.png\" alt=\"\" width=\"893\" height=\"719\" srcset=\"https:\/\/agora.xtec.cat\/escolamansuet\/wp-content\/uploads\/usu1881\/2023\/11\/calendari-eleccions-23-24-1.png 893w, https:\/\/agora.xtec.cat\/escolamansuet\/wp-content\/uploads\/usu1881\/2023\/11\/calendari-eleccions-23-24-1-300x242.png 300w, https:\/\/agora.xtec.cat\/escolamansuet\/wp-content\/uploads\/usu1881\/2023\/11\/calendari-eleccions-23-24-1-768x618.png 768w\" sizes=\"auto, (max-width: 893px) 100vw, 893px\" \/><\/p>\n<div class=\"gmail_default\" style=\"text-align: justify;\">\n<p>Tenim el plaer de poder compartir amb vosaltres les s\u00faper candidates a formar part del Consell Escolar del Mansuet.<\/p>\n<p><img loading=\"lazy\" decoding=\"async\" class=\"aligncenter size-large wp-image-2020\" src=\"https:\/\/agora.xtec.cat\/escolamansuet\/wp-content\/uploads\/usu1881\/2023\/11\/SectorparesimaresConsellEscolar23-1024x576.png\" alt=\"\" width=\"1024\" height=\"576\" srcset=\"https:\/\/agora.xtec.cat\/escolamansuet\/wp-content\/uploads\/usu1881\/2023\/11\/SectorparesimaresConsellEscolar23-1024x576.png 1024w, https:\/\/agora.xtec.cat\/escolamansuet\/wp-content\/uploads\/usu1881\/2023\/11\/SectorparesimaresConsellEscolar23-300x169.png 300w, https:\/\/agora.xtec.cat\/escolamansuet\/wp-content\/uploads\/usu1881\/2023\/11\/SectorparesimaresConsellEscolar23-768x432.png 768w, https:\/\/agora.xtec.cat\/escolamansuet\/wp-content\/uploads\/usu1881\/2023\/11\/SectorparesimaresConsellEscolar23-1536x864.png 1536w, https:\/\/agora.xtec.cat\/escolamansuet\/wp-content\/uploads\/usu1881\/2023\/11\/SectorparesimaresConsellEscolar23-2048x1152.png 2048w\" sizes=\"auto, (max-width: 1024px) 100vw, 1024px\" \/><\/p>\n<p>Per ordre alfab\u00e8tic us presentem a:<\/p>\n<ul>\n<li style=\"list-style-type: none;\">\n<ul>\n<li>L&#8217;<strong>Iris Raya,<\/strong> mare del Mart\u00ed d&#8217; I4 i de la Nora, futura alumna mansuetina.<\/li>\n<li>La <strong>Pati Roura,<\/strong> mare de la Paula d&#8217;I4 i en Jan d&#8217;I5.<\/li>\n<\/ul>\n<\/li>\n<\/ul>\n<p>Molt\u00edssimes gr\u00e0cies Iris i Pati per la vostra implicaci\u00f3, acompanyament i desig de sumar; gr\u00e0cies pel vostre comprom\u00eds i per formar part activa en el proc\u00e9s d&#8217;evoluci\u00f3 i millora de la nostra comunitat educativa.<\/p>\n<p><strong>Fam\u00edlies, volem insistir en la import\u00e0ncia de participar en les votacions del proper divendres 24 de novembre; \u00e9s necessari que us sentiu confiats i representats en l&#8217;\u00f2rgan de govern de l&#8217;escola. \u00c9s per aix\u00f2 que us encoratgem a apropar-vos a la mesa de votacions que situarem al hall de l&#8217;escola des de les 09:00h fins les 17&#8217;00h.<\/strong><\/p>\n<p>Tot i que s\u00f3n dues candidates i, hi ha dos llocs per cobrir, la resoluci\u00f3 contempla la celebraci\u00f3 de les eleccions per tal de donar validesa al proc\u00e9s.<\/p>\n<div class=\"gmail_default\">\n<p>Cada pare, mare, tutor o tutora legal t\u00e9 dret a dos vots, poden fer \u00fas d&#8217;un, dos o cap. \u00c9s a dir, una persona pot votar nom\u00e9s a una de les candidates o b\u00e9 a les dues, o deixar el vot en blanc.\u00a0 Per tant, en una mateixa fam\u00edlia\u00a0el pare\/mare t\u00e9 dret a dos vots i l&#8217;altre pare\/mare t\u00e9 dos vots.<\/p>\n<p>Qualsevol pregunta o inquietud, si us plau, no dubteu en posar-vos en contacte amb nosaltres.<\/p>\n<p>Us informem del recompte final dels vots de les eleccions al Consell Escola del sector pares i mares:<\/p>\n<p style=\"padding-left: 40px;\"><strong>Total de vots emets: 53<\/strong><\/p>\n<p style=\"text-align: justify; padding-left: 80px;\"><strong>Sra. Iris Raya: 29<\/strong><\/p>\n<p style=\"text-align: justify; padding-left: 80px;\"><strong>Sra. Pati Roure: 49<\/strong><\/p>\n<p style=\"text-align: justify;\">Volem agrair encaridament la vostra participaci\u00f3 i implicaci\u00f3 en el projecte i instituci\u00f3.<\/p>\n<p style=\"text-align: justify;\">Felicitats a l&#8217;Iris i la Pati, des d&#8217;avui, membres del Consell Escolar Mansuet\u00ed!<\/p>\n<p style=\"text-align: justify;\">Fem una menci\u00f3 especial a la Sra. Virginia Casta\u00f1erira (mare de l&#8217;Irina de 6\u00e8) i la Vanesa Villegas (mare de l&#8217;Oscar de 5\u00e8 i la Saioa de 2n), que ens han acompanyat en la mesa electoral. Mil gr\u00e0cies per la predisposici\u00f3 i actitud durant tot el dia. Ha estat un plaer!<\/p>\n<div class=\"gmail_default\"><\/div>\n<\/div>\n<\/div>\n","protected":false},"excerpt":{"rendered":"<p>Benvolgudes fam\u00edlies, Com a Presidenta del Consell Escolar de l\u2019escola Mansuet, estableixo el seg\u00fcent\u00a0calendari d\u2019eleccions\u00a0per a la renovaci\u00f3 parcial de l\u2019actual Consell Escolar. A partir del dia 30 d\u2019octubre tindreu a la vostra disposici\u00f3 els\u00a0censos provisionals, que trobareu exposats a la porta de consergeria del centre. Tenim el plaer de poder compartir amb vosaltres les [&hellip;]<\/p>\n","protected":false},"author":1,"featured_media":0,"parent":1014,"menu_order":0,"comment_status":"closed","ping_status":"closed","template":"","meta":{"_bbp_topic_count":0,"_bbp_reply_count":0,"_bbp_total_topic_count":0,"_bbp_total_reply_count":0,"_bbp_voice_count":0,"_bbp_anonymous_reply_count":0,"_bbp_topic_count_hidden":0,"_bbp_reply_count_hidden":0,"_bbp_forum_subforum_count":0,"site-sidebar-layout":"default","site-content-layout":"","ast-site-content-layout":"","site-content-style":"default","site-sidebar-style":"default","ast-global-header-display":"","ast-banner-title-visibility":"","ast-main-header-display":"","ast-hfb-above-header-display":"","ast-hfb-below-header-display":"","ast-hfb-mobile-header-display":"","site-post-title":"","ast-breadcrumbs-content":"","ast-featured-img":"","footer-sml-layout":"","theme-transparent-header-meta":"","adv-header-id-meta":"","stick-header-meta":"","header-above-stick-meta":"","header-main-stick-meta":"","header-below-stick-meta":"","astra-migrate-meta-layouts":"default","ast-page-background-enabled":"default","ast-page-background-meta":{"desktop":{"background-color":"var(--ast-global-color-4)","background-image":"","background-repeat":"repeat","background-position":"center center","background-size":"auto","background-attachment":"scroll","background-type":"","background-media":"","overlay-type":"","overlay-color":"","overlay-opacity":"","overlay-gradient":""},"tablet":{"background-color":"","background-image":"","background-repeat":"repeat","background-position":"center center","background-size":"auto","background-attachment":"scroll","background-type":"","background-media":"","overlay-type":"","overlay-color":"","overlay-opacity":"","overlay-gradient":""},"mobile":{"background-color":"","background-image":"","background-repeat":"repeat","background-position":"center center","background-size":"auto","background-attachment":"scroll","background-type":"","background-media":"","overlay-type":"","overlay-color":"","overlay-opacity":"","overlay-gradient":""}},"ast-content-background-meta":{"desktop":{"background-color":"var(--ast-global-color-5)","background-image":"","background-repeat":"repeat","background-position":"center center","background-size":"auto","background-attachment":"scroll","background-type":"","background-media":"","overlay-type":"","overlay-color":"","overlay-opacity":"","overlay-gradient":""},"tablet":{"background-color":"var(--ast-global-color-5)","background-image":"","background-repeat":"repeat","background-position":"center center","background-size":"auto","background-attachment":"scroll","background-type":"","background-media":"","overlay-type":"","overlay-color":"","overlay-opacity":"","overlay-gradient":""},"mobile":{"background-color":"var(--ast-global-color-5)","background-image":"","background-repeat":"repeat","background-position":"center center","background-size":"auto","background-attachment":"scroll","background-type":"","background-media":"","overlay-type":"","overlay-color":"","overlay-opacity":"","overlay-gradient":""}},"footnotes":""},"class_list":["post-1984","page","type-page","status-publish","hentry"],"post_mailing_queue_ids":[],"_links":{"self":[{"href":"https:\/\/agora.xtec.cat\/escolamansuet\/wp-json\/wp\/v2\/pages\/1984","targetHints":{"allow":["GET"]}}],"collection":[{"href":"https:\/\/agora.xtec.cat\/escolamansuet\/wp-json\/wp\/v2\/pages"}],"about":[{"href":"https:\/\/agora.xtec.cat\/escolamansuet\/wp-json\/wp\/v2\/types\/page"}],"author":[{"embeddable":true,"href":"https:\/\/agora.xtec.cat\/escolamansuet\/wp-json\/wp\/v2\/users\/1"}],"replies":[{"embeddable":true,"href":"https:\/\/agora.xtec.cat\/escolamansuet\/wp-json\/wp\/v2\/comments?post=1984"}],"version-history":[{"count":6,"href":"https:\/\/agora.xtec.cat\/escolamansuet\/wp-json\/wp\/v2\/pages\/1984\/revisions"}],"predecessor-version":[{"id":2029,"href":"https:\/\/agora.xtec.cat\/escolamansuet\/wp-json\/wp\/v2\/pages\/1984\/revisions\/2029"}],"up":[{"embeddable":true,"href":"https:\/\/agora.xtec.cat\/escolamansuet\/wp-json\/wp\/v2\/pages\/1014"}],"wp:attachment":[{"href":"https:\/\/agora.xtec.cat\/escolamansuet\/wp-json\/wp\/v2\/media?parent=1984"}],"curies":[{"name":"wp","href":"https:\/\/api.w.org\/{rel}","templated":true}]}}

<p><img loading="lazy" decoding="async" class="aligncenter size-large wp-image-1990" src="https://agora.xtec.cat/escolamansuet/wp-content/uploads/usu1881/2023/10/Vinil-escola-Mansuet-un-mon-democions-1024x307.jpg" alt="" width="1024" height="307" srcset="https://agora.xtec.cat/escolamansuet/wp-content/uploads/usu1881/2023/10/Vinil-escola-Mansuet-un-mon-democions-1024x307.jpg 1024w, https://agora.xtec.cat/escolamansuet/wp-content/uploads/usu1881/2023/10/Vinil-escola-Mansuet-un-mon-democions-300x90.jpg 300w, https://agora.xtec.cat/escolamansuet/wp-content/uploads/usu1881/2023/10/Vinil-escola-Mansuet-un-mon-democions-768x230.jpg 768w, https://agora.xtec.cat/escolamansuet/wp-content/uploads/usu1881/2023/10/Vinil-escola-Mansuet-un-mon-democions-1536x461.jpg 1536w, https://agora.xtec.cat/escolamansuet/wp-content/uploads/usu1881/2023/10/Vinil-escola-Mansuet-un-mon-democions-2048x614.jpg 2048w" sizes="auto, (max-width: 1024px) 100vw, 1024px" /></p>
<p><span style="color: #000000;">Benvolgudes famílies,</span></p>
<p style="text-align: justify;"><span style="color: #000000;">Com a Presidenta del Consell Escolar de l’escola Mansuet, estableixo el següent<span style="color: #993300;"> <strong>calendari d’eleccions</strong></span> per a la renovació parcial de l’actual Consell Escolar.</span></p>
<p style="text-align: justify;"><span style="color: #000000;">A partir del dia 30 d’octubre tindreu a la vostra disposició els <span style="color: #993300;"><strong>censos provisionals</strong></span>, que trobareu exposats a la porta de consergeria del centre.</span></p>
<p><img loading="lazy" decoding="async" class="aligncenter size-full wp-image-2014" src="https://agora.xtec.cat/escolamansuet/wp-content/uploads/usu1881/2023/11/calendari-eleccions-23-24-1.png" alt="" width="893" height="719" srcset="https://agora.xtec.cat/escolamansuet/wp-content/uploads/usu1881/2023/11/calendari-eleccions-23-24-1.png 893w, https://agora.xtec.cat/escolamansuet/wp-content/uploads/usu1881/2023/11/calendari-eleccions-23-24-1-300x242.png 300w, https://agora.xtec.cat/escolamansuet/wp-content/uploads/usu1881/2023/11/calendari-eleccions-23-24-1-768x618.png 768w" sizes="auto, (max-width: 893px) 100vw, 893px" /></p>
<div class="gmail_default" style="text-align: justify;">
<p>Tenim el plaer de poder compartir amb vosaltres les súper candidates a formar part del Consell Escolar del Mansuet.</p>
<p><img loading="lazy" decoding="async" class="aligncenter size-large wp-image-2020" src="https://agora.xtec.cat/escolamansuet/wp-content/uploads/usu1881/2023/11/SectorparesimaresConsellEscolar23-1024x576.png" alt="" width="1024" height="576" srcset="https://agora.xtec.cat/escolamansuet/wp-content/uploads/usu1881/2023/11/SectorparesimaresConsellEscolar23-1024x576.png 1024w, https://agora.xtec.cat/escolamansuet/wp-content/uploads/usu1881/2023/11/SectorparesimaresConsellEscolar23-300x169.png 300w, https://agora.xtec.cat/escolamansuet/wp-content/uploads/usu1881/2023/11/SectorparesimaresConsellEscolar23-768x432.png 768w, https://agora.xtec.cat/escolamansuet/wp-content/uploads/usu1881/2023/11/SectorparesimaresConsellEscolar23-1536x864.png 1536w, https://agora.xtec.cat/escolamansuet/wp-content/uploads/usu1881/2023/11/SectorparesimaresConsellEscolar23-2048x1152.png 2048w" sizes="auto, (max-width: 1024px) 100vw, 1024px" /></p>
<p>Per ordre alfabètic us presentem a:</p>
<ul>
<li style="list-style-type: none;">
<ul>
<li>L&#8217;<strong>Iris Raya,</strong> mare del Martí d&#8217; I4 i de la Nora, futura alumna mansuetina.</li>
<li>La <strong>Pati Roura,</strong> mare de la Paula d&#8217;I4 i en Jan d&#8217;I5.</li>
</ul>
</li>
</ul>
<p>Moltíssimes gràcies Iris i Pati per la vostra implicació, acompanyament i desig de sumar; gràcies pel vostre compromís i per formar part activa en el procés d&#8217;evolució i millora de la nostra comunitat educativa.</p>
<p><strong>Famílies, volem insistir en la importància de participar en les votacions del proper divendres 24 de novembre; és necessari que us sentiu confiats i representats en l&#8217;òrgan de govern de l&#8217;escola. És per això que us encoratgem a apropar-vos a la mesa de votacions que situarem al hall de l&#8217;escola des de les 09:00h fins les 17&#8217;00h.</strong></p>
<p>Tot i que són dues candidates i, hi ha dos llocs per cobrir, la resolució contempla la celebració de les eleccions per tal de donar validesa al procés.</p>
<div class="gmail_default">
<p>Cada pare, mare, tutor o tutora legal té dret a dos vots, poden fer ús d&#8217;un, dos o cap. És a dir, una persona pot votar només a una de les candidates o bé a les dues, o deixar el vot en blanc.  Per tant, en una mateixa família el pare/mare té dret a dos vots i l&#8217;altre pare/mare té dos vots.</p>
<p>Qualsevol pregunta o inquietud, si us plau, no dubteu en posar-vos en contacte amb nosaltres.</p>
<p>Us informem del recompte final dels vots de les eleccions al Consell Escola del sector pares i mares:</p>
<p style="padding-left: 40px;"><strong>Total de vots emets: 53</strong></p>
<p style="text-align: justify; padding-left: 80px;"><strong>Sra. Iris Raya: 29</strong></p>
<p style="text-align: justify; padding-left: 80px;"><strong>Sra. Pati Roure: 49</strong></p>
<p style="text-align: justify;">Volem agrair encaridament la vostra participació i implicació en el projecte i institució.</p>
<p style="text-align: justify;">Felicitats a l&#8217;Iris i la Pati, des d&#8217;avui, membres del Consell Escolar Mansuetí!</p>
<p style="text-align: justify;">Fem una menció especial a la Sra. Virginia Castañerira (mare de l&#8217;Irina de 6è) i la Vanesa Villegas (mare de l&#8217;Oscar de 5è i la Saioa de 2n), que ens han acompanyat en la mesa electoral. Mil gràcies per la predisposició i actitud durant tot el dia. Ha estat un plaer!</p>
<div class="gmail_default"></div>
</div>
</div>

<p>Benvolgudes famílies, Com a Presidenta del Consell Escolar de l’escola Mansuet, estableixo el següent calendari d’eleccions per a la renovació parcial de l’actual Consell Escolar. A partir del dia 30 d’octubre tindreu a la vostra disposició els censos provisionals, que trobareu exposats a la porta de consergeria del centre. Tenim el plaer de poder compartir amb vosaltres les [&hellip;]</p>
