{"id":1933,"date":"2023-07-06T18:42:27","date_gmt":"2023-07-06T16:42:27","guid":{"rendered":"https:\/\/agora.xtec.cat\/escolamansuet\/?page_id=1933"},"modified":"2023-09-12T16:54:59","modified_gmt":"2023-09-12T14:54:59","slug":"extraescolars","status":"publish","type":"page","link":"https:\/\/agora.xtec.cat\/escolamansuet\/extraescolars\/","title":{"rendered":"Extraescolars"},"content":{"rendered":"<div><\/div>\n<div><\/div>\n<div><img loading=\"lazy\" decoding=\"async\" class=\"aligncenter size-full wp-image-1925\" src=\"https:\/\/agora.xtec.cat\/escolamansuet\/wp-content\/uploads\/usu1881\/2023\/05\/3_3.jpg\" alt=\"\" width=\"2480\" height=\"520\" srcset=\"https:\/\/agora.xtec.cat\/escolamansuet\/wp-content\/uploads\/usu1881\/2023\/05\/3_3.jpg 2480w, https:\/\/agora.xtec.cat\/escolamansuet\/wp-content\/uploads\/usu1881\/2023\/05\/3_3-300x63.jpg 300w, https:\/\/agora.xtec.cat\/escolamansuet\/wp-content\/uploads\/usu1881\/2023\/05\/3_3-1024x215.jpg 1024w, https:\/\/agora.xtec.cat\/escolamansuet\/wp-content\/uploads\/usu1881\/2023\/05\/3_3-768x161.jpg 768w, https:\/\/agora.xtec.cat\/escolamansuet\/wp-content\/uploads\/usu1881\/2023\/05\/3_3-1536x322.jpg 1536w, https:\/\/agora.xtec.cat\/escolamansuet\/wp-content\/uploads\/usu1881\/2023\/05\/3_3-2048x429.jpg 2048w\" sizes=\"auto, (max-width: 2480px) 100vw, 2480px\" \/><\/div>\n<div><\/div>\n<div>\n<div><\/div>\n<p style=\"text-align: justify;\">Us fem arribar el calendari de la propera setmana on hem organitzat la visita de les diferents entitats de la majoria d&#8217;activitats que tenim. \u00c9s obligatori que els infants vinguin acompanyats d&#8217;un familiar, ja que les entitats us faran una explicaci\u00f3 de cada una de les activitats de les que s&#8217;ocupen. Veureu que les activitats que ja porten un temps, no tenen tastet&#8230; per\u00f2 podreu fer una classe de prova una vegada comencen.<\/p>\n<p style=\"text-align: justify;\">Si no teniu el document amb la informaci\u00f3 de l&#8217;AFA i de les extraescolars que oferim, aix\u00ed com el m\u00e8tode per donar-se d&#8217;alta a la web Ampasoft:\u00a0 <a href=\"https:\/\/ampamansuet.ampasoft.net\/\">https:\/\/ampamansuet.ampasoft.net\/<\/a>\u00a0el podeu demanar per les vies habituals.<\/p>\n<p>Cal recordar dues coses;<\/p>\n<p>&#8211; que les fam\u00edlies que ja estan associades de l&#8217;anterior curs, no cal que us torneu a donar d&#8217;alta.<\/p>\n<p>Si no recordeu la contrasenya o teniu cap dubte podeu fer-nos arribar la consulta i us donarem un nou usuari.<\/p>\n<p>Si es d\u00f3na el cas que no voleu continuar com a fam\u00edlia associada, caldr\u00e0 avisar abans del 18 de setembre.<\/p>\n<p>&#8211; que les inscripcions estan obertes fins el proper dia 18 de setembre.<\/p>\n<p>Sobre l&#8217;activitat de m\u00fasica que organitzar\u00e0 els dimecres l&#8217;Ajuntament i l&#8217;Escola de M\u00fasica, encara no tenim informaci\u00f3. Seguim a l&#8217;espera de que ens confirmin. En el moment que tinguem informaci\u00f3, us la farem arribar.<\/p>\n<p><img loading=\"lazy\" decoding=\"async\" class=\"aligncenter size-full wp-image-1963\" src=\"https:\/\/agora.xtec.cat\/escolamansuet\/wp-content\/uploads\/usu1881\/2023\/09\/TASTET.jpeg\" alt=\"\" width=\"1131\" height=\"1600\" srcset=\"https:\/\/agora.xtec.cat\/escolamansuet\/wp-content\/uploads\/usu1881\/2023\/09\/TASTET.jpeg 1131w, https:\/\/agora.xtec.cat\/escolamansuet\/wp-content\/uploads\/usu1881\/2023\/09\/TASTET-212x300.jpeg 212w, https:\/\/agora.xtec.cat\/escolamansuet\/wp-content\/uploads\/usu1881\/2023\/09\/TASTET-724x1024.jpeg 724w, https:\/\/agora.xtec.cat\/escolamansuet\/wp-content\/uploads\/usu1881\/2023\/09\/TASTET-768x1086.jpeg 768w, https:\/\/agora.xtec.cat\/escolamansuet\/wp-content\/uploads\/usu1881\/2023\/09\/TASTET-1086x1536.jpeg 1086w\" sizes=\"auto, (max-width: 1131px) 100vw, 1131px\" \/><\/p>\n<p>Si teniu qualsevol dubte podeu posar-vos en contacte amb nosaltres mitjan\u00e7ant aquestes vies:<\/p>\n<p>Correu electr\u00f2nic:\u00a0<a href=\"mailto:afamansuet@afamansuet.com\">afamansuet@afamansuet.com<\/a>\u00a0 \/\/\u00a0\u00a0<a href=\"mailto:coordinadoramansuet@gmail.com\">coordinadoramansuet@gmail.com<\/a><\/p>\n<p>Tel\u00e8fon:\u00a0621 049 588<\/p>\n<p>A l&#8217;escola amb la Mayra de:\u00a07:30 a 11 h i de 16 a 18 h<\/p>\n<p>&nbsp;<\/p>\n<p>Moltes gr\u00e0cies de part de tot l&#8217;equip de l&#8217;AFA<\/p>\n<p>Quedem a la vostra disposici\u00f3!<\/p>\n<\/div>\n","protected":false},"excerpt":{"rendered":"<p>Us fem arribar el calendari de la propera setmana on hem organitzat la visita de les diferents entitats de la majoria d&#8217;activitats que tenim. \u00c9s obligatori que els infants vinguin acompanyats d&#8217;un familiar, ja que les entitats us faran una explicaci\u00f3 de cada una de les activitats de les que s&#8217;ocupen. Veureu que les activitats [&hellip;]<\/p>\n","protected":false},"author":1,"featured_media":0,"parent":0,"menu_order":0,"comment_status":"closed","ping_status":"closed","template":"","meta":{"_bbp_topic_count":0,"_bbp_reply_count":0,"_bbp_total_topic_count":0,"_bbp_total_reply_count":0,"_bbp_voice_count":0,"_bbp_anonymous_reply_count":0,"_bbp_topic_count_hidden":0,"_bbp_reply_count_hidden":0,"_bbp_forum_subforum_count":0,"site-sidebar-layout":"default","site-content-layout":"","ast-site-content-layout":"","site-content-style":"default","site-sidebar-style":"default","ast-global-header-display":"","ast-banner-title-visibility":"","ast-main-header-display":"","ast-hfb-above-header-display":"","ast-hfb-below-header-display":"","ast-hfb-mobile-header-display":"","site-post-title":"","ast-breadcrumbs-content":"","ast-featured-img":"","footer-sml-layout":"","theme-transparent-header-meta":"","adv-header-id-meta":"","stick-header-meta":"","header-above-stick-meta":"","header-main-stick-meta":"","header-below-stick-meta":"","astra-migrate-meta-layouts":"default","ast-page-background-enabled":"default","ast-page-background-meta":{"desktop":{"background-color":"var(--ast-global-color-4)","background-image":"","background-repeat":"repeat","background-position":"center center","background-size":"auto","background-attachment":"scroll","background-type":"","background-media":"","overlay-type":"","overlay-color":"","overlay-opacity":"","overlay-gradient":""},"tablet":{"background-color":"","background-image":"","background-repeat":"repeat","background-position":"center center","background-size":"auto","background-attachment":"scroll","background-type":"","background-media":"","overlay-type":"","overlay-color":"","overlay-opacity":"","overlay-gradient":""},"mobile":{"background-color":"","background-image":"","background-repeat":"repeat","background-position":"center center","background-size":"auto","background-attachment":"scroll","background-type":"","background-media":"","overlay-type":"","overlay-color":"","overlay-opacity":"","overlay-gradient":""}},"ast-content-background-meta":{"desktop":{"background-color":"var(--ast-global-color-5)","background-image":"","background-repeat":"repeat","background-position":"center center","background-size":"auto","background-attachment":"scroll","background-type":"","background-media":"","overlay-type":"","overlay-color":"","overlay-opacity":"","overlay-gradient":""},"tablet":{"background-color":"var(--ast-global-color-5)","background-image":"","background-repeat":"repeat","background-position":"center center","background-size":"auto","background-attachment":"scroll","background-type":"","background-media":"","overlay-type":"","overlay-color":"","overlay-opacity":"","overlay-gradient":""},"mobile":{"background-color":"var(--ast-global-color-5)","background-image":"","background-repeat":"repeat","background-position":"center center","background-size":"auto","background-attachment":"scroll","background-type":"","background-media":"","overlay-type":"","overlay-color":"","overlay-opacity":"","overlay-gradient":""}},"footnotes":""},"class_list":["post-1933","page","type-page","status-publish","hentry"],"post_mailing_queue_ids":[],"_links":{"self":[{"href":"https:\/\/agora.xtec.cat\/escolamansuet\/wp-json\/wp\/v2\/pages\/1933","targetHints":{"allow":["GET"]}}],"collection":[{"href":"https:\/\/agora.xtec.cat\/escolamansuet\/wp-json\/wp\/v2\/pages"}],"about":[{"href":"https:\/\/agora.xtec.cat\/escolamansuet\/wp-json\/wp\/v2\/types\/page"}],"author":[{"embeddable":true,"href":"https:\/\/agora.xtec.cat\/escolamansuet\/wp-json\/wp\/v2\/users\/1"}],"replies":[{"embeddable":true,"href":"https:\/\/agora.xtec.cat\/escolamansuet\/wp-json\/wp\/v2\/comments?post=1933"}],"version-history":[{"count":2,"href":"https:\/\/agora.xtec.cat\/escolamansuet\/wp-json\/wp\/v2\/pages\/1933\/revisions"}],"predecessor-version":[{"id":1964,"href":"https:\/\/agora.xtec.cat\/escolamansuet\/wp-json\/wp\/v2\/pages\/1933\/revisions\/1964"}],"wp:attachment":[{"href":"https:\/\/agora.xtec.cat\/escolamansuet\/wp-json\/wp\/v2\/media?parent=1933"}],"curies":[{"name":"wp","href":"https:\/\/api.w.org\/{rel}","templated":true}]}}

<div></div>
<div></div>
<div><img loading="lazy" decoding="async" class="aligncenter size-full wp-image-1925" src="https://agora.xtec.cat/escolamansuet/wp-content/uploads/usu1881/2023/05/3_3.jpg" alt="" width="2480" height="520" srcset="https://agora.xtec.cat/escolamansuet/wp-content/uploads/usu1881/2023/05/3_3.jpg 2480w, https://agora.xtec.cat/escolamansuet/wp-content/uploads/usu1881/2023/05/3_3-300x63.jpg 300w, https://agora.xtec.cat/escolamansuet/wp-content/uploads/usu1881/2023/05/3_3-1024x215.jpg 1024w, https://agora.xtec.cat/escolamansuet/wp-content/uploads/usu1881/2023/05/3_3-768x161.jpg 768w, https://agora.xtec.cat/escolamansuet/wp-content/uploads/usu1881/2023/05/3_3-1536x322.jpg 1536w, https://agora.xtec.cat/escolamansuet/wp-content/uploads/usu1881/2023/05/3_3-2048x429.jpg 2048w" sizes="auto, (max-width: 2480px) 100vw, 2480px" /></div>
<div></div>
<div>
<div></div>
<p style="text-align: justify;">Us fem arribar el calendari de la propera setmana on hem organitzat la visita de les diferents entitats de la majoria d&#8217;activitats que tenim. És obligatori que els infants vinguin acompanyats d&#8217;un familiar, ja que les entitats us faran una explicació de cada una de les activitats de les que s&#8217;ocupen. Veureu que les activitats que ja porten un temps, no tenen tastet&#8230; però podreu fer una classe de prova una vegada comencen.</p>
<p style="text-align: justify;">Si no teniu el document amb la informació de l&#8217;AFA i de les extraescolars que oferim, així com el mètode per donar-se d&#8217;alta a la web Ampasoft:  <a href="https://ampamansuet.ampasoft.net/">https://ampamansuet.ampasoft.net/</a> el podeu demanar per les vies habituals.</p>
<p>Cal recordar dues coses;</p>
<p>&#8211; que les famílies que ja estan associades de l&#8217;anterior curs, no cal que us torneu a donar d&#8217;alta.</p>
<p>Si no recordeu la contrasenya o teniu cap dubte podeu fer-nos arribar la consulta i us donarem un nou usuari.</p>
<p>Si es dóna el cas que no voleu continuar com a família associada, caldrà avisar abans del 18 de setembre.</p>
<p>&#8211; que les inscripcions estan obertes fins el proper dia 18 de setembre.</p>
<p>Sobre l&#8217;activitat de música que organitzarà els dimecres l&#8217;Ajuntament i l&#8217;Escola de Música, encara no tenim informació. Seguim a l&#8217;espera de que ens confirmin. En el moment que tinguem informació, us la farem arribar.</p>
<p><img loading="lazy" decoding="async" class="aligncenter size-full wp-image-1963" src="https://agora.xtec.cat/escolamansuet/wp-content/uploads/usu1881/2023/09/TASTET.jpeg" alt="" width="1131" height="1600" srcset="https://agora.xtec.cat/escolamansuet/wp-content/uploads/usu1881/2023/09/TASTET.jpeg 1131w, https://agora.xtec.cat/escolamansuet/wp-content/uploads/usu1881/2023/09/TASTET-212x300.jpeg 212w, https://agora.xtec.cat/escolamansuet/wp-content/uploads/usu1881/2023/09/TASTET-724x1024.jpeg 724w, https://agora.xtec.cat/escolamansuet/wp-content/uploads/usu1881/2023/09/TASTET-768x1086.jpeg 768w, https://agora.xtec.cat/escolamansuet/wp-content/uploads/usu1881/2023/09/TASTET-1086x1536.jpeg 1086w" sizes="auto, (max-width: 1131px) 100vw, 1131px" /></p>
<p>Si teniu qualsevol dubte podeu posar-vos en contacte amb nosaltres mitjançant aquestes vies:</p>
<p>Correu electrònic: <a href="mailto:afamansuet@afamansuet.com">afamansuet@afamansuet.com</a>  //  <a href="mailto:coordinadoramansuet@gmail.com">coordinadoramansuet@gmail.com</a></p>
<p>Telèfon: 621 049 588</p>
<p>A l&#8217;escola amb la Mayra de: 7:30 a 11 h i de 16 a 18 h</p>
<p>&nbsp;</p>
<p>Moltes gràcies de part de tot l&#8217;equip de l&#8217;AFA</p>
<p>Quedem a la vostra disposició!</p>
</div>

<p>Us fem arribar el calendari de la propera setmana on hem organitzat la visita de les diferents entitats de la majoria d&#8217;activitats que tenim. És obligatori que els infants vinguin acompanyats d&#8217;un familiar, ja que les entitats us faran una explicació de cada una de les activitats de les que s&#8217;ocupen. Veureu que les activitats [&hellip;]</p>
