{"id":1044,"date":"2020-04-28T11:03:14","date_gmt":"2020-04-28T09:03:14","guid":{"rendered":"http:\/\/agora.xtec.cat\/escolamansuet\/?page_id=1044"},"modified":"2026-03-05T09:30:17","modified_gmt":"2026-03-05T08:30:17","slug":"espaipreinscripcio","status":"publish","type":"page","link":"https:\/\/agora.xtec.cat\/escolamansuet\/lescola\/espaipreinscripcio\/","title":{"rendered":"Espai Preinscripci\u00f3"},"content":{"rendered":"<div style=\"text-align: center;\">\n<h2 style=\"text-align: left;\"><strong>DATES IMPORTANTS<\/strong><\/h2>\n<p style=\"text-align: left;\"><strong>Educaci\u00f3 infantil (3-6 anys), educaci\u00f3 prim\u00e0ria i educaci\u00f3 secund\u00e0ria obligat\u00f2ria<\/strong><\/p>\n<p style=\"text-align: left;\"><span style=\"text-decoration: underline;\">Presentaci\u00f3 de sol\u00b7licituds:<\/span><\/p>\n<ul style=\"text-align: left;\">\n<li>Educaci\u00f3 infantil (3-6 anys) i educaci\u00f3 prim\u00e0ria: <strong>del 4 al 18 de mar\u00e7 de 2026<\/strong><\/li>\n<\/ul>\n<p style=\"text-align: left;\"><span style=\"text-decoration: underline;\">Matr\u00edcula:<\/span><\/p>\n<ul>\n<li style=\"text-align: left;\">Educaci\u00f3 infantil, educaci\u00f3 prim\u00e0ria i educaci\u00f3 secund\u00e0ria obligat\u00f2ria: <strong>del 22 al 30 de juny de 2026<\/strong><\/li>\n<\/ul>\n<p><img loading=\"lazy\" decoding=\"async\" class=\"aligncenter size-large wp-image-2262\" src=\"https:\/\/agora.xtec.cat\/escolamansuet\/wp-content\/uploads\/usu1881\/2026\/02\/Captura-de-pantalla-2026-02-24-112054-1024x495.png\" alt=\"\" width=\"1024\" height=\"495\" srcset=\"https:\/\/agora.xtec.cat\/escolamansuet\/wp-content\/uploads\/usu1881\/2026\/02\/Captura-de-pantalla-2026-02-24-112054-1024x495.png 1024w, https:\/\/agora.xtec.cat\/escolamansuet\/wp-content\/uploads\/usu1881\/2026\/02\/Captura-de-pantalla-2026-02-24-112054-300x145.png 300w, https:\/\/agora.xtec.cat\/escolamansuet\/wp-content\/uploads\/usu1881\/2026\/02\/Captura-de-pantalla-2026-02-24-112054-768x371.png 768w, https:\/\/agora.xtec.cat\/escolamansuet\/wp-content\/uploads\/usu1881\/2026\/02\/Captura-de-pantalla-2026-02-24-112054.png 1192w\" sizes=\"auto, (max-width: 1024px) 100vw, 1024px\" \/><\/p>\n<div style=\"text-align: center;\">\n<div style=\"text-align: center;\">\n<h4><\/h4>\n<h2 style=\"text-align: left;\">PREINSCRIPCI\u00d3<\/h2>\n<\/div>\n<div>\n<p style=\"text-align: left;\">Us deixem l&#8217;enlla\u00e7 a la web del departament per consultar tota la informaci\u00f3 referent a la <a href=\"https:\/\/preinscripcio.gencat.cat\/ca\/inici\/index.html\">PREINSCRIPCI\u00d3.<\/a><\/p>\n<h4 style=\"text-align: left;\">OFERTA INICIAL DE PLACES<\/h4>\n<\/div>\n<h4><img loading=\"lazy\" decoding=\"async\" class=\"aligncenter size-large wp-image-2269\" src=\"https:\/\/agora.xtec.cat\/escolamansuet\/wp-content\/uploads\/usu1881\/2026\/03\/OFERTA-INICIAL-DE-PLACES-Curs-26-27-1024x1024.jpg\" alt=\"\" width=\"1024\" height=\"1024\" srcset=\"https:\/\/agora.xtec.cat\/escolamansuet\/wp-content\/uploads\/usu1881\/2026\/03\/OFERTA-INICIAL-DE-PLACES-Curs-26-27-1024x1024.jpg 1024w, https:\/\/agora.xtec.cat\/escolamansuet\/wp-content\/uploads\/usu1881\/2026\/03\/OFERTA-INICIAL-DE-PLACES-Curs-26-27-300x300.jpg 300w, https:\/\/agora.xtec.cat\/escolamansuet\/wp-content\/uploads\/usu1881\/2026\/03\/OFERTA-INICIAL-DE-PLACES-Curs-26-27-150x150.jpg 150w, https:\/\/agora.xtec.cat\/escolamansuet\/wp-content\/uploads\/usu1881\/2026\/03\/OFERTA-INICIAL-DE-PLACES-Curs-26-27-768x768.jpg 768w, https:\/\/agora.xtec.cat\/escolamansuet\/wp-content\/uploads\/usu1881\/2026\/03\/OFERTA-INICIAL-DE-PLACES-Curs-26-27-1536x1536.jpg 1536w, https:\/\/agora.xtec.cat\/escolamansuet\/wp-content\/uploads\/usu1881\/2026\/03\/OFERTA-INICIAL-DE-PLACES-Curs-26-27.jpg 2000w\" sizes=\"auto, (max-width: 1024px) 100vw, 1024px\" \/><\/h4>\n<h4 style=\"text-align: left;\">DOCUMENTACI\u00d3<\/h4>\n<\/div>\n<div>\n<p style=\"text-align: left;\">Els documents necessaris per <span style=\"text-decoration: underline;\">acreditar la identitat de les fam\u00edlies<\/span> en la sol\u00b7licitud de preinscripci\u00f3 s\u00f3n:<\/p>\n<ul style=\"text-align: left;\">\n<li><strong>Certificaci\u00f3 electr\u00f2nica de la inscripci\u00f3 de naixement o llibre de fam\u00edlia o altres documents relatius a la filiaci\u00f3. <\/strong>Quan l&#8217;alumne estigui en situaci\u00f3 d&#8217;acolliment, el document que cal aportar \u00e9s la\u00a0<strong>resoluci\u00f3 d&#8217;acolliment del Departament de Drets Socials<\/strong>.<\/li>\n<li><strong>El DNI o NIE del pare, la mare o el tutor o la tutora legal de l&#8217;alumne\/a si s&#8217;utilitza la sol\u00b7licitud electr\u00f2nica sense certificat digital.\u00a0<\/strong>Si \u00e9s estranger s&#8217;haur\u00e0 d&#8217;adjuntar el\u00a0<strong>passaport<\/strong>\u00a0o, si \u00e9s estranger d&#8217;un pa\u00eds membre de la Uni\u00f3 Europea, el\u00a0<strong>document d&#8217;identitat del pa\u00eds d&#8217;origen<\/strong>.<\/li>\n<\/ul>\n<p style=\"text-align: left;\">Els documents necessaris per <span style=\"text-decoration: underline;\">acreditar els criteris prioritaris<\/span> i els <span style=\"text-decoration: underline;\">criteris complementaris<\/span> els podeu consultar a la <a href=\"https:\/\/preinscripcio.gencat.cat\/ca\/estudis\/infantil-3-6\/informat\/prepara-documentacio\/#faq-quin-tipus-de-documentacio-necessito-per-fer-la-preinscripcio-i-com-l-he-de-presentar\">web<\/a> del departament o <a href=\"https:\/\/open.spotify.com\/episode\/21sC0xHj6c90ObhGcAdCOd?si=qXzDJGqUS7aalxu_ay939w&amp;nd=1&amp;dlsi=1879d260b7de4528\">escoltar aqu\u00ed<\/a>.<\/p>\n<\/div>\n<\/div>\n<h2>ENDINSA&#8217;T AL MANSUET<\/h2>\n<p><a href=\"https:\/\/drive.google.com\/file\/d\/1w6f2ktqtmAxdSpZmT7Pn96tLpABk6fFF\/view?usp=drive_link\"><img loading=\"lazy\" decoding=\"async\" class=\"aligncenter wp-image-2264 size-full\" src=\"https:\/\/agora.xtec.cat\/escolamansuet\/wp-content\/uploads\/usu1881\/2026\/02\/25-26-Llibret-portes-obertes.jpg\" alt=\"\" width=\"1414\" height=\"2000\" srcset=\"https:\/\/agora.xtec.cat\/escolamansuet\/wp-content\/uploads\/usu1881\/2026\/02\/25-26-Llibret-portes-obertes.jpg 1414w, https:\/\/agora.xtec.cat\/escolamansuet\/wp-content\/uploads\/usu1881\/2026\/02\/25-26-Llibret-portes-obertes-212x300.jpg 212w, https:\/\/agora.xtec.cat\/escolamansuet\/wp-content\/uploads\/usu1881\/2026\/02\/25-26-Llibret-portes-obertes-724x1024.jpg 724w, https:\/\/agora.xtec.cat\/escolamansuet\/wp-content\/uploads\/usu1881\/2026\/02\/25-26-Llibret-portes-obertes-768x1086.jpg 768w, https:\/\/agora.xtec.cat\/escolamansuet\/wp-content\/uploads\/usu1881\/2026\/02\/25-26-Llibret-portes-obertes-1086x1536.jpg 1086w\" sizes=\"auto, (max-width: 1414px) 100vw, 1414px\" \/><\/a><\/p>\n<div class=\"ast-oembed-container \" style=\"height: 100%;\"><iframe loading=\"lazy\" title=\"Endinsa&#039;t al Mansuet!\" width=\"500\" height=\"281\" src=\"https:\/\/www.youtube.com\/embed\/k5QbKlxlsNo?start=47&#038;feature=oembed\" frameborder=\"0\" allow=\"accelerometer; autoplay; clipboard-write; encrypted-media; gyroscope; picture-in-picture; web-share\" referrerpolicy=\"strict-origin-when-cross-origin\" allowfullscreen><\/iframe><\/div>\n<div class=\"ast-oembed-container \" style=\"height: 100%;\"><iframe loading=\"lazy\" title=\"ESCOLA MANSUET - Un m\u00f3n d&#039;emocions\" width=\"500\" height=\"281\" src=\"https:\/\/www.youtube.com\/embed\/VaSdrh1TzqA?start=67&#038;feature=oembed\" frameborder=\"0\" allow=\"accelerometer; autoplay; clipboard-write; encrypted-media; gyroscope; picture-in-picture; web-share\" referrerpolicy=\"strict-origin-when-cross-origin\" allowfullscreen><\/iframe><\/div>\n<div style=\"text-align: center;\"><\/div>\n<div>\n<p>&nbsp;<\/p>\n<\/div>\n<p>&nbsp;<\/p>\n","protected":false},"excerpt":{"rendered":"<p>DATES IMPORTANTS Educaci\u00f3 infantil (3-6 anys), educaci\u00f3 prim\u00e0ria i educaci\u00f3 secund\u00e0ria obligat\u00f2ria Presentaci\u00f3 de sol\u00b7licituds: Educaci\u00f3 infantil (3-6 anys) i educaci\u00f3 prim\u00e0ria: del 4 al 18 de mar\u00e7 de 2026 Matr\u00edcula: Educaci\u00f3 infantil, educaci\u00f3 prim\u00e0ria i educaci\u00f3 secund\u00e0ria obligat\u00f2ria: del 22 al 30 de juny de 2026 PREINSCRIPCI\u00d3 Us deixem l&#8217;enlla\u00e7 a la web del [&hellip;]<\/p>\n","protected":false},"author":1,"featured_media":0,"parent":22,"menu_order":9,"comment_status":"closed","ping_status":"closed","template":"page-templates\/side-menu.php","meta":{"_bbp_topic_count":0,"_bbp_reply_count":0,"_bbp_total_topic_count":0,"_bbp_total_reply_count":0,"_bbp_voice_count":0,"_bbp_anonymous_reply_count":0,"_bbp_topic_count_hidden":0,"_bbp_reply_count_hidden":0,"_bbp_forum_subforum_count":0,"site-sidebar-layout":"default","site-content-layout":"","ast-site-content-layout":"","site-content-style":"default","site-sidebar-style":"default","ast-global-header-display":"","ast-banner-title-visibility":"","ast-main-header-display":"","ast-hfb-above-header-display":"","ast-hfb-below-header-display":"","ast-hfb-mobile-header-display":"","site-post-title":"","ast-breadcrumbs-content":"","ast-featured-img":"","footer-sml-layout":"","theme-transparent-header-meta":"","adv-header-id-meta":"","stick-header-meta":"","header-above-stick-meta":"","header-main-stick-meta":"","header-below-stick-meta":"","astra-migrate-meta-layouts":"default","ast-page-background-enabled":"default","ast-page-background-meta":{"desktop":{"background-color":"var(--ast-global-color-4)","background-image":"","background-repeat":"repeat","background-position":"center center","background-size":"auto","background-attachment":"scroll","background-type":"","background-media":"","overlay-type":"","overlay-color":"","overlay-opacity":"","overlay-gradient":""},"tablet":{"background-color":"","background-image":"","background-repeat":"repeat","background-position":"center center","background-size":"auto","background-attachment":"scroll","background-type":"","background-media":"","overlay-type":"","overlay-color":"","overlay-opacity":"","overlay-gradient":""},"mobile":{"background-color":"","background-image":"","background-repeat":"repeat","background-position":"center center","background-size":"auto","background-attachment":"scroll","background-type":"","background-media":"","overlay-type":"","overlay-color":"","overlay-opacity":"","overlay-gradient":""}},"ast-content-background-meta":{"desktop":{"background-color":"var(--ast-global-color-5)","background-image":"","background-repeat":"repeat","background-position":"center center","background-size":"auto","background-attachment":"scroll","background-type":"","background-media":"","overlay-type":"","overlay-color":"","overlay-opacity":"","overlay-gradient":""},"tablet":{"background-color":"var(--ast-global-color-5)","background-image":"","background-repeat":"repeat","background-position":"center center","background-size":"auto","background-attachment":"scroll","background-type":"","background-media":"","overlay-type":"","overlay-color":"","overlay-opacity":"","overlay-gradient":""},"mobile":{"background-color":"var(--ast-global-color-5)","background-image":"","background-repeat":"repeat","background-position":"center center","background-size":"auto","background-attachment":"scroll","background-type":"","background-media":"","overlay-type":"","overlay-color":"","overlay-opacity":"","overlay-gradient":""}},"footnotes":""},"class_list":["post-1044","page","type-page","status-publish","hentry"],"post_mailing_queue_ids":[],"_links":{"self":[{"href":"https:\/\/agora.xtec.cat\/escolamansuet\/wp-json\/wp\/v2\/pages\/1044","targetHints":{"allow":["GET"]}}],"collection":[{"href":"https:\/\/agora.xtec.cat\/escolamansuet\/wp-json\/wp\/v2\/pages"}],"about":[{"href":"https:\/\/agora.xtec.cat\/escolamansuet\/wp-json\/wp\/v2\/types\/page"}],"author":[{"embeddable":true,"href":"https:\/\/agora.xtec.cat\/escolamansuet\/wp-json\/wp\/v2\/users\/1"}],"replies":[{"embeddable":true,"href":"https:\/\/agora.xtec.cat\/escolamansuet\/wp-json\/wp\/v2\/comments?post=1044"}],"version-history":[{"count":6,"href":"https:\/\/agora.xtec.cat\/escolamansuet\/wp-json\/wp\/v2\/pages\/1044\/revisions"}],"predecessor-version":[{"id":2270,"href":"https:\/\/agora.xtec.cat\/escolamansuet\/wp-json\/wp\/v2\/pages\/1044\/revisions\/2270"}],"up":[{"embeddable":true,"href":"https:\/\/agora.xtec.cat\/escolamansuet\/wp-json\/wp\/v2\/pages\/22"}],"wp:attachment":[{"href":"https:\/\/agora.xtec.cat\/escolamansuet\/wp-json\/wp\/v2\/media?parent=1044"}],"curies":[{"name":"wp","href":"https:\/\/api.w.org\/{rel}","templated":true}]}}

Espai Preinscripció

<div style="text-align: center;">
<h2 style="text-align: left;"><strong>DATES IMPORTANTS</strong></h2>
<p style="text-align: left;"><strong>Educació infantil (3-6 anys), educació primària i educació secundària obligatòria</strong></p>
<p style="text-align: left;"><span style="text-decoration: underline;">Presentació de sol·licituds:</span></p>
<ul style="text-align: left;">
<li>Educació infantil (3-6 anys) i educació primària: <strong>del 4 al 18 de març de 2026</strong></li>
</ul>
<p style="text-align: left;"><span style="text-decoration: underline;">Matrícula:</span></p>
<ul>
<li style="text-align: left;">Educació infantil, educació primària i educació secundària obligatòria: <strong>del 22 al 30 de juny de 2026</strong></li>
</ul>
<p><img loading="lazy" decoding="async" class="aligncenter size-large wp-image-2262" src="https://agora.xtec.cat/escolamansuet/wp-content/uploads/usu1881/2026/02/Captura-de-pantalla-2026-02-24-112054-1024x495.png" alt="" width="1024" height="495" srcset="https://agora.xtec.cat/escolamansuet/wp-content/uploads/usu1881/2026/02/Captura-de-pantalla-2026-02-24-112054-1024x495.png 1024w, https://agora.xtec.cat/escolamansuet/wp-content/uploads/usu1881/2026/02/Captura-de-pantalla-2026-02-24-112054-300x145.png 300w, https://agora.xtec.cat/escolamansuet/wp-content/uploads/usu1881/2026/02/Captura-de-pantalla-2026-02-24-112054-768x371.png 768w, https://agora.xtec.cat/escolamansuet/wp-content/uploads/usu1881/2026/02/Captura-de-pantalla-2026-02-24-112054.png 1192w" sizes="auto, (max-width: 1024px) 100vw, 1024px" /></p>
<div style="text-align: center;">
<div style="text-align: center;">
<h4></h4>
<h2 style="text-align: left;">PREINSCRIPCIÓ</h2>
</div>
<div>
<p style="text-align: left;">Us deixem l&#8217;enllaç a la web del departament per consultar tota la informació referent a la <a href="https://preinscripcio.gencat.cat/ca/inici/index.html">PREINSCRIPCIÓ.</a></p>
<h4 style="text-align: left;">OFERTA INICIAL DE PLACES</h4>
</div>
<h4><img loading="lazy" decoding="async" class="aligncenter size-large wp-image-2269" src="https://agora.xtec.cat/escolamansuet/wp-content/uploads/usu1881/2026/03/OFERTA-INICIAL-DE-PLACES-Curs-26-27-1024x1024.jpg" alt="" width="1024" height="1024" srcset="https://agora.xtec.cat/escolamansuet/wp-content/uploads/usu1881/2026/03/OFERTA-INICIAL-DE-PLACES-Curs-26-27-1024x1024.jpg 1024w, https://agora.xtec.cat/escolamansuet/wp-content/uploads/usu1881/2026/03/OFERTA-INICIAL-DE-PLACES-Curs-26-27-300x300.jpg 300w, https://agora.xtec.cat/escolamansuet/wp-content/uploads/usu1881/2026/03/OFERTA-INICIAL-DE-PLACES-Curs-26-27-150x150.jpg 150w, https://agora.xtec.cat/escolamansuet/wp-content/uploads/usu1881/2026/03/OFERTA-INICIAL-DE-PLACES-Curs-26-27-768x768.jpg 768w, https://agora.xtec.cat/escolamansuet/wp-content/uploads/usu1881/2026/03/OFERTA-INICIAL-DE-PLACES-Curs-26-27-1536x1536.jpg 1536w, https://agora.xtec.cat/escolamansuet/wp-content/uploads/usu1881/2026/03/OFERTA-INICIAL-DE-PLACES-Curs-26-27.jpg 2000w" sizes="auto, (max-width: 1024px) 100vw, 1024px" /></h4>
<h4 style="text-align: left;">DOCUMENTACIÓ</h4>
</div>
<div>
<p style="text-align: left;">Els documents necessaris per <span style="text-decoration: underline;">acreditar la identitat de les famílies</span> en la sol·licitud de preinscripció són:</p>
<ul style="text-align: left;">
<li><strong>Certificació electrònica de la inscripció de naixement o llibre de família o altres documents relatius a la filiació. </strong>Quan l&#8217;alumne estigui en situació d&#8217;acolliment, el document que cal aportar és la <strong>resolució d&#8217;acolliment del Departament de Drets Socials</strong>.</li>
<li><strong>El DNI o NIE del pare, la mare o el tutor o la tutora legal de l&#8217;alumne/a si s&#8217;utilitza la sol·licitud electrònica sense certificat digital. </strong>Si és estranger s&#8217;haurà d&#8217;adjuntar el <strong>passaport</strong> o, si és estranger d&#8217;un país membre de la Unió Europea, el <strong>document d&#8217;identitat del país d&#8217;origen</strong>.</li>
</ul>
<p style="text-align: left;">Els documents necessaris per <span style="text-decoration: underline;">acreditar els criteris prioritaris</span> i els <span style="text-decoration: underline;">criteris complementaris</span> els podeu consultar a la <a href="https://preinscripcio.gencat.cat/ca/estudis/infantil-3-6/informat/prepara-documentacio/#faq-quin-tipus-de-documentacio-necessito-per-fer-la-preinscripcio-i-com-l-he-de-presentar">web</a> del departament o <a href="https://open.spotify.com/episode/21sC0xHj6c90ObhGcAdCOd?si=qXzDJGqUS7aalxu_ay939w&amp;nd=1&amp;dlsi=1879d260b7de4528">escoltar aquí</a>.</p>
</div>
</div>
<h2>ENDINSA&#8217;T AL MANSUET</h2>
<p><a href="https://drive.google.com/file/d/1w6f2ktqtmAxdSpZmT7Pn96tLpABk6fFF/view?usp=drive_link"><img loading="lazy" decoding="async" class="aligncenter wp-image-2264 size-full" src="https://agora.xtec.cat/escolamansuet/wp-content/uploads/usu1881/2026/02/25-26-Llibret-portes-obertes.jpg" alt="" width="1414" height="2000" srcset="https://agora.xtec.cat/escolamansuet/wp-content/uploads/usu1881/2026/02/25-26-Llibret-portes-obertes.jpg 1414w, https://agora.xtec.cat/escolamansuet/wp-content/uploads/usu1881/2026/02/25-26-Llibret-portes-obertes-212x300.jpg 212w, https://agora.xtec.cat/escolamansuet/wp-content/uploads/usu1881/2026/02/25-26-Llibret-portes-obertes-724x1024.jpg 724w, https://agora.xtec.cat/escolamansuet/wp-content/uploads/usu1881/2026/02/25-26-Llibret-portes-obertes-768x1086.jpg 768w, https://agora.xtec.cat/escolamansuet/wp-content/uploads/usu1881/2026/02/25-26-Llibret-portes-obertes-1086x1536.jpg 1086w" sizes="auto, (max-width: 1414px) 100vw, 1414px" /></a></p>
<div class="ast-oembed-container " style="height: 100%;"><iframe loading="lazy" title="Endinsa&#039;t al Mansuet!" width="500" height="281" src="https://www.youtube.com/embed/k5QbKlxlsNo?start=47&#038;feature=oembed" frameborder="0" allow="accelerometer; autoplay; clipboard-write; encrypted-media; gyroscope; picture-in-picture; web-share" referrerpolicy="strict-origin-when-cross-origin" allowfullscreen></iframe></div>
<div class="ast-oembed-container " style="height: 100%;"><iframe loading="lazy" title="ESCOLA MANSUET - Un món d&#039;emocions" width="500" height="281" src="https://www.youtube.com/embed/VaSdrh1TzqA?start=67&#038;feature=oembed" frameborder="0" allow="accelerometer; autoplay; clipboard-write; encrypted-media; gyroscope; picture-in-picture; web-share" referrerpolicy="strict-origin-when-cross-origin" allowfullscreen></iframe></div>
<div style="text-align: center;"></div>
<div>
<p>&nbsp;</p>
</div>
<p>&nbsp;</p>

<p>DATES IMPORTANTS Educació infantil (3-6 anys), educació primària i educació secundària obligatòria Presentació de sol·licituds: Educació infantil (3-6 anys) i educació primària: del 4 al 18 de març de 2026 Matrícula: Educació infantil, educació primària i educació secundària obligatòria: del 22 al 30 de juny de 2026 PREINSCRIPCIÓ Us deixem l&#8217;enllaç a la web del [&hellip;]</p>
