{"id":1014,"date":"2020-03-10T10:24:00","date_gmt":"2020-03-10T09:24:00","guid":{"rendered":"http:\/\/agora.xtec.cat\/escolamansuet\/?page_id=1014"},"modified":"2026-03-27T12:13:31","modified_gmt":"2026-03-27T11:13:31","slug":"consell-escolar","status":"publish","type":"page","link":"https:\/\/agora.xtec.cat\/escolamansuet\/lescola\/consell-escolar\/","title":{"rendered":"Consell Escolar"},"content":{"rendered":"<p style=\"text-align: justify;\">El consell escolar del centre \u00e9s l&#8217;\u00f2rgan col\u00b7legiat de participaci\u00f3 de la comunitat escolar en el govern del centre. Hi ha representats tots els col\u00b7lectius que intervenen en la comunitat educativa: director o directora, professorat, alumnes, personal d&#8217;administraci\u00f3 i serveis, etc.<\/p>\n<p>El nostre Consell Escolar est\u00e0 format per:<\/p>\n<ul>\n<li style=\"list-style-type: none;\">\n<ul>\n<li style=\"list-style-type: none;\">\n<ul>\n<li style=\"list-style-type: none;\">\n<ul style=\"list-style-type: disc;\">\n<li>President\/a, c\u00e0rrec exercit per la Directora del centre o, en abs\u00e8ncia d\u2019aquesta, per la Cap d\u2019Estudis.<\/li>\n<li>Secret\u00e0ria, c\u00e0rrec exercit per la Secret\u00e0ria del centre, que actuar\u00e0 amb veu per\u00f2 sense vot.<\/li>\n<li>Vocals: la resta de components de l\u2019\u00f2rgan.<\/li>\n<\/ul>\n<\/li>\n<\/ul>\n<\/li>\n<\/ul>\n<\/li>\n<\/ul>\n<p>Els membres del consell escolar s\u00f3n elegits per un per\u00edode de quatre anys i es renoven per meitats cada dos anys.<\/p>\n<p>En els centres p\u00fablics, la funci\u00f3 principal del consell escolar \u00e9s participar en la presa de decisions en relaci\u00f3 amb aquells temes importants per al funcionament i l&#8217;organitzaci\u00f3 del centre: el projecte educatiu, la programaci\u00f3 general, la gesti\u00f3 econ\u00f2mica, etc.<\/p>\n<table style=\"border-collapse: collapse; width: 100%;\">\n<tbody>\n<tr>\n<td style=\"width: 33.3333%;\"><a href=\"https:\/\/agora.xtec.cat\/escolamansuet\/lescola\/consell-escolar\/eleccions-consell-escolar\/\"><img loading=\"lazy\" decoding=\"async\" class=\"aligncenter size-medium wp-image-1980\" src=\"https:\/\/agora.xtec.cat\/escolamansuet\/wp-content\/uploads\/usu1881\/2023\/10\/2_18-300x72.png\" alt=\"\" width=\"300\" height=\"72\" srcset=\"https:\/\/agora.xtec.cat\/escolamansuet\/wp-content\/uploads\/usu1881\/2023\/10\/2_18-300x72.png 300w, https:\/\/agora.xtec.cat\/escolamansuet\/wp-content\/uploads\/usu1881\/2023\/10\/2_18.png 591w\" sizes=\"auto, (max-width: 300px) 100vw, 300px\" \/><\/a><\/td>\n<td style=\"width: 33.3333%;\"><a href=\"https:\/\/agora.xtec.cat\/escolamansuet\/lescola\/consell-escolar\/membres-consell-escolar\/\"><img loading=\"lazy\" decoding=\"async\" class=\"aligncenter size-medium wp-image-1979\" src=\"https:\/\/agora.xtec.cat\/escolamansuet\/wp-content\/uploads\/usu1881\/2023\/10\/1_12-300x72.png\" alt=\"\" width=\"300\" height=\"72\" srcset=\"https:\/\/agora.xtec.cat\/escolamansuet\/wp-content\/uploads\/usu1881\/2023\/10\/1_12-300x72.png 300w, https:\/\/agora.xtec.cat\/escolamansuet\/wp-content\/uploads\/usu1881\/2023\/10\/1_12.png 591w\" sizes=\"auto, (max-width: 300px) 100vw, 300px\" \/><\/a><\/td>\n<td style=\"width: 33.3333%;\"><a href=\"https:\/\/agora.xtec.cat\/escolamansuet\/acordsconsellescolar\/\"><img loading=\"lazy\" decoding=\"async\" class=\"aligncenter size-medium wp-image-1981\" src=\"https:\/\/agora.xtec.cat\/escolamansuet\/wp-content\/uploads\/usu1881\/2023\/10\/3_8-300x72.png\" alt=\"\" width=\"300\" height=\"72\" srcset=\"https:\/\/agora.xtec.cat\/escolamansuet\/wp-content\/uploads\/usu1881\/2023\/10\/3_8-300x72.png 300w, https:\/\/agora.xtec.cat\/escolamansuet\/wp-content\/uploads\/usu1881\/2023\/10\/3_8.png 591w\" sizes=\"auto, (max-width: 300px) 100vw, 300px\" \/><\/a><\/td>\n<\/tr>\n<\/tbody>\n<\/table>\n<p>&nbsp;<\/p>\n","protected":false},"excerpt":{"rendered":"<p>El consell escolar del centre \u00e9s l&#8217;\u00f2rgan col\u00b7legiat de participaci\u00f3 de la comunitat escolar en el govern del centre. Hi ha representats tots els col\u00b7lectius que intervenen en la comunitat educativa: director o directora, professorat, alumnes, personal d&#8217;administraci\u00f3 i serveis, etc. El nostre Consell Escolar est\u00e0 format per: President\/a, c\u00e0rrec exercit per la Directora del [&hellip;]<\/p>\n","protected":false},"author":1,"featured_media":0,"parent":22,"menu_order":8,"comment_status":"closed","ping_status":"closed","template":"","meta":{"_bbp_topic_count":0,"_bbp_reply_count":0,"_bbp_total_topic_count":0,"_bbp_total_reply_count":0,"_bbp_voice_count":0,"_bbp_anonymous_reply_count":0,"_bbp_topic_count_hidden":0,"_bbp_reply_count_hidden":0,"_bbp_forum_subforum_count":0,"site-sidebar-layout":"default","site-content-layout":"","ast-site-content-layout":"default","site-content-style":"default","site-sidebar-style":"default","ast-global-header-display":"","ast-banner-title-visibility":"","ast-main-header-display":"","ast-hfb-above-header-display":"","ast-hfb-below-header-display":"","ast-hfb-mobile-header-display":"","site-post-title":"","ast-breadcrumbs-content":"","ast-featured-img":"","footer-sml-layout":"","theme-transparent-header-meta":"default","adv-header-id-meta":"","stick-header-meta":"","header-above-stick-meta":"","header-main-stick-meta":"","header-below-stick-meta":"","astra-migrate-meta-layouts":"set","ast-page-background-enabled":"default","ast-page-background-meta":{"desktop":{"background-color":"var(--ast-global-color-4)","background-image":"","background-repeat":"repeat","background-position":"center center","background-size":"auto","background-attachment":"scroll","background-type":"","background-media":"","overlay-type":"","overlay-color":"","overlay-opacity":"","overlay-gradient":""},"tablet":{"background-color":"","background-image":"","background-repeat":"repeat","background-position":"center center","background-size":"auto","background-attachment":"scroll","background-type":"","background-media":"","overlay-type":"","overlay-color":"","overlay-opacity":"","overlay-gradient":""},"mobile":{"background-color":"","background-image":"","background-repeat":"repeat","background-position":"center center","background-size":"auto","background-attachment":"scroll","background-type":"","background-media":"","overlay-type":"","overlay-color":"","overlay-opacity":"","overlay-gradient":""}},"ast-content-background-meta":{"desktop":{"background-color":"var(--ast-global-color-5)","background-image":"","background-repeat":"repeat","background-position":"center center","background-size":"auto","background-attachment":"scroll","background-type":"","background-media":"","overlay-type":"","overlay-color":"","overlay-opacity":"","overlay-gradient":""},"tablet":{"background-color":"var(--ast-global-color-5)","background-image":"","background-repeat":"repeat","background-position":"center center","background-size":"auto","background-attachment":"scroll","background-type":"","background-media":"","overlay-type":"","overlay-color":"","overlay-opacity":"","overlay-gradient":""},"mobile":{"background-color":"var(--ast-global-color-5)","background-image":"","background-repeat":"repeat","background-position":"center center","background-size":"auto","background-attachment":"scroll","background-type":"","background-media":"","overlay-type":"","overlay-color":"","overlay-opacity":"","overlay-gradient":""}},"footnotes":""},"class_list":["post-1014","page","type-page","status-publish","hentry"],"post_mailing_queue_ids":[],"_links":{"self":[{"href":"https:\/\/agora.xtec.cat\/escolamansuet\/wp-json\/wp\/v2\/pages\/1014","targetHints":{"allow":["GET"]}}],"collection":[{"href":"https:\/\/agora.xtec.cat\/escolamansuet\/wp-json\/wp\/v2\/pages"}],"about":[{"href":"https:\/\/agora.xtec.cat\/escolamansuet\/wp-json\/wp\/v2\/types\/page"}],"author":[{"embeddable":true,"href":"https:\/\/agora.xtec.cat\/escolamansuet\/wp-json\/wp\/v2\/users\/1"}],"replies":[{"embeddable":true,"href":"https:\/\/agora.xtec.cat\/escolamansuet\/wp-json\/wp\/v2\/comments?post=1014"}],"version-history":[{"count":6,"href":"https:\/\/agora.xtec.cat\/escolamansuet\/wp-json\/wp\/v2\/pages\/1014\/revisions"}],"predecessor-version":[{"id":2340,"href":"https:\/\/agora.xtec.cat\/escolamansuet\/wp-json\/wp\/v2\/pages\/1014\/revisions\/2340"}],"up":[{"embeddable":true,"href":"https:\/\/agora.xtec.cat\/escolamansuet\/wp-json\/wp\/v2\/pages\/22"}],"wp:attachment":[{"href":"https:\/\/agora.xtec.cat\/escolamansuet\/wp-json\/wp\/v2\/media?parent=1014"}],"curies":[{"name":"wp","href":"https:\/\/api.w.org\/{rel}","templated":true}]}}

<p style="text-align: justify;">El consell escolar del centre és l&#8217;òrgan col·legiat de participació de la comunitat escolar en el govern del centre. Hi ha representats tots els col·lectius que intervenen en la comunitat educativa: director o directora, professorat, alumnes, personal d&#8217;administració i serveis, etc.</p>
<p>El nostre Consell Escolar està format per:</p>
<ul>
<li style="list-style-type: none;">
<ul>
<li style="list-style-type: none;">
<ul>
<li style="list-style-type: none;">
<ul style="list-style-type: disc;">
<li>President/a, càrrec exercit per la Directora del centre o, en absència d’aquesta, per la Cap d’Estudis.</li>
<li>Secretària, càrrec exercit per la Secretària del centre, que actuarà amb veu però sense vot.</li>
<li>Vocals: la resta de components de l’òrgan.</li>
</ul>
</li>
</ul>
</li>
</ul>
</li>
</ul>
<p>Els membres del consell escolar són elegits per un període de quatre anys i es renoven per meitats cada dos anys.</p>
<p>En els centres públics, la funció principal del consell escolar és participar en la presa de decisions en relació amb aquells temes importants per al funcionament i l&#8217;organització del centre: el projecte educatiu, la programació general, la gestió econòmica, etc.</p>
<table style="border-collapse: collapse; width: 100%;">
<tbody>
<tr>
<td style="width: 33.3333%;"><a href="https://agora.xtec.cat/escolamansuet/lescola/consell-escolar/eleccions-consell-escolar/"><img loading="lazy" decoding="async" class="aligncenter size-medium wp-image-1980" src="https://agora.xtec.cat/escolamansuet/wp-content/uploads/usu1881/2023/10/2_18-300x72.png" alt="" width="300" height="72" srcset="https://agora.xtec.cat/escolamansuet/wp-content/uploads/usu1881/2023/10/2_18-300x72.png 300w, https://agora.xtec.cat/escolamansuet/wp-content/uploads/usu1881/2023/10/2_18.png 591w" sizes="auto, (max-width: 300px) 100vw, 300px" /></a></td>
<td style="width: 33.3333%;"><a href="https://agora.xtec.cat/escolamansuet/lescola/consell-escolar/membres-consell-escolar/"><img loading="lazy" decoding="async" class="aligncenter size-medium wp-image-1979" src="https://agora.xtec.cat/escolamansuet/wp-content/uploads/usu1881/2023/10/1_12-300x72.png" alt="" width="300" height="72" srcset="https://agora.xtec.cat/escolamansuet/wp-content/uploads/usu1881/2023/10/1_12-300x72.png 300w, https://agora.xtec.cat/escolamansuet/wp-content/uploads/usu1881/2023/10/1_12.png 591w" sizes="auto, (max-width: 300px) 100vw, 300px" /></a></td>
<td style="width: 33.3333%;"><a href="https://agora.xtec.cat/escolamansuet/acordsconsellescolar/"><img loading="lazy" decoding="async" class="aligncenter size-medium wp-image-1981" src="https://agora.xtec.cat/escolamansuet/wp-content/uploads/usu1881/2023/10/3_8-300x72.png" alt="" width="300" height="72" srcset="https://agora.xtec.cat/escolamansuet/wp-content/uploads/usu1881/2023/10/3_8-300x72.png 300w, https://agora.xtec.cat/escolamansuet/wp-content/uploads/usu1881/2023/10/3_8.png 591w" sizes="auto, (max-width: 300px) 100vw, 300px" /></a></td>
</tr>
</tbody>
</table>
<p>&nbsp;</p>

<p>El consell escolar del centre és l&#8217;òrgan col·legiat de participació de la comunitat escolar en el govern del centre. Hi ha representats tots els col·lectius que intervenen en la comunitat educativa: director o directora, professorat, alumnes, personal d&#8217;administració i serveis, etc. El nostre Consell Escolar està format per: President/a, càrrec exercit per la Directora del [&hellip;]</p>
