{"id":1073,"date":"2017-07-11T10:40:10","date_gmt":"2017-07-11T08:40:10","guid":{"rendered":"http:\/\/agora.xtec.cat\/escolamagimorera\/?page_id=1073"},"modified":"2017-07-11T12:27:27","modified_gmt":"2017-07-11T10:27:27","slug":"projecte-dinnovacio-educativa","status":"publish","type":"page","link":"https:\/\/agora.xtec.cat\/escolamagimorera\/projectes\/projecte-dinnovacio-educativa\/","title":{"rendered":"Projecte d&#8217;innovaci\u00f3 educativa: Ulls en acci\u00f3"},"content":{"rendered":"<p>El projecte &#8220;Ulls en Acci\u00f3&#8221; \u00e9s un conjunt d&#8217;activitats que realitzades de manera sistem\u00e0tica milloren les capacitats visuals necess\u00e0ries per a un bon aprenentatge de la lectoescriptura i les matem\u00e0tiques. L&#8217;escola Mag\u00ed Morera ha estat pionera en la implantaci\u00f3 d&#8217;aquest projecte que vincula educaci\u00f3 i optometria.<\/p>\n<p>Si en voleu saber una mica m\u00e9s cliqueu les imatges del projecte.<a href=\"https:\/\/www.youtube.com\/watch?v=WV0FVEMPCH8&amp;t=1s\" target=\"_blank\" rel=\"noopener noreferrer\"><img loading=\"lazy\" decoding=\"async\" class=\"aligncenter  wp-image-1092\" src=\"http:\/\/agora.xtec.cat\/escolamagimorera\/wp-content\/uploads\/usu1188\/2017\/07\/logo-ulls-en-acci\u00f3.jpg\" alt=\"\" width=\"275\" height=\"160\" srcset=\"https:\/\/agora.xtec.cat\/escolamagimorera\/wp-content\/uploads\/usu1188\/2017\/07\/logo-ulls-en-acci\u00f3.jpg 616w, https:\/\/agora.xtec.cat\/escolamagimorera\/wp-content\/uploads\/usu1188\/2017\/07\/logo-ulls-en-acci\u00f3-300x174.jpg 300w\" sizes=\"auto, (max-width: 275px) 100vw, 275px\" \/><\/a><\/p>\n<p><a href=\"https:\/\/www.youtube.com\/watch?v=DV9OLSrrFuA\" target=\"_blank\" rel=\"noopener noreferrer\"><img loading=\"lazy\" decoding=\"async\" class=\"aligncenter  wp-image-1093\" src=\"http:\/\/agora.xtec.cat\/escolamagimorera\/wp-content\/uploads\/usu1188\/2017\/07\/cc-ulls-en-acci\u00f3.png\" alt=\"\" width=\"244\" height=\"182\" srcset=\"https:\/\/agora.xtec.cat\/escolamagimorera\/wp-content\/uploads\/usu1188\/2017\/07\/cc-ulls-en-acci\u00f3.png 697w, https:\/\/agora.xtec.cat\/escolamagimorera\/wp-content\/uploads\/usu1188\/2017\/07\/cc-ulls-en-acci\u00f3-300x223.png 300w, https:\/\/agora.xtec.cat\/escolamagimorera\/wp-content\/uploads\/usu1188\/2017\/07\/cc-ulls-en-acci\u00f3-200x150.png 200w\" sizes=\"auto, (max-width: 244px) 100vw, 244px\" \/><\/a><\/p>\n<p>&nbsp;<\/p>\n<p><span style=\"font-size: xx-small;\"><a href=\"http:\/\/creativecommons.org\/licenses\/by-nc-sa\/3.0\/\" rel=\"nofollow\"><img decoding=\"async\" class=\"aligncenter\" src=\"http:\/\/i.creativecommons.org\/l\/by-nc-sa\/3.0\/88x31.png\" \/><\/a><\/span><\/p>\n<div>\n<div style=\"text-align: center;\"><span style=\"font-size: xx-small;\">Escola Mag\u00ed Morera i Gal\u00edcia &#8211; Lleida<\/span><\/div>\n<div style=\"text-align: center;\"><span style=\"font-size: xx-small;\"><a href=\"https:\/\/sites.google.com\/a\/xtec.cat\/seminaris-tac\/\" rel=\"nofollow\">Departament d&#8217;Ensenyament de la Generalitat de Catalunya<\/a>\u00a0est\u00e0 subjecte a una llic\u00e8ncia de\u00a0<a href=\"http:\/\/creativecommons.org\/licenses\/by-nc-sa\/3.0\/\" rel=\"nofollow\">Reconeixement-NoComercial-CompartirIgual 3.0 <\/a><\/span><\/div>\n<div style=\"text-align: center;\"><span style=\"font-size: xx-small;\"><a href=\"http:\/\/creativecommons.org\/licenses\/by-nc-sa\/3.0\/\" rel=\"nofollow\">No adaptada de Creative Commons<\/a><\/span><\/div>\n<\/div>\n<p style=\"text-align: center;\">\n","protected":false},"excerpt":{"rendered":"<p>El projecte &#8220;Ulls en Acci\u00f3&#8221; \u00e9s un conjunt d&#8217;activitats que realitzades de manera sistem\u00e0tica milloren les capacitats visuals necess\u00e0ries per a un bon aprenentatge de la lectoescriptura i les matem\u00e0tiques. L&#8217;escola Mag\u00ed Morera ha estat pionera en la implantaci\u00f3 d&#8217;aquest projecte que vincula educaci\u00f3 i optometria. Si en voleu saber una mica m\u00e9s cliqueu les [&hellip;]<\/p>\n","protected":false},"author":1,"featured_media":0,"parent":265,"menu_order":0,"comment_status":"closed","ping_status":"closed","template":"page-templates\/side-menu.php","meta":{"_bbp_topic_count":0,"_bbp_reply_count":0,"_bbp_total_topic_count":0,"_bbp_total_reply_count":0,"_bbp_voice_count":0,"_bbp_anonymous_reply_count":0,"_bbp_topic_count_hidden":0,"_bbp_reply_count_hidden":0,"_bbp_forum_subforum_count":0,"site-sidebar-layout":"default","site-content-layout":"","ast-site-content-layout":"","site-content-style":"default","site-sidebar-style":"default","ast-global-header-display":"","ast-banner-title-visibility":"","ast-main-header-display":"","ast-hfb-above-header-display":"","ast-hfb-below-header-display":"","ast-hfb-mobile-header-display":"","site-post-title":"","ast-breadcrumbs-content":"","ast-featured-img":"","footer-sml-layout":"","theme-transparent-header-meta":"","adv-header-id-meta":"","stick-header-meta":"","header-above-stick-meta":"","header-main-stick-meta":"","header-below-stick-meta":"","astra-migrate-meta-layouts":"default","ast-page-background-enabled":"default","ast-page-background-meta":{"desktop":{"background-color":"var(--ast-global-color-4)","background-image":"","background-repeat":"repeat","background-position":"center center","background-size":"auto","background-attachment":"scroll","background-type":"","background-media":"","overlay-type":"","overlay-color":"","overlay-opacity":"","overlay-gradient":""},"tablet":{"background-color":"","background-image":"","background-repeat":"repeat","background-position":"center center","background-size":"auto","background-attachment":"scroll","background-type":"","background-media":"","overlay-type":"","overlay-color":"","overlay-opacity":"","overlay-gradient":""},"mobile":{"background-color":"","background-image":"","background-repeat":"repeat","background-position":"center center","background-size":"auto","background-attachment":"scroll","background-type":"","background-media":"","overlay-type":"","overlay-color":"","overlay-opacity":"","overlay-gradient":""}},"ast-content-background-meta":{"desktop":{"background-color":"var(--ast-global-color-5)","background-image":"","background-repeat":"repeat","background-position":"center center","background-size":"auto","background-attachment":"scroll","background-type":"","background-media":"","overlay-type":"","overlay-color":"","overlay-opacity":"","overlay-gradient":""},"tablet":{"background-color":"var(--ast-global-color-5)","background-image":"","background-repeat":"repeat","background-position":"center center","background-size":"auto","background-attachment":"scroll","background-type":"","background-media":"","overlay-type":"","overlay-color":"","overlay-opacity":"","overlay-gradient":""},"mobile":{"background-color":"var(--ast-global-color-5)","background-image":"","background-repeat":"repeat","background-position":"center center","background-size":"auto","background-attachment":"scroll","background-type":"","background-media":"","overlay-type":"","overlay-color":"","overlay-opacity":"","overlay-gradient":""}},"footnotes":""},"class_list":["post-1073","page","type-page","status-publish","hentry"],"post_mailing_queue_ids":[],"_links":{"self":[{"href":"https:\/\/agora.xtec.cat\/escolamagimorera\/wp-json\/wp\/v2\/pages\/1073","targetHints":{"allow":["GET"]}}],"collection":[{"href":"https:\/\/agora.xtec.cat\/escolamagimorera\/wp-json\/wp\/v2\/pages"}],"about":[{"href":"https:\/\/agora.xtec.cat\/escolamagimorera\/wp-json\/wp\/v2\/types\/page"}],"author":[{"embeddable":true,"href":"https:\/\/agora.xtec.cat\/escolamagimorera\/wp-json\/wp\/v2\/users\/1"}],"replies":[{"embeddable":true,"href":"https:\/\/agora.xtec.cat\/escolamagimorera\/wp-json\/wp\/v2\/comments?post=1073"}],"version-history":[{"count":3,"href":"https:\/\/agora.xtec.cat\/escolamagimorera\/wp-json\/wp\/v2\/pages\/1073\/revisions"}],"predecessor-version":[{"id":1076,"href":"https:\/\/agora.xtec.cat\/escolamagimorera\/wp-json\/wp\/v2\/pages\/1073\/revisions\/1076"}],"up":[{"embeddable":true,"href":"https:\/\/agora.xtec.cat\/escolamagimorera\/wp-json\/wp\/v2\/pages\/265"}],"wp:attachment":[{"href":"https:\/\/agora.xtec.cat\/escolamagimorera\/wp-json\/wp\/v2\/media?parent=1073"}],"curies":[{"name":"wp","href":"https:\/\/api.w.org\/{rel}","templated":true}]}}