{"id":764,"date":"2018-02-26T10:36:24","date_gmt":"2018-02-26T09:36:24","guid":{"rendered":"http:\/\/agora.xtec.cat\/escolaloseron\/?page_id=764"},"modified":"2018-03-12T10:55:46","modified_gmt":"2018-03-12T09:55:46","slug":"bilioteca-escolara","status":"publish","type":"page","link":"https:\/\/agora.xtec.cat\/escolaloseron\/projecte-educatiu\/bilioteca-escolara\/","title":{"rendered":"Bibliot\u00e8ca Escolara"},"content":{"rendered":"<p>Bibliot\u00e8ca dera Esc\u00f2la Loseron<\/p>\n<p>Biblioteca &#8220;puntedu&#8221; acc\u00e8s ar\u00a0 eP\u00e8rgarm.<\/p>\n<p><a href=\"https:\/\/aplicacions.gestioeducativa.gencat.cat\/epergam\/web\/biblioteca.jsp?codi=25000535\" target=\"_blank\" rel=\"noopener noreferrer\"><img loading=\"lazy\" decoding=\"async\" class=\"alignnone size-full wp-image-788\" src=\"http:\/\/agora.xtec.cat\/escolaloseron\/wp-content\/uploads\/usu676\/2018\/02\/epergam.gif\" alt=\"\" width=\"160\" height=\"50\" \/><\/a><\/p>\n<p>&nbsp;<\/p>\n\r\n\t<div class=\"slideshow_container slideshow_container_style-light\" style=\"height: 600px; \" data-slideshow-id=\"771\" data-style-name=\"style-light\" data-style-version=\"2.3.1\" >\r\n\r\n\t\t\t\t\t<div class=\"slideshow_loading_icon\"><\/div>\r\n\t\t\r\n\t\t<div class=\"slideshow_content\" style=\"display: none;\">\r\n\r\n\t\t\t<div class=\"slideshow_view\">\r\n\t\t\t\t<div class=\"slideshow_slide slideshow_slide_image\">\r\n\t\t\t\t\t\t\t\t\t\t\t<img src=\"https:\/\/agora.xtec.cat\/escolaloseron\/wp-content\/uploads\/usu676\/2018\/02\/2B.jpg\" alt=\"ES TROBAIRITZ\" width=\"1024\" height=\"495\" \/>\r\n\t\t\t\t\t\t\t\t\t\t<div class=\"slideshow_description_box slideshow_transparent\">\r\n\t\t\t\t\t\t<div class=\"slideshow_title\">ES TROBAIRITZ<\/div>\t\t\t\t\t\t\t\t\t\t\t<\/div>\r\n\t\t\t\t<\/div>\r\n\r\n\t\t\t\t\t\t<div style=\"clear: both;\"><\/div><\/div><div class=\"slideshow_view\">\r\n\t\t\t\t<div class=\"slideshow_slide slideshow_slide_image\">\r\n\t\t\t\t\t\t\t\t\t\t\t<img src=\"https:\/\/agora.xtec.cat\/escolaloseron\/wp-content\/uploads\/usu676\/2018\/02\/1B.png\" alt=\"EXPOSICION SUS ROAL DAHL\" width=\"1024\" height=\"576\" \/>\r\n\t\t\t\t\t\t\t\t\t\t<div class=\"slideshow_description_box slideshow_transparent\">\r\n\t\t\t\t\t\t<div class=\"slideshow_title\">EXPOSICION SUS ROAL DAHL<\/div>\t\t\t\t\t\t\t\t\t\t\t<\/div>\r\n\t\t\t\t<\/div>\r\n\r\n\t\t\t\t\t\t<div style=\"clear: both;\"><\/div><\/div><div class=\"slideshow_view\">\r\n\t\t\t\t<div class=\"slideshow_slide slideshow_slide_image\">\r\n\t\t\t\t\t\t\t\t\t\t\t<img src=\"https:\/\/agora.xtec.cat\/escolaloseron\/wp-content\/uploads\/usu676\/2018\/02\/5B.png\" alt=\"ESTATG\u00c9RES\" width=\"1002\" height=\"534\" \/>\r\n\t\t\t\t\t\t\t\t\t\t<div class=\"slideshow_description_box slideshow_transparent\">\r\n\t\t\t\t\t\t<div class=\"slideshow_title\">ESTATG\u00c9RES<\/div>\t\t\t\t\t\t\t\t\t\t\t<\/div>\r\n\t\t\t\t<\/div>\r\n\r\n\t\t\t\t\t\t<div style=\"clear: both;\"><\/div><\/div><div class=\"slideshow_view\">\r\n\t\t\t\t<div class=\"slideshow_slide slideshow_slide_image\">\r\n\t\t\t\t\t\t\t\t\t\t\t<img src=\"https:\/\/agora.xtec.cat\/escolaloseron\/wp-content\/uploads\/usu676\/2018\/02\/4B.jpg\" alt=\"ESTATG\u00c9RES\" width=\"967\" height=\"509\" \/>\r\n\t\t\t\t\t\t\t\t\t\t<div class=\"slideshow_description_box slideshow_transparent\">\r\n\t\t\t\t\t\t<div class=\"slideshow_title\">ESTATG\u00c9RES<\/div>\t\t\t\t\t\t\t\t\t\t\t<\/div>\r\n\t\t\t\t<\/div>\r\n\r\n\t\t\t\t\t\t<div style=\"clear: both;\"><\/div><\/div><div class=\"slideshow_view\">\r\n\t\t\t\t<div class=\"slideshow_slide slideshow_slide_image\">\r\n\t\t\t\t\t\t\t\t\t\t\t<img src=\"https:\/\/agora.xtec.cat\/escolaloseron\/wp-content\/uploads\/usu676\/2018\/02\/3B.jpg\" alt=\"EXPOSICIONS TEMPORAUS\" width=\"1024\" height=\"440\" \/>\r\n\t\t\t\t\t\t\t\t\t\t<div class=\"slideshow_description_box slideshow_transparent\">\r\n\t\t\t\t\t\t<div class=\"slideshow_title\">EXPOSICIONS TEMPORAUS<\/div>\t\t\t\t\t\t\t\t\t\t\t<\/div>\r\n\t\t\t\t<\/div>\r\n\r\n\t\t\t\t\t\t<div style=\"clear: both;\"><\/div><\/div>\r\n\t\t<\/div>\r\n\r\n\t\t<div class=\"slideshow_controlPanel slideshow_transparent\" style=\"display: none;\"><ul><li class=\"slideshow_togglePlay\" data-play-text=\"Visualitza\" data-pause-text=\"Pausa\"><\/li><\/ul><\/div>\r\n\r\n\t\t<div class=\"slideshow_button slideshow_previous slideshow_transparent\" role=\"button\" data-previous-text=\"Anterior\" style=\"display: none;\"><\/div>\r\n\t\t<div class=\"slideshow_button slideshow_next slideshow_transparent\" role=\"button\" data-next-text=\"Seg\u00fcent\" style=\"display: none;\"><\/div>\r\n\r\n\t\t<div class=\"slideshow_pagination\" style=\"display: none;\" data-go-to-text=\"V\u00e9s a la diapositiva\"><div class=\"slideshow_pagination_center\"><\/div><\/div>\r\n\r\n\t\t<!-- WordPress Slideshow Version 2.3.1 -->\r\n\r\n\t\t\t<\/div>\r\n\r\n\n<p>&nbsp;<\/p>\n<p>ROALD DAHL<\/p>\n<p>Es escolans de cicle superior e miei aguest cors liegen libres e coneishen era vida de Roald Dalh.<\/p>\n<p><a href=\"http:\/\/agora.xtec.cat\/escolaloseron\/wp-content\/uploads\/usu676\/2018\/02\/1B.png\"><img loading=\"lazy\" decoding=\"async\" class=\"alignnone size-large wp-image-775\" src=\"http:\/\/agora.xtec.cat\/escolaloseron\/wp-content\/uploads\/usu676\/2018\/02\/1B-1024x576.png\" alt=\"\" width=\"1024\" height=\"576\" srcset=\"https:\/\/agora.xtec.cat\/escolaloseron\/wp-content\/uploads\/usu676\/2018\/02\/1B.png 1024w, https:\/\/agora.xtec.cat\/escolaloseron\/wp-content\/uploads\/usu676\/2018\/02\/1B-300x169.png 300w, https:\/\/agora.xtec.cat\/escolaloseron\/wp-content\/uploads\/usu676\/2018\/02\/1B-768x432.png 768w\" sizes=\"auto, (max-width: 1024px) 100vw, 1024px\" \/><\/a><\/p>\n","protected":false},"excerpt":{"rendered":"<p>Bibliot\u00e8ca dera Esc\u00f2la Loseron<br \/>\nBiblioteca &#8220;puntedu&#8221; acc\u00e8s ar\u00a0 eP\u00e8rgarm.<br \/>\n<a href=\"https:\/\/aplicacions.gestioeducativa.gencat.cat\/epergam\/web\/biblioteca.jsp?codi=25000535\" target=\"_blank\" rel=\"noopener noreferrer\"><\/a><br \/>\n&nbsp;<\/p>\n<p>\t\t\t\t\t\tES TROBAIRITZ\t\t\t\t\t\t\t\t\t\t\t<\/p>\n<p>\t\t\t\t\t\tEXPOSICION SUS ROAL DAHL\t\t\t\t\t\t\t\t\t\t\t<\/p>\n<p>\t\t\t\t\t\tESTATG\u00c9RES\t\t\t\t\t\t\t\t\t\t\t<\/p>\n<p>\t\t\t\t\t\tESTATG\u00c9RES\t\t\t\t\t\t\t\t\t\t\t<\/p>\n<p>\t\t\t\t\t\tEXPOSICIONS TEMPORAUS\t\t\t\t\t\t\t\t\t\t\t<\/p>\n<ul>\n<li class=\"slideshow_togglePlay\" data-play-text=\"Visualitza\" data-pause-text=\"Pausa\"><\/li>\n<\/ul>\n<p>&nbsp;<br \/>\nROALD DAHL<br \/>\nEs escolans de cicle superior e miei aguest cors liegen libres e coneishen era vida de Roald Dalh.<br \/>\n<a href=\"http:\/\/agora.xtec.cat\/escolaloseron\/wp-content\/uploads\/usu676\/2018\/02\/1B.png\"><\/a><\/p>\n","protected":false},"author":1,"featured_media":0,"parent":64,"menu_order":1,"comment_status":"closed","ping_status":"closed","template":"","meta":{"_bbp_topic_count":0,"_bbp_reply_count":0,"_bbp_total_topic_count":0,"_bbp_total_reply_count":0,"_bbp_voice_count":0,"_bbp_anonymous_reply_count":0,"_bbp_topic_count_hidden":0,"_bbp_reply_count_hidden":0,"_bbp_forum_subforum_count":0,"footnotes":""},"class_list":["post-764","page","type-page","status-publish","hentry"],"post_mailing_queue_ids":[],"_links":{"self":[{"href":"https:\/\/agora.xtec.cat\/escolaloseron\/wp-json\/wp\/v2\/pages\/764","targetHints":{"allow":["GET"]}}],"collection":[{"href":"https:\/\/agora.xtec.cat\/escolaloseron\/wp-json\/wp\/v2\/pages"}],"about":[{"href":"https:\/\/agora.xtec.cat\/escolaloseron\/wp-json\/wp\/v2\/types\/page"}],"author":[{"embeddable":true,"href":"https:\/\/agora.xtec.cat\/escolaloseron\/wp-json\/wp\/v2\/users\/1"}],"replies":[{"embeddable":true,"href":"https:\/\/agora.xtec.cat\/escolaloseron\/wp-json\/wp\/v2\/comments?post=764"}],"version-history":[{"count":4,"href":"https:\/\/agora.xtec.cat\/escolaloseron\/wp-json\/wp\/v2\/pages\/764\/revisions"}],"predecessor-version":[{"id":793,"href":"https:\/\/agora.xtec.cat\/escolaloseron\/wp-json\/wp\/v2\/pages\/764\/revisions\/793"}],"up":[{"embeddable":true,"href":"https:\/\/agora.xtec.cat\/escolaloseron\/wp-json\/wp\/v2\/pages\/64"}],"wp:attachment":[{"href":"https:\/\/agora.xtec.cat\/escolaloseron\/wp-json\/wp\/v2\/media?parent=764"}],"curies":[{"name":"wp","href":"https:\/\/api.w.org\/{rel}","templated":true}]}}