{"id":531,"date":"2018-11-08T19:46:09","date_gmt":"2018-11-08T18:46:09","guid":{"rendered":"https:\/\/agora.xtec.cat\/escolalolaanglada\/?page_id=531"},"modified":"2024-07-05T11:13:03","modified_gmt":"2024-07-05T09:13:03","slug":"projectes-artistics","status":"publish","type":"page","link":"https:\/\/agora.xtec.cat\/escolalolaanglada\/projectes-pedagogics\/projectes-artistics\/","title":{"rendered":"Projectes art\u00edstics"},"content":{"rendered":"<p>Des de la nostra escola\u00a0donem molta import\u00e0ncia al desenvolupament de la capacitat art\u00edstica dels alumnes. Per aquesta ra\u00f3 participem en diversos projectes art\u00edstics:<\/p>\n<p>El projecte <strong>Dansem a 2n<\/strong>. Es tracta d\u2019una trobada de tot l\u2019alumnat de segon de prim\u00e0ria de Sant Quirze del Vall\u00e8s. Durant el curs es preparen unes danses i al tercer trimestre es fa aquesta trobada on \u00e9s gaudeix de la m\u00fasica, la dansa en un ambient diferent a de l\u2019aula.<\/p>\n<p>La <strong>Clika<\/strong> a 3r. \u00c9s un projecte social sense \u00e0nim de lucre que promou la m\u00fasica i la cultura a la infantesa i que pret\u00e9n connectar la m\u00fasica a la mainada a trav\u00e9s de l\u2019univers narratiu de nou personatges que formen la colla d\u2019amigues que dona nom al projecte. Mitjan\u00e7ant l\u2019univers de La Clika, es promou l\u2019aprenentatge musical a als centres de prim\u00e0ria, a trav\u00e9s de la preparaci\u00f3 i la realitzaci\u00f3 d&#8217;una cantata com a producte final del projecte.<\/p>\n<p><strong>El pa\u00eds a l&#8217;escola<\/strong> a 4t., on es treballa la sardana a l&#8217;aula amb l&#8217;alumnat. Sota aquest concepte i amb la mirada posada a la cloenda conjunta (una ballada amb cobla) al Pla de la Catedral de Barcelona, disposem de l\u2019assignaci\u00f3 d\u2019un monitor sardanista de la CSC que dur\u00e0 a terme tres sessions presencials al centre per donar-nos suport al llarg del curs.<\/p>\n<p>El projecte <strong>Cant\u00e0nia <\/strong>a 5\u00e8, en qu\u00e8 l\u2019alumnat prepara un concert al llarg de tot el curs, tant pel que fa a la m\u00fasica i les can\u00e7ons, com a l\u2019atrezzo de la posada en escena. La culminaci\u00f3 del projecte en un acte real davant del p\u00fablic esdev\u00e9 fonamental per a la implicaci\u00f3 i motivaci\u00f3 de l\u2019alumnat.<\/p>\n<p>El\u00a0<strong>Toca toca\u00a0<\/strong>a 6\u00e8. \u00c9s una activitat de percussi\u00f3 corporal que d\u00f3na molta import\u00e0ncia a la creativitat i al llenguatge r\u00edtmic expressat amb el propi cos. En aquesta experi\u00e8ncia sensorial es refor\u00e7a el vincle emocional, els aspectes socials i socialitzadors de la m\u00fasica, el potencial est\u00e8tic i pedag\u00f2gic dels processos d\u2019aprenentatge a partir del ritme i es fa una trobada amb les diferents escoles participants del municipi a final de curs.<\/p>\n","protected":false},"excerpt":{"rendered":"<p>Des de la nostra escola\u00a0donem molta import\u00e0ncia al desenvolupament de la capacitat art\u00edstica dels alumnes. Per aquesta ra\u00f3 participem en diversos projectes art\u00edstics: El projecte Dansem a 2n. Es tracta d\u2019una trobada de tot l\u2019alumnat de segon de prim\u00e0ria de Sant Quirze del Vall\u00e8s. Durant el curs es preparen unes danses i al tercer trimestre [&hellip;]<\/p>\n","protected":false},"author":1,"featured_media":0,"parent":507,"menu_order":110,"comment_status":"closed","ping_status":"closed","template":"page-templates\/side-menu.php","meta":{"_bbp_topic_count":0,"_bbp_reply_count":0,"_bbp_total_topic_count":0,"_bbp_total_reply_count":0,"_bbp_voice_count":0,"_bbp_anonymous_reply_count":0,"_bbp_topic_count_hidden":0,"_bbp_reply_count_hidden":0,"_bbp_forum_subforum_count":0,"site-sidebar-layout":"default","site-content-layout":"","ast-site-content-layout":"","site-content-style":"default","site-sidebar-style":"default","ast-global-header-display":"","ast-banner-title-visibility":"","ast-main-header-display":"","ast-hfb-above-header-display":"","ast-hfb-below-header-display":"","ast-hfb-mobile-header-display":"","site-post-title":"","ast-breadcrumbs-content":"","ast-featured-img":"","footer-sml-layout":"","theme-transparent-header-meta":"","adv-header-id-meta":"","stick-header-meta":"","header-above-stick-meta":"","header-main-stick-meta":"","header-below-stick-meta":"","astra-migrate-meta-layouts":"default","ast-page-background-enabled":"default","ast-page-background-meta":{"desktop":{"background-color":"var(--ast-global-color-4)","background-image":"","background-repeat":"repeat","background-position":"center center","background-size":"auto","background-attachment":"scroll","background-type":"","background-media":"","overlay-type":"","overlay-color":"","overlay-opacity":"","overlay-gradient":""},"tablet":{"background-color":"","background-image":"","background-repeat":"repeat","background-position":"center center","background-size":"auto","background-attachment":"scroll","background-type":"","background-media":"","overlay-type":"","overlay-color":"","overlay-opacity":"","overlay-gradient":""},"mobile":{"background-color":"","background-image":"","background-repeat":"repeat","background-position":"center center","background-size":"auto","background-attachment":"scroll","background-type":"","background-media":"","overlay-type":"","overlay-color":"","overlay-opacity":"","overlay-gradient":""}},"ast-content-background-meta":{"desktop":{"background-color":"var(--ast-global-color-5)","background-image":"","background-repeat":"repeat","background-position":"center center","background-size":"auto","background-attachment":"scroll","background-type":"","background-media":"","overlay-type":"","overlay-color":"","overlay-opacity":"","overlay-gradient":""},"tablet":{"background-color":"var(--ast-global-color-5)","background-image":"","background-repeat":"repeat","background-position":"center center","background-size":"auto","background-attachment":"scroll","background-type":"","background-media":"","overlay-type":"","overlay-color":"","overlay-opacity":"","overlay-gradient":""},"mobile":{"background-color":"var(--ast-global-color-5)","background-image":"","background-repeat":"repeat","background-position":"center center","background-size":"auto","background-attachment":"scroll","background-type":"","background-media":"","overlay-type":"","overlay-color":"","overlay-opacity":"","overlay-gradient":""}},"footnotes":""},"class_list":["post-531","page","type-page","status-publish","hentry"],"post_mailing_queue_ids":[],"_links":{"self":[{"href":"https:\/\/agora.xtec.cat\/escolalolaanglada\/wp-json\/wp\/v2\/pages\/531","targetHints":{"allow":["GET"]}}],"collection":[{"href":"https:\/\/agora.xtec.cat\/escolalolaanglada\/wp-json\/wp\/v2\/pages"}],"about":[{"href":"https:\/\/agora.xtec.cat\/escolalolaanglada\/wp-json\/wp\/v2\/types\/page"}],"author":[{"embeddable":true,"href":"https:\/\/agora.xtec.cat\/escolalolaanglada\/wp-json\/wp\/v2\/users\/1"}],"replies":[{"embeddable":true,"href":"https:\/\/agora.xtec.cat\/escolalolaanglada\/wp-json\/wp\/v2\/comments?post=531"}],"version-history":[{"count":4,"href":"https:\/\/agora.xtec.cat\/escolalolaanglada\/wp-json\/wp\/v2\/pages\/531\/revisions"}],"predecessor-version":[{"id":24212,"href":"https:\/\/agora.xtec.cat\/escolalolaanglada\/wp-json\/wp\/v2\/pages\/531\/revisions\/24212"}],"up":[{"embeddable":true,"href":"https:\/\/agora.xtec.cat\/escolalolaanglada\/wp-json\/wp\/v2\/pages\/507"}],"wp:attachment":[{"href":"https:\/\/agora.xtec.cat\/escolalolaanglada\/wp-json\/wp\/v2\/media?parent=531"}],"curies":[{"name":"wp","href":"https:\/\/api.w.org\/{rel}","templated":true}]}}