{"id":525,"date":"2018-11-08T19:43:04","date_gmt":"2018-11-08T18:43:04","guid":{"rendered":"https:\/\/agora.xtec.cat\/escolalolaanglada\/?page_id=525"},"modified":"2025-11-14T16:38:36","modified_gmt":"2025-11-14T15:38:36","slug":"impuls-de-la-lectura-i-biblioteca","status":"publish","type":"page","link":"https:\/\/agora.xtec.cat\/escolalolaanglada\/projectes-pedagogics\/impuls-de-la-lectura-i-biblioteca\/","title":{"rendered":"Impuls de la lectura i biblioteca"},"content":{"rendered":"<p><b>La lectura \u00e9s un element\u00a0<\/b>fonamental en el desenvolupament integral dels infants i esdev\u00e9 un pilar b\u00e0sic per a l\u2019assoliment de les compet\u00e8ncies que l\u2019ajudaran en la seva vida personal i social.<\/p>\n<p>La biblioteca escolar forma part del Projecte Educatiu com a base de la construcci\u00f3 del coneixement i de l\u2019acc\u00e9s a la cultura per als nostres alumnes.<\/p>\n<p>Els alumnes de prim\u00e0ria disposen d\u2019una sessi\u00f3 setmanal per fer el pr\u00e9stec de llibres i gaudir de diverses activitats en aquest espai.<\/p>\n<p>Des de la biblioteca escolar es potencien dos aspectes essencials: llegir per aprendre i el gust per llegir. Al llarg dels \u00faltims tres cursos l\u2019escola ha anat introduint diferents novetats en relaci\u00f3 a l\u2019impuls de la lectura, ja que\u00a0<b>volem que els i les nostres alumnes augmentin la compet\u00e8ncia comunicativa i ling\u00fc\u00edstica, aix\u00ed com l\u2019h\u00e0bit lector.<\/b><\/p>\n<p>Aix\u00ed doncs, a l\u2019horari escolar 30\u2019 de lectura di\u00e0ria, en qu\u00e8 realitzem activitats din\u00e0miques que fomenten el gust per la lectura entre l\u2019alumnat: la carpeta o motxilla viatgera, el mur de les recomanacions, visualitzaci\u00f3 i comentari de canals de booktubers, etc., entre d\u2019altres.<\/p>\n<p>Igualment, en sessions de llengua catalana es realitzen activitats en qu\u00e8 els alumnes esdevenen conscients de les estrat\u00e8gies de lectura que apliquen els lectors experts de forma inconscient. D\u2019aquesta manera afavorim la millora de la comprensi\u00f3 lectora en tots els nivells.<\/p>\n<p>Per \u00faltim, a partir de l&#8217;educaci\u00f3 prim\u00e0ria desenvolupem activitats de lectura per aprendre, a trav\u00e9s de les quals els alumnes van adquirint i coneixent, des de ben petits, estrat\u00e8gies d\u2019extracci\u00f3 d\u2019informaci\u00f3 de textos de diferents tipologies; aix\u00ed com l\u2019\u00fas de t\u00e8cniques d\u2019estudi com el resum o la confecci\u00f3 de mapes conceptuals. Aquestes activitats es realitzen, principalment, en sessions d\u2019\u00e0rees com el medi o l\u2019angl\u00e8s, en qu\u00e8 l\u2019alumnat ha de seleccionar, organitzar i analitzar la informaci\u00f3.<\/p>\n","protected":false},"excerpt":{"rendered":"<p>La lectura \u00e9s un element\u00a0fonamental en el desenvolupament integral dels infants i esdev\u00e9 un pilar b\u00e0sic per a l\u2019assoliment de les compet\u00e8ncies que l\u2019ajudaran en la seva vida personal i social. La biblioteca escolar forma part del Projecte Educatiu com a base de la construcci\u00f3 del coneixement i de l\u2019acc\u00e9s a la cultura per als [&hellip;]<\/p>\n","protected":false},"author":1,"featured_media":0,"parent":507,"menu_order":80,"comment_status":"closed","ping_status":"closed","template":"page-templates\/side-menu.php","meta":{"_bbp_topic_count":0,"_bbp_reply_count":0,"_bbp_total_topic_count":0,"_bbp_total_reply_count":0,"_bbp_voice_count":0,"_bbp_anonymous_reply_count":0,"_bbp_topic_count_hidden":0,"_bbp_reply_count_hidden":0,"_bbp_forum_subforum_count":0,"site-sidebar-layout":"default","site-content-layout":"","ast-site-content-layout":"","site-content-style":"default","site-sidebar-style":"default","ast-global-header-display":"","ast-banner-title-visibility":"","ast-main-header-display":"","ast-hfb-above-header-display":"","ast-hfb-below-header-display":"","ast-hfb-mobile-header-display":"","site-post-title":"","ast-breadcrumbs-content":"","ast-featured-img":"","footer-sml-layout":"","theme-transparent-header-meta":"","adv-header-id-meta":"","stick-header-meta":"","header-above-stick-meta":"","header-main-stick-meta":"","header-below-stick-meta":"","astra-migrate-meta-layouts":"default","ast-page-background-enabled":"default","ast-page-background-meta":{"desktop":{"background-color":"var(--ast-global-color-4)","background-image":"","background-repeat":"repeat","background-position":"center center","background-size":"auto","background-attachment":"scroll","background-type":"","background-media":"","overlay-type":"","overlay-color":"","overlay-opacity":"","overlay-gradient":""},"tablet":{"background-color":"","background-image":"","background-repeat":"repeat","background-position":"center center","background-size":"auto","background-attachment":"scroll","background-type":"","background-media":"","overlay-type":"","overlay-color":"","overlay-opacity":"","overlay-gradient":""},"mobile":{"background-color":"","background-image":"","background-repeat":"repeat","background-position":"center center","background-size":"auto","background-attachment":"scroll","background-type":"","background-media":"","overlay-type":"","overlay-color":"","overlay-opacity":"","overlay-gradient":""}},"ast-content-background-meta":{"desktop":{"background-color":"var(--ast-global-color-5)","background-image":"","background-repeat":"repeat","background-position":"center center","background-size":"auto","background-attachment":"scroll","background-type":"","background-media":"","overlay-type":"","overlay-color":"","overlay-opacity":"","overlay-gradient":""},"tablet":{"background-color":"var(--ast-global-color-5)","background-image":"","background-repeat":"repeat","background-position":"center center","background-size":"auto","background-attachment":"scroll","background-type":"","background-media":"","overlay-type":"","overlay-color":"","overlay-opacity":"","overlay-gradient":""},"mobile":{"background-color":"var(--ast-global-color-5)","background-image":"","background-repeat":"repeat","background-position":"center center","background-size":"auto","background-attachment":"scroll","background-type":"","background-media":"","overlay-type":"","overlay-color":"","overlay-opacity":"","overlay-gradient":""}},"footnotes":""},"class_list":["post-525","page","type-page","status-publish","hentry"],"post_mailing_queue_ids":[],"_links":{"self":[{"href":"https:\/\/agora.xtec.cat\/escolalolaanglada\/wp-json\/wp\/v2\/pages\/525","targetHints":{"allow":["GET"]}}],"collection":[{"href":"https:\/\/agora.xtec.cat\/escolalolaanglada\/wp-json\/wp\/v2\/pages"}],"about":[{"href":"https:\/\/agora.xtec.cat\/escolalolaanglada\/wp-json\/wp\/v2\/types\/page"}],"author":[{"embeddable":true,"href":"https:\/\/agora.xtec.cat\/escolalolaanglada\/wp-json\/wp\/v2\/users\/1"}],"replies":[{"embeddable":true,"href":"https:\/\/agora.xtec.cat\/escolalolaanglada\/wp-json\/wp\/v2\/comments?post=525"}],"version-history":[{"count":3,"href":"https:\/\/agora.xtec.cat\/escolalolaanglada\/wp-json\/wp\/v2\/pages\/525\/revisions"}],"predecessor-version":[{"id":27125,"href":"https:\/\/agora.xtec.cat\/escolalolaanglada\/wp-json\/wp\/v2\/pages\/525\/revisions\/27125"}],"up":[{"embeddable":true,"href":"https:\/\/agora.xtec.cat\/escolalolaanglada\/wp-json\/wp\/v2\/pages\/507"}],"wp:attachment":[{"href":"https:\/\/agora.xtec.cat\/escolalolaanglada\/wp-json\/wp\/v2\/media?parent=525"}],"curies":[{"name":"wp","href":"https:\/\/api.w.org\/{rel}","templated":true}]}}