{"id":21245,"date":"2023-05-21T20:41:12","date_gmt":"2023-05-21T18:41:12","guid":{"rendered":"https:\/\/agora.xtec.cat\/escolalolaanglada\/?page_id=21245"},"modified":"2023-05-23T22:22:27","modified_gmt":"2023-05-23T20:22:27","slug":"competencia-digital","status":"publish","type":"page","link":"https:\/\/agora.xtec.cat\/escolalolaanglada\/estrategia-digital-de-centre\/cultura-digital\/competencia-digital\/","title":{"rendered":"Compet\u00e8ncia digital"},"content":{"rendered":"<p>La compet\u00e8ncia digital \u00e9s una de les 8 compet\u00e8ncies clau del nou curr\u00edculum. Aquesta implica aspectes com l\u2019\u00fas segur, saludable, sostenible, cr\u00edtic i responsable de les tecnologies digitals per al desenvolupament i benestar personal, per a l\u2019aprenentatge, per a la feina, per a l\u2019oci i per a la participaci\u00f3 en la societat.<\/p>\n<p>Tamb\u00e9 contempla la gesti\u00f3 de dispositius i aplicacions digitals (maneig, configuraci\u00f3, manteniment), l\u2019alfabetitzaci\u00f3 en informaci\u00f3 i dades, la comunicaci\u00f3 i la col\u00b7laboraci\u00f3, l\u2019educaci\u00f3 medi\u00e0tica, la creaci\u00f3 de continguts digitals (inclosa la programaci\u00f3), la seguretat (incl\u00f2s el benestar digital i les compet\u00e8ncies relacionades amb la\u00a0 ciberseguretat), assumptes relacionats amb la ciutadania digital, la privacitat, la propietat intel\u00b7lectual, la resoluci\u00f3 de problemes i el pensament computacional i cr\u00edtic.<\/p>\n<p>Segons el Decret d&#8217;ordenaci\u00f3 dels ensenyament de l&#8217;educaci\u00f3 b\u00e0siques, l&#8217;alumnat de prim\u00e0ria, en acabar 6\u00e8, haur\u00e0 de tenir assolides les seg\u00fcents compet\u00e8ncies de l&#8217;\u00e0mbit digital:<\/p>\n<p>CD1. L&#8217;alumne\/a fa cerques guiades a Internet i usa estrat\u00e8gies senzilles per al tractament digital de la informaci\u00f3 (paraules clau, selecci\u00f3 d\u2019informaci\u00f3 rellevant, organitzaci\u00f3 de dades, etc.) amb una actitud cr\u00edtica sobre els continguts que obt\u00e9.<\/p>\n<p>CD2. Crea, integra i reelabora continguts digitals en diferents formats (text, taula, imatge, \u00e0udio, v\u00eddeo, programa inform\u00e0tic, etc.) mitjan\u00e7ant l\u2019\u00fas de diferents eines digitals per expressar idees, sentiments i coneixements, respectant la propietat intel\u00b7lectual i els drets d\u2019autor dels continguts que reutilitza.<\/p>\n<p>CD3. Participa en activitats i\/o projectes escolars mitjan\u00e7ant l\u2019\u00fas d\u2019eines o plataformes virtuals que li permetin<br \/>\nconstruir nou coneixement, comunicar-se, treballar col\u00b7laborativament, compartir dades i continguts en entorns digitals restringits i supervisats de manera segura i amb una actitud oberta i responsable davant el seu \u00fas.<\/p>\n<p>CD4. Coneix els riscos i adopta, amb l\u2019orientaci\u00f3 del docent, mesures preventives en l\u2019usar les tecnologies<br \/>\ndigitals per protegir els dispositius, les dades personals, la salut i el medi ambient, i s\u2019inicia en l\u2019adopci\u00f3 d\u2019h\u00e0bits d\u2019\u00fas cr\u00edtic, segur, saludable i sostenible d\u2019aquestes tecnologies.<\/p>\n<p>CD5. S\u2019inicia en el desenvolupament de solucions digitals senzilles i sostenibles (reutilitzaci\u00f3 de materials tecnol\u00f2gics, programaci\u00f3 inform\u00e0tica per blocs, rob\u00f2tica educativa, etc.) per resoldre problemes concrets o reptes proposats de manera creativa i sol\u00b7licitar ajuda en cas necessari.<\/p>\n<p>&nbsp;<\/p>\n<p>Per part de l&#8217;equip docent del centre, s&#8217;est\u00e0 fent un treball d&#8217;adaptaci\u00f3 de la programaci\u00f3 de la compet\u00e8ncia digital de l&#8217;alumnat, per tal d&#8217;adequar-la tant a les necessitats reals que presenta el curr\u00edculum com al material digital i tecnol\u00f2gic del qual ens dota el Departament d&#8217;Educaci\u00f3 (panells interactius, ordinadors port\u00e0tils, rob\u00f2tica, etc.).<\/p>\n","protected":false},"excerpt":{"rendered":"<p>La compet\u00e8ncia digital \u00e9s una de les 8 compet\u00e8ncies clau del nou curr\u00edculum. Aquesta implica aspectes com l\u2019\u00fas segur, saludable, sostenible, cr\u00edtic i responsable de les tecnologies digitals per al desenvolupament i benestar personal, per a l\u2019aprenentatge, per a la feina, per a l\u2019oci i per a la participaci\u00f3 en la societat. Tamb\u00e9 contempla la [&hellip;]<\/p>\n","protected":false},"author":1,"featured_media":0,"parent":16606,"menu_order":0,"comment_status":"closed","ping_status":"closed","template":"","meta":{"_bbp_topic_count":0,"_bbp_reply_count":0,"_bbp_total_topic_count":0,"_bbp_total_reply_count":0,"_bbp_voice_count":0,"_bbp_anonymous_reply_count":0,"_bbp_topic_count_hidden":0,"_bbp_reply_count_hidden":0,"_bbp_forum_subforum_count":0,"site-sidebar-layout":"default","site-content-layout":"","ast-site-content-layout":"","site-content-style":"default","site-sidebar-style":"default","ast-global-header-display":"","ast-banner-title-visibility":"","ast-main-header-display":"","ast-hfb-above-header-display":"","ast-hfb-below-header-display":"","ast-hfb-mobile-header-display":"","site-post-title":"","ast-breadcrumbs-content":"","ast-featured-img":"","footer-sml-layout":"","theme-transparent-header-meta":"","adv-header-id-meta":"","stick-header-meta":"","header-above-stick-meta":"","header-main-stick-meta":"","header-below-stick-meta":"","astra-migrate-meta-layouts":"default","ast-page-background-enabled":"default","ast-page-background-meta":{"desktop":{"background-color":"var(--ast-global-color-4)","background-image":"","background-repeat":"repeat","background-position":"center center","background-size":"auto","background-attachment":"scroll","background-type":"","background-media":"","overlay-type":"","overlay-color":"","overlay-opacity":"","overlay-gradient":""},"tablet":{"background-color":"","background-image":"","background-repeat":"repeat","background-position":"center center","background-size":"auto","background-attachment":"scroll","background-type":"","background-media":"","overlay-type":"","overlay-color":"","overlay-opacity":"","overlay-gradient":""},"mobile":{"background-color":"","background-image":"","background-repeat":"repeat","background-position":"center center","background-size":"auto","background-attachment":"scroll","background-type":"","background-media":"","overlay-type":"","overlay-color":"","overlay-opacity":"","overlay-gradient":""}},"ast-content-background-meta":{"desktop":{"background-color":"var(--ast-global-color-5)","background-image":"","background-repeat":"repeat","background-position":"center center","background-size":"auto","background-attachment":"scroll","background-type":"","background-media":"","overlay-type":"","overlay-color":"","overlay-opacity":"","overlay-gradient":""},"tablet":{"background-color":"var(--ast-global-color-5)","background-image":"","background-repeat":"repeat","background-position":"center center","background-size":"auto","background-attachment":"scroll","background-type":"","background-media":"","overlay-type":"","overlay-color":"","overlay-opacity":"","overlay-gradient":""},"mobile":{"background-color":"var(--ast-global-color-5)","background-image":"","background-repeat":"repeat","background-position":"center center","background-size":"auto","background-attachment":"scroll","background-type":"","background-media":"","overlay-type":"","overlay-color":"","overlay-opacity":"","overlay-gradient":""}},"footnotes":""},"class_list":["post-21245","page","type-page","status-publish","hentry"],"post_mailing_queue_ids":[],"_links":{"self":[{"href":"https:\/\/agora.xtec.cat\/escolalolaanglada\/wp-json\/wp\/v2\/pages\/21245","targetHints":{"allow":["GET"]}}],"collection":[{"href":"https:\/\/agora.xtec.cat\/escolalolaanglada\/wp-json\/wp\/v2\/pages"}],"about":[{"href":"https:\/\/agora.xtec.cat\/escolalolaanglada\/wp-json\/wp\/v2\/types\/page"}],"author":[{"embeddable":true,"href":"https:\/\/agora.xtec.cat\/escolalolaanglada\/wp-json\/wp\/v2\/users\/1"}],"replies":[{"embeddable":true,"href":"https:\/\/agora.xtec.cat\/escolalolaanglada\/wp-json\/wp\/v2\/comments?post=21245"}],"version-history":[{"count":3,"href":"https:\/\/agora.xtec.cat\/escolalolaanglada\/wp-json\/wp\/v2\/pages\/21245\/revisions"}],"predecessor-version":[{"id":21277,"href":"https:\/\/agora.xtec.cat\/escolalolaanglada\/wp-json\/wp\/v2\/pages\/21245\/revisions\/21277"}],"up":[{"embeddable":true,"href":"https:\/\/agora.xtec.cat\/escolalolaanglada\/wp-json\/wp\/v2\/pages\/16606"}],"wp:attachment":[{"href":"https:\/\/agora.xtec.cat\/escolalolaanglada\/wp-json\/wp\/v2\/media?parent=21245"}],"curies":[{"name":"wp","href":"https:\/\/api.w.org\/{rel}","templated":true}]}}

Competència digital

<p>La competència digital és una de les 8 competències clau del nou currículum. Aquesta implica aspectes com l’ús segur, saludable, sostenible, crític i responsable de les tecnologies digitals per al desenvolupament i benestar personal, per a l’aprenentatge, per a la feina, per a l’oci i per a la participació en la societat.</p>
<p>També contempla la gestió de dispositius i aplicacions digitals (maneig, configuració, manteniment), l’alfabetització en informació i dades, la comunicació i la col·laboració, l’educació mediàtica, la creació de continguts digitals (inclosa la programació), la seguretat (inclòs el benestar digital i les competències relacionades amb la  ciberseguretat), assumptes relacionats amb la ciutadania digital, la privacitat, la propietat intel·lectual, la resolució de problemes i el pensament computacional i crític.</p>
<p>Segons el Decret d&#8217;ordenació dels ensenyament de l&#8217;educació bàsiques, l&#8217;alumnat de primària, en acabar 6è, haurà de tenir assolides les següents competències de l&#8217;àmbit digital:</p>
<p>CD1. L&#8217;alumne/a fa cerques guiades a Internet i usa estratègies senzilles per al tractament digital de la informació (paraules clau, selecció d’informació rellevant, organització de dades, etc.) amb una actitud crítica sobre els continguts que obté.</p>
<p>CD2. Crea, integra i reelabora continguts digitals en diferents formats (text, taula, imatge, àudio, vídeo, programa informàtic, etc.) mitjançant l’ús de diferents eines digitals per expressar idees, sentiments i coneixements, respectant la propietat intel·lectual i els drets d’autor dels continguts que reutilitza.</p>
<p>CD3. Participa en activitats i/o projectes escolars mitjançant l’ús d’eines o plataformes virtuals que li permetin<br />
construir nou coneixement, comunicar-se, treballar col·laborativament, compartir dades i continguts en entorns digitals restringits i supervisats de manera segura i amb una actitud oberta i responsable davant el seu ús.</p>
<p>CD4. Coneix els riscos i adopta, amb l’orientació del docent, mesures preventives en l’usar les tecnologies<br />
digitals per protegir els dispositius, les dades personals, la salut i el medi ambient, i s’inicia en l’adopció d’hàbits d’ús crític, segur, saludable i sostenible d’aquestes tecnologies.</p>
<p>CD5. S’inicia en el desenvolupament de solucions digitals senzilles i sostenibles (reutilització de materials tecnològics, programació informàtica per blocs, robòtica educativa, etc.) per resoldre problemes concrets o reptes proposats de manera creativa i sol·licitar ajuda en cas necessari.</p>
<p>&nbsp;</p>
<p>Per part de l&#8217;equip docent del centre, s&#8217;està fent un treball d&#8217;adaptació de la programació de la competència digital de l&#8217;alumnat, per tal d&#8217;adequar-la tant a les necessitats reals que presenta el currículum com al material digital i tecnològic del qual ens dota el Departament d&#8217;Educació (panells interactius, ordinadors portàtils, robòtica, etc.).</p>

<p>La competència digital és una de les 8 competències clau del nou currículum. Aquesta implica aspectes com l’ús segur, saludable, sostenible, crític i responsable de les tecnologies digitals per al desenvolupament i benestar personal, per a l’aprenentatge, per a la feina, per a l’oci i per a la participació en la societat. També contempla la [&hellip;]</p>
