{"id":36,"date":"2014-09-18T12:33:11","date_gmt":"2014-09-18T11:33:11","guid":{"rendered":"http:\/\/agora.xtec.cat\/escolallebetx\/?page_id=36"},"modified":"2025-07-02T12:04:51","modified_gmt":"2025-07-02T10:04:51","slug":"material-escolar","status":"publish","type":"page","link":"https:\/\/agora.xtec.cat\/escolallebetx\/lescola\/material-escolar\/","title":{"rendered":"Material escolar"},"content":{"rendered":"<p>El material que cal dur a l&#8217;escola \u00e9s diferent segons el curs o colla. Podeu descarregar els llistats per a cadascun de les colles.<\/p>\n<p><a href=\"https:\/\/agora.xtec.cat\/escolallebetx\/wp-content\/uploads\/usu1343\/2025\/07\/MATERIAL-COLLA-GRUMETS-WEB.pdf\" target=\"_blank\" rel=\"noopener noreferrer\">MATERIAL COLLA GRUMETS I3, I4, I5 CURS 25-26<\/a><\/p>\n<p><a href=\"https:\/\/agora.xtec.cat\/escolallebetx\/wp-content\/uploads\/usu1343\/2025\/07\/MATERIAL-COLLA-MARINERA-WEB-1.pdf\" target=\"_blank\" rel=\"noopener\">MATERIAL COLLA MARINERA 1r, 2n, 3r CURS 25-26<\/a><\/p>\n<p><a href=\"https:\/\/agora.xtec.cat\/escolallebetx\/wp-content\/uploads\/usu1343\/2025\/07\/MATERIAL-COLLA-NAVEGANTS-WEB.pdf\" target=\"_blank\" rel=\"noopener noreferrer\">MATERIAL COLLA NAVEGANTS 4t, 5\u00e8, 6\u00e8 CURS 25-26<\/a><\/p>\n<p><a href=\"https:\/\/agora.xtec.cat\/escolallebetx\/wp-content\/uploads\/usu1343\/2025\/07\/CIRCULAR-pagament-piscina-I3-curs-25-26-Documents-de-Google.pdf\" target=\"_blank\" rel=\"noopener\">PAGAMENT PISCINA I3 CURS 25-26<\/a><\/p>\n<p><a href=\"https:\/\/agora.xtec.cat\/escolallebetx\/wp-content\/uploads\/usu1343\/2025\/07\/CIRCULAR-pagament-piscina-I4-curs-25-26-Documents-de-Google.pdf\" target=\"_blank\" rel=\"noopener\">PAGAMENT PISCINA I4 CURS 25-26<\/a><\/p>\n<p><a href=\"https:\/\/agora.xtec.cat\/escolallebetx\/wp-content\/uploads\/usu1343\/2025\/07\/CIRCULAR-pagament-piscina-I5-curs-25-26-Documents-de-Google.pdf\" target=\"_blank\" rel=\"noopener\">PAGAMENT PISCINA I5 CURS 25-26<\/a><\/p>\n<p><a href=\"https:\/\/agora.xtec.cat\/escolallebetx\/wp-content\/uploads\/usu1343\/2025\/07\/CIRCULAR-pagament-piscina-Timo-Popa-curs-25-26-Documents-de-Google.pdf\">PAGAMENT PISCINA ALUMNAT QUE REP SIEI DE PRIM\u00c0RIA CURS 25-26<\/a><\/p>\n<p>A continuaci\u00f3, us adjuntem la distribuci\u00f3 de preus del material, sortides i col\u00f2nies. A m\u00e9s a m\u00e9s, tamb\u00e9 hi ha la distribuci\u00f3 de la piscina per l&#8217;alumnat de la Colla Grumets i l&#8217;alumnat que rep SIEI. Es poden fer els pagaments fraccionats mitjan\u00e7ant l\u2019App Dinantia o b\u00e9 fent l&#8217;ingr\u00e9s a l&#8217;escola de la totalitat.<\/p>\n<p><img loading=\"lazy\" decoding=\"async\" class=\"aligncenter wp-image-7791 size-large\" src=\"https:\/\/agora.xtec.cat\/escolallebetx\/wp-content\/uploads\/usu1343\/2025\/07\/3-1024x724.png\" alt=\"\" width=\"1024\" height=\"724\" srcset=\"https:\/\/agora.xtec.cat\/escolallebetx\/wp-content\/uploads\/usu1343\/2025\/07\/3-1024x724.png 1024w, https:\/\/agora.xtec.cat\/escolallebetx\/wp-content\/uploads\/usu1343\/2025\/07\/3-300x212.png 300w, https:\/\/agora.xtec.cat\/escolallebetx\/wp-content\/uploads\/usu1343\/2025\/07\/3-768x543.png 768w, https:\/\/agora.xtec.cat\/escolallebetx\/wp-content\/uploads\/usu1343\/2025\/07\/3-1536x1086.png 1536w, https:\/\/agora.xtec.cat\/escolallebetx\/wp-content\/uploads\/usu1343\/2025\/07\/3.png 2000w\" sizes=\"auto, (max-width: 1024px) 100vw, 1024px\" \/><\/p>\n<p><img loading=\"lazy\" decoding=\"async\" class=\"aligncenter wp-image-7792 size-large\" src=\"https:\/\/agora.xtec.cat\/escolallebetx\/wp-content\/uploads\/usu1343\/2025\/07\/4-1024x724.png\" alt=\"\" width=\"1024\" height=\"724\" srcset=\"https:\/\/agora.xtec.cat\/escolallebetx\/wp-content\/uploads\/usu1343\/2025\/07\/4-1024x724.png 1024w, https:\/\/agora.xtec.cat\/escolallebetx\/wp-content\/uploads\/usu1343\/2025\/07\/4-300x212.png 300w, https:\/\/agora.xtec.cat\/escolallebetx\/wp-content\/uploads\/usu1343\/2025\/07\/4-768x543.png 768w, https:\/\/agora.xtec.cat\/escolallebetx\/wp-content\/uploads\/usu1343\/2025\/07\/4-1536x1086.png 1536w, https:\/\/agora.xtec.cat\/escolallebetx\/wp-content\/uploads\/usu1343\/2025\/07\/4.png 2000w\" sizes=\"auto, (max-width: 1024px) 100vw, 1024px\" \/><\/p>\n<p>&nbsp;<\/p>\n","protected":false},"excerpt":{"rendered":"<p>El material que cal dur a l&#8217;escola \u00e9s diferent segons el curs o colla. Podeu descarregar els llistats per a cadascun de les colles.<br \/>\n<a href=\"https:\/\/agora.xtec.cat\/escolallebetx\/wp-content\/uploads\/usu1343\/2025\/07\/MATERIAL-COLLA-GRUMETS-WEB.pdf\" target=\"_blank\" rel=\"noopener noreferrer\">MATERIAL COLLA GRUMETS I3, I4, I5 CURS 25-26<\/a><br \/>\n<a href=\"https:\/\/agora.xtec.cat\/escolallebetx\/wp-content\/uploads\/usu1343\/2025\/07\/MATERIAL-COLLA-MARINERA-WEB-1.pdf\" target=\"_blank\" rel=\"noopener\">MATERIAL COLLA MARINERA 1r, 2n, 3r CURS 25-26<\/a><br \/>\n<a&hellip;  <a href=\"https:\/\/agora.xtec.cat\/escolallebetx\/lescola\/material-escolar\/\" title=\"Read Material escolar\">Llegeix m\u00e9s\u00bb<\/a><\/p>\n","protected":false},"author":1,"featured_media":0,"parent":22,"menu_order":70,"comment_status":"closed","ping_status":"closed","template":"page-templates\/side-menu.php","meta":{"_bbp_topic_count":0,"_bbp_reply_count":0,"_bbp_total_topic_count":0,"_bbp_total_reply_count":0,"_bbp_voice_count":0,"_bbp_anonymous_reply_count":0,"_bbp_topic_count_hidden":0,"_bbp_reply_count_hidden":0,"_bbp_forum_subforum_count":0,"footnotes":""},"class_list":["post-36","page","type-page","status-publish","hentry"],"post_mailing_queue_ids":[],"_links":{"self":[{"href":"https:\/\/agora.xtec.cat\/escolallebetx\/wp-json\/wp\/v2\/pages\/36","targetHints":{"allow":["GET"]}}],"collection":[{"href":"https:\/\/agora.xtec.cat\/escolallebetx\/wp-json\/wp\/v2\/pages"}],"about":[{"href":"https:\/\/agora.xtec.cat\/escolallebetx\/wp-json\/wp\/v2\/types\/page"}],"author":[{"embeddable":true,"href":"https:\/\/agora.xtec.cat\/escolallebetx\/wp-json\/wp\/v2\/users\/1"}],"replies":[{"embeddable":true,"href":"https:\/\/agora.xtec.cat\/escolallebetx\/wp-json\/wp\/v2\/comments?post=36"}],"version-history":[{"count":7,"href":"https:\/\/agora.xtec.cat\/escolallebetx\/wp-json\/wp\/v2\/pages\/36\/revisions"}],"predecessor-version":[{"id":6510,"href":"https:\/\/agora.xtec.cat\/escolallebetx\/wp-json\/wp\/v2\/pages\/36\/revisions\/6510"}],"up":[{"embeddable":true,"href":"https:\/\/agora.xtec.cat\/escolallebetx\/wp-json\/wp\/v2\/pages\/22"}],"wp:attachment":[{"href":"https:\/\/agora.xtec.cat\/escolallebetx\/wp-json\/wp\/v2\/media?parent=36"}],"curies":[{"name":"wp","href":"https:\/\/api.w.org\/{rel}","templated":true}]}}