{"id":8605,"date":"2022-05-09T12:24:36","date_gmt":"2022-05-09T10:24:36","guid":{"rendered":"https:\/\/agora.xtec.cat\/escolallagut\/?page_id=8605"},"modified":"2022-06-27T13:34:30","modified_gmt":"2022-06-27T11:34:30","slug":"temporitzacio-i-indicadors","status":"publish","type":"page","link":"https:\/\/agora.xtec.cat\/escolallagut\/estrategia-digital-de-centre\/part-estrategia\/objectius\/temporitzacio-i-indicadors\/","title":{"rendered":"Temporitzaci\u00f3 i indicadors"},"content":{"rendered":"<p>L&#8217;actual projecte de direcci\u00f3 es troba a mig recorregut, per tant dedicarem els propers 2 cursos acad\u00e8mics a crear estrat\u00e8gies per assolir els objectius marcats.<\/p>\n","protected":false},"excerpt":{"rendered":"<p>L&#8217;actual projecte de direcci\u00f3 es troba a mig recorregut, per tant dedicarem els propers 2 cursos acad\u00e8mics a crear estrat\u00e8gies per assolir els objectius marcats.<\/p>\n","protected":false},"author":1,"featured_media":0,"parent":8591,"menu_order":0,"comment_status":"closed","ping_status":"closed","template":"page-templates\/side-menu.php","meta":{"_bbp_topic_count":0,"_bbp_reply_count":0,"_bbp_total_topic_count":0,"_bbp_total_reply_count":0,"_bbp_voice_count":0,"_bbp_anonymous_reply_count":0,"_bbp_topic_count_hidden":0,"_bbp_reply_count_hidden":0,"_bbp_forum_subforum_count":0,"footnotes":""},"class_list":["post-8605","page","type-page","status-publish","hentry"],"post_mailing_queue_ids":[],"_links":{"self":[{"href":"https:\/\/agora.xtec.cat\/escolallagut\/wp-json\/wp\/v2\/pages\/8605","targetHints":{"allow":["GET"]}}],"collection":[{"href":"https:\/\/agora.xtec.cat\/escolallagut\/wp-json\/wp\/v2\/pages"}],"about":[{"href":"https:\/\/agora.xtec.cat\/escolallagut\/wp-json\/wp\/v2\/types\/page"}],"author":[{"embeddable":true,"href":"https:\/\/agora.xtec.cat\/escolallagut\/wp-json\/wp\/v2\/users\/1"}],"replies":[{"embeddable":true,"href":"https:\/\/agora.xtec.cat\/escolallagut\/wp-json\/wp\/v2\/comments?post=8605"}],"version-history":[{"count":3,"href":"https:\/\/agora.xtec.cat\/escolallagut\/wp-json\/wp\/v2\/pages\/8605\/revisions"}],"predecessor-version":[{"id":8869,"href":"https:\/\/agora.xtec.cat\/escolallagut\/wp-json\/wp\/v2\/pages\/8605\/revisions\/8869"}],"up":[{"embeddable":true,"href":"https:\/\/agora.xtec.cat\/escolallagut\/wp-json\/wp\/v2\/pages\/8591"}],"wp:attachment":[{"href":"https:\/\/agora.xtec.cat\/escolallagut\/wp-json\/wp\/v2\/media?parent=8605"}],"curies":[{"name":"wp","href":"https:\/\/api.w.org\/{rel}","templated":true}]}}