{"id":10172,"date":"2023-05-19T11:22:22","date_gmt":"2023-05-19T09:22:22","guid":{"rendered":"https:\/\/agora.xtec.cat\/escolallagut\/?page_id=10172"},"modified":"2023-05-20T09:08:38","modified_gmt":"2023-05-20T07:08:38","slug":"comunicacio-amb-les-families","status":"publish","type":"page","link":"https:\/\/agora.xtec.cat\/escolallagut\/estrategia-digital-de-centre\/cultura-digital\/pla-de-comunicacio\/comunicacio-amb-les-families\/","title":{"rendered":"Comunicaci\u00f3 amb les fam\u00edlies"},"content":{"rendered":"<p>El curs 2017\/2018, vam engegar la comunicaci\u00f3 amb les fam\u00edlies amb l\u2019aplicaci\u00f3 de telefonia m\u00f2bil Whatsapp. Moltes fam\u00edlies no disposaven de correu electr\u00f2nic i ens trob\u00e0vem que la informaci\u00f3 no arribava a tothom. Enviem els missatges mitjan\u00e7ant llistes de difusi\u00f3, aix\u00ed tothom rep els missatges individualment i no dins un grup de whatsapp. La valoraci\u00f3 que en fem \u00e9s molt positiva, ja que les informacions arriben a totes les fam\u00edlies i de manera instant\u00e0nia.<\/p>\n","protected":false},"excerpt":{"rendered":"<p>El curs 2017\/2018, vam engegar la comunicaci\u00f3 amb les fam\u00edlies amb l\u2019aplicaci\u00f3 de telefonia m\u00f2bil Whatsapp. Moltes fam\u00edlies no disposaven de correu electr\u00f2nic i ens trob\u00e0vem que la informaci\u00f3 no arribava a tothom. Enviem els missatges mitjan\u00e7ant llistes de difusi\u00f3, aix\u00ed tothom rep els missatges&hellip;  <a href=\"https:\/\/agora.xtec.cat\/escolallagut\/estrategia-digital-de-centre\/cultura-digital\/pla-de-comunicacio\/comunicacio-amb-les-families\/\" title=\"Read Comunicaci\u00f3 amb les fam\u00edlies\">Llegeix m\u00e9s\u00bb<\/a><\/p>\n","protected":false},"author":1,"featured_media":0,"parent":10167,"menu_order":0,"comment_status":"closed","ping_status":"closed","template":"page-templates\/side-menu.php","meta":{"_bbp_topic_count":0,"_bbp_reply_count":0,"_bbp_total_topic_count":0,"_bbp_total_reply_count":0,"_bbp_voice_count":0,"_bbp_anonymous_reply_count":0,"_bbp_topic_count_hidden":0,"_bbp_reply_count_hidden":0,"_bbp_forum_subforum_count":0,"footnotes":""},"class_list":["post-10172","page","type-page","status-publish","hentry"],"post_mailing_queue_ids":[],"_links":{"self":[{"href":"https:\/\/agora.xtec.cat\/escolallagut\/wp-json\/wp\/v2\/pages\/10172","targetHints":{"allow":["GET"]}}],"collection":[{"href":"https:\/\/agora.xtec.cat\/escolallagut\/wp-json\/wp\/v2\/pages"}],"about":[{"href":"https:\/\/agora.xtec.cat\/escolallagut\/wp-json\/wp\/v2\/types\/page"}],"author":[{"embeddable":true,"href":"https:\/\/agora.xtec.cat\/escolallagut\/wp-json\/wp\/v2\/users\/1"}],"replies":[{"embeddable":true,"href":"https:\/\/agora.xtec.cat\/escolallagut\/wp-json\/wp\/v2\/comments?post=10172"}],"version-history":[{"count":2,"href":"https:\/\/agora.xtec.cat\/escolallagut\/wp-json\/wp\/v2\/pages\/10172\/revisions"}],"predecessor-version":[{"id":10222,"href":"https:\/\/agora.xtec.cat\/escolallagut\/wp-json\/wp\/v2\/pages\/10172\/revisions\/10222"}],"up":[{"embeddable":true,"href":"https:\/\/agora.xtec.cat\/escolallagut\/wp-json\/wp\/v2\/pages\/10167"}],"wp:attachment":[{"href":"https:\/\/agora.xtec.cat\/escolallagut\/wp-json\/wp\/v2\/media?parent=10172"}],"curies":[{"name":"wp","href":"https:\/\/api.w.org\/{rel}","templated":true}]}}