{"id":5261,"date":"2024-09-10T14:36:15","date_gmt":"2024-09-10T12:36:15","guid":{"rendered":"https:\/\/agora.xtec.cat\/escolalesvinyes\/?page_id=5261"},"modified":"2026-02-27T10:44:44","modified_gmt":"2026-02-27T09:44:44","slug":"butlleti-per-les-families","status":"publish","type":"page","link":"https:\/\/agora.xtec.cat\/escolalesvinyes\/families\/butlleti-per-les-families\/","title":{"rendered":"Butlletins fam\u00edlies"},"content":{"rendered":"<p>En aquest apartat podeu trobar les informacions m\u00e9s rellevants d&#8217;aquest mes, les quals cal tenir en <span class=\"hiddenGrammarError\" style=\"padding-bottom: 2px; background-image: url('..\/..\/..\/..\/..\/images\/squiggle.png'); background-repeat: repeat-x; background-position: left bottom; cursor: default; color: #000000; font-family: 'Open Sans', Helvetica, Arial, sans-serif; font-size: 16px; font-style: normal; font-variant-ligatures: normal; font-variant-caps: normal; font-weight: 300; letter-spacing: normal; orphans: 2; text-align: start; text-indent: 0px; text-transform: none; widows: 2; word-spacing: 0px; -webkit-text-stroke-width: 0px; white-space: normal; text-decoration-thickness: initial; text-decoration-style: initial; text-decoration-color: initial;\">compte. En<\/span>\u00a0recomanem, en\u00e8rgicament, la seva lectura.<\/p>\n<hr \/>\n<p><a href=\"https:\/\/agora.xtec.cat\/escolalesvinyes\/wp-content\/uploads\/usu634\/2026\/02\/7.-Marc-2026-butlleti.pdf\">16. Mar\u00e7 2026 butllet\u00ed<\/a><\/p>\n<p><a href=\"https:\/\/agora.xtec.cat\/escolalesvinyes\/wp-content\/uploads\/usu634\/2026\/01\/15.-Febrer-2026-butlleti.pdf\">15. Febrer 2026 butllet\u00ed<\/a><\/p>\n<p><a href=\"https:\/\/agora.xtec.cat\/escolalesvinyes\/wp-content\/uploads\/usu634\/2025\/12\/14.-Gener-2026-butlleti.pdf\">14. Gener 2026 butllet\u00ed<\/a><\/p>\n<p><a href=\"https:\/\/agora.xtec.cat\/escolalesvinyes\/wp-content\/uploads\/usu634\/2025\/12\/13.-Desembre-2025-butlleti.pdf\">13. Desembre 2025 butllet\u00ed<\/a><\/p>\n<p><a href=\"https:\/\/agora.xtec.cat\/escolalesvinyes\/wp-content\/uploads\/usu634\/2025\/12\/12.-Novembre-2025-butlleti.pdf\">12. Novembre 2025 butllet\u00ed<\/a><\/p>\n<p><a href=\"https:\/\/agora.xtec.cat\/escolalesvinyes\/wp-content\/uploads\/usu634\/2025\/09\/11.-Octubre-2025-butlleti.pdf\">11. Octubre 2025 butllet\u00ed<\/a><\/p>\n<p><a href=\"https:\/\/agora.xtec.cat\/escolalesvinyes\/wp-content\/uploads\/usu634\/2025\/05\/10.-Juny-2025-butlleti.pdf\">10. Juny 2025 butllet\u00ed<\/a><\/p>\n<p><a href=\"https:\/\/agora.xtec.cat\/escolalesvinyes\/wp-content\/uploads\/usu634\/2025\/05\/9.-Maig-2025-butlleti.pdf\">9. Maig 2025 butllet\u00ed<\/a><\/p>\n<p><a href=\"https:\/\/agora.xtec.cat\/escolalesvinyes\/wp-content\/uploads\/usu634\/2025\/03\/8-Abril-2025-butlleti.pdf\">8. Abril 2025 butllet\u00ed<\/a><\/p>\n<p><a href=\"https:\/\/agora.xtec.cat\/escolalesvinyes\/wp-content\/uploads\/usu634\/2025\/03\/7.-Marc-2025-butlleti.pdf\">7. Mar\u00e7 2025 butllet\u00ed<\/a><\/p>\n<p><a href=\"https:\/\/agora.xtec.cat\/escolalesvinyes\/wp-content\/uploads\/usu634\/2025\/01\/6.-Febrer-2025-butlleti-1.pdf\">6. Febrer 2025 butllet\u00ed<\/a><\/p>\n<p><a href=\"https:\/\/agora.xtec.cat\/escolalesvinyes\/wp-content\/uploads\/usu634\/2024\/12\/5.-Gener-2025-butlleti.pdf\">5. Gener 2025 butllet\u00ed<\/a><\/p>\n<p><a href=\"https:\/\/agora.xtec.cat\/escolalesvinyes\/wp-content\/uploads\/usu634\/2024\/12\/4.-Desembre-2024-butlleti.pdf\">4. Desembre 2024 butllet\u00ed<\/a><\/p>\n<p><a href=\"https:\/\/agora.xtec.cat\/escolalesvinyes\/wp-content\/uploads\/usu634\/2024\/10\/3.-Novembre-2024-butlleti.pdf\">3. Novembre 2024 butllet\u00ed<\/a><\/p>\n<p><a href=\"https:\/\/agora.xtec.cat\/escolalesvinyes\/wp-content\/uploads\/usu634\/2024\/09\/2.-Octubre-2024-butlleti.pdf\">2. Octubre 2024 butllet\u00ed<\/a><\/p>\n<p><a href=\"https:\/\/agora.xtec.cat\/escolalesvinyes\/wp-content\/uploads\/usu634\/2024\/09\/1.-Setembre-2024-butlleti.pdf\">1. Setembre 2024 butllet\u00ed<\/a><\/p>\n","protected":false},"excerpt":{"rendered":"<p>En aquest apartat podeu trobar les informacions m\u00e9s rellevants d&#8217;aquest mes, les quals cal tenir en compte. En\u00a0recomanem, en\u00e8rgicament, la seva lectura. 16. Mar\u00e7 2026 butllet\u00ed 15. Febrer 2026 butllet\u00ed 14. Gener 2026 butllet\u00ed 13. Desembre 2025 butllet\u00ed 12. Novembre 2025 butllet\u00ed 11. Octubre 2025 butllet\u00ed 10. Juny 2025 butllet\u00ed 9. Maig 2025 butllet\u00ed 8. [&hellip;]<\/p>\n","protected":false},"author":1,"featured_media":0,"parent":5608,"menu_order":10,"comment_status":"closed","ping_status":"closed","template":"","meta":{"_bbp_topic_count":0,"_bbp_reply_count":0,"_bbp_total_topic_count":0,"_bbp_total_reply_count":0,"_bbp_voice_count":0,"_bbp_anonymous_reply_count":0,"_bbp_topic_count_hidden":0,"_bbp_reply_count_hidden":0,"_bbp_forum_subforum_count":0,"site-sidebar-layout":"default","site-content-layout":"","ast-site-content-layout":"default","site-content-style":"default","site-sidebar-style":"default","ast-global-header-display":"","ast-banner-title-visibility":"","ast-main-header-display":"","ast-hfb-above-header-display":"","ast-hfb-below-header-display":"","ast-hfb-mobile-header-display":"","site-post-title":"","ast-breadcrumbs-content":"","ast-featured-img":"","footer-sml-layout":"","theme-transparent-header-meta":"default","adv-header-id-meta":"","stick-header-meta":"","header-above-stick-meta":"","header-main-stick-meta":"","header-below-stick-meta":"","astra-migrate-meta-layouts":"set","ast-page-background-enabled":"default","ast-page-background-meta":{"desktop":{"background-color":"var(--ast-global-color-4)","background-image":"","background-repeat":"repeat","background-position":"center center","background-size":"auto","background-attachment":"scroll","background-type":"","background-media":"","overlay-type":"","overlay-color":"","overlay-opacity":"","overlay-gradient":""},"tablet":{"background-color":"","background-image":"","background-repeat":"repeat","background-position":"center center","background-size":"auto","background-attachment":"scroll","background-type":"","background-media":"","overlay-type":"","overlay-color":"","overlay-opacity":"","overlay-gradient":""},"mobile":{"background-color":"","background-image":"","background-repeat":"repeat","background-position":"center center","background-size":"auto","background-attachment":"scroll","background-type":"","background-media":"","overlay-type":"","overlay-color":"","overlay-opacity":"","overlay-gradient":""}},"ast-content-background-meta":{"desktop":{"background-color":"var(--ast-global-color-5)","background-image":"","background-repeat":"repeat","background-position":"center center","background-size":"auto","background-attachment":"scroll","background-type":"","background-media":"","overlay-type":"","overlay-color":"","overlay-opacity":"","overlay-gradient":""},"tablet":{"background-color":"var(--ast-global-color-5)","background-image":"","background-repeat":"repeat","background-position":"center center","background-size":"auto","background-attachment":"scroll","background-type":"","background-media":"","overlay-type":"","overlay-color":"","overlay-opacity":"","overlay-gradient":""},"mobile":{"background-color":"var(--ast-global-color-5)","background-image":"","background-repeat":"repeat","background-position":"center center","background-size":"auto","background-attachment":"scroll","background-type":"","background-media":"","overlay-type":"","overlay-color":"","overlay-opacity":"","overlay-gradient":""}},"footnotes":""},"class_list":["post-5261","page","type-page","status-publish","hentry"],"post_mailing_queue_ids":[],"_links":{"self":[{"href":"https:\/\/agora.xtec.cat\/escolalesvinyes\/wp-json\/wp\/v2\/pages\/5261","targetHints":{"allow":["GET"]}}],"collection":[{"href":"https:\/\/agora.xtec.cat\/escolalesvinyes\/wp-json\/wp\/v2\/pages"}],"about":[{"href":"https:\/\/agora.xtec.cat\/escolalesvinyes\/wp-json\/wp\/v2\/types\/page"}],"author":[{"embeddable":true,"href":"https:\/\/agora.xtec.cat\/escolalesvinyes\/wp-json\/wp\/v2\/users\/1"}],"replies":[{"embeddable":true,"href":"https:\/\/agora.xtec.cat\/escolalesvinyes\/wp-json\/wp\/v2\/comments?post=5261"}],"version-history":[{"count":7,"href":"https:\/\/agora.xtec.cat\/escolalesvinyes\/wp-json\/wp\/v2\/pages\/5261\/revisions"}],"predecessor-version":[{"id":7778,"href":"https:\/\/agora.xtec.cat\/escolalesvinyes\/wp-json\/wp\/v2\/pages\/5261\/revisions\/7778"}],"up":[{"embeddable":true,"href":"https:\/\/agora.xtec.cat\/escolalesvinyes\/wp-json\/wp\/v2\/pages\/5608"}],"wp:attachment":[{"href":"https:\/\/agora.xtec.cat\/escolalesvinyes\/wp-json\/wp\/v2\/media?parent=5261"}],"curies":[{"name":"wp","href":"https:\/\/api.w.org\/{rel}","templated":true}]}}