{"id":6996,"date":"2018-02-02T21:21:04","date_gmt":"2018-02-02T20:21:04","guid":{"rendered":"http:\/\/agora.xtec.cat\/escolalestany\/?page_id=6996"},"modified":"2019-09-04T00:53:53","modified_gmt":"2019-09-03T22:53:53","slug":"opinio-per-docents-i-families","status":"publish","type":"page","link":"https:\/\/agora.xtec.cat\/escolalestany\/opinio-per-docents-i-families\/","title":{"rendered":"Opini\u00f3 per docents i fam\u00edlies"},"content":{"rendered":"<ul>\n<li><a href=\"https:\/\/rutademocratica.blogspot.com.es\/\">DEMOCR\u00c0CIA ARREU, SOBRETOT A LES ESCOLES! (Pilar i Sergi)<\/a><\/li>\n<li><a href=\"http:\/\/www.estonoesunaescuela.org\/\">ESTO NO ES UNA ESCUELA (Diana, Diego i Jara)<\/a><\/li>\n<li><a href=\"https:\/\/criatures.ara.cat\/escola\/repensam-pati_0_1949805109.html\">ENS REPENSEM EL PATI? (Araceli Salas, diari ARA)<\/a><\/li>\n<li><a href=\"http:\/\/www.catorze.cat\/noticia\/10953\/rosa\/sensat\/escola\/llibertat\">ROSA SENSAT I L&#8217;ESCOLA DE LA LLIBERTAT (Catorze.cat)<\/a><\/li>\n<li><a href=\"https:\/\/criatures.ara.cat\/escola\/dret-leducacio-petita-infancia_0_1937206379.html\">EL DRET A L&#8217;EDUCACI\u00d3 DE LA PETITA INF\u00c0NCIA, L&#8217;EDUACI\u00d3 0-3 A DEBAT (Laia Herrera, diari ARA)<\/a><\/li>\n<li><a href=\"http:\/\/www.catorze.cat\/noticia\/7139\/elogi\/educacio\/lenta\">ELOGI A L&#8217;EDUCACI\u00d3 LENTA (Joan Dom\u00e8nech Francesch, Catorze)<\/a><\/li>\n<li><a href=\"http:\/\/www.publico.es\/tremending\/2018\/03\/20\/el-dia-a-dia-de-los-profesores-explicado-de-forma-magistral-con-cuadros-clasicos\/\">EL D\u00cdA A DIA DE LOS PROFESORES EXPLICADO DE FORMA MAGISTRAL CON CUADROS CL\u00c1SICOS (diario P\u00fablico)<\/a><\/li>\n<li><a href=\"https:\/\/www.vilaweb.cat\/noticies\/eva-millet-hem-detectat-que-hi-ha-pares-helicopter-pares-piconadora-pares-guardaespatlles-pares-manager-i-pares-entrepa-entrevista-hipernens-educacio-hiperpaternitat\/\">EVA MILLET: &#8220;HEM DETECTAT QUE HI HA PARES HELIC\u00d2PTER, PARES PICONADORA, PARES&#8230;.&#8221; (Pere Card\u00fas, Vilaweb)<\/a><\/li>\n<li><a href=\"https:\/\/youtu.be\/xcBTufnjXMQ\">TAKAHARU TEZUKA: El mejor jard\u00edn de ni\u00f1os que jam\u00e1s hayas visto. Fuji Kindergarten. Tokyo.<\/a><\/li>\n<li><a href=\"https:\/\/escoles.fundesplai.org\/blog\/cal-transformar-els-menjadors-escolars-en-espais-educatius\/?utm_source=wysija&amp;utm_medium=email&amp;utm_campaign=butlleti_setmanal\">FUNDESPLAI: Cal transformar els menjadors escolars en espais eduactius.<\/a><\/li>\n<li><a href=\"https:\/\/criatures.ara.cat\/escola\/Menus-escolars-casa-ametller_0_2084791513.html\">MEN\u00daS ESCOLARS EN QU\u00c8 LES CRIATURES SE SERVEIXEN ELLES MATEIXES ELS PLATS ( diari ARA)<\/a><\/li>\n<li><a href=\"http:\/\/oaoamatematicas.blogspot.com\/\">ANTONIO MART\u00cdN. OAOA MATEM\u00c1TICAS<\/a><\/li>\n<li><a href=\"https:\/\/www.youtube.com\/channel\/UCPeX95GhAz9212NnbAmdWag\/videos\">ANTONIO MART\u00cdN 2020. OAOA. CANAL YOUTUBE<\/a><\/li>\n<li><a href=\"https:\/\/www.ara.cat\/societat\/innovacio-aules-obliga-repensar-llibres_0_2086591370.html\">LA INNOVACI\u00d3 A LES AULES OBLIGA A REPENSAR ELS LLIBRES DE TEXT (Laia Vicens, diari ARA)<\/a><\/li>\n<li><a href=\"https:\/\/agora.xtec.cat\/escolalestany\/wp-content\/uploads\/usu937\/2019\/02\/TEMES_RURALS_Raul-Manzano.pdf\">TEMES_RURALS_(Raul Manzano)<\/a><br \/>\n<h1 id=\"titol-noticia\" class=\"entry-title\"><\/h1>\n<\/li>\n<\/ul>\n","protected":false},"excerpt":{"rendered":"<ul>\n<li><a href=\"https:\/\/rutademocratica.blogspot.com.es\/\">DEMOCR\u00c0CIA ARREU, SOBRETOT A LES ESCOLES! (Pilar i Sergi)<\/a><\/li>\n<li><a href=\"http:\/\/www.estonoesunaescuela.org\/\">ESTO NO ES UNA ESCUELA (Diana, Diego i Jara)<\/a><\/li>\n<li><a href=\"https:\/\/criatures.ara.cat\/escola\/repensam-pati_0_1949805109.html\">ENS REPENSEM EL PATI? (Araceli Salas, diari ARA)<\/a><\/li>\n<li><a href=\"http:\/\/www.catorze.cat\/noticia\/10953\/rosa\/sensat\/escola\/llibertat\">ROSA SENSAT I L&#8217;ESCOLA DE LA LLIBERTAT (Catorze.cat)<\/a><\/li>\n<li><a href=\"https:\/\/criatures.ara.cat\/escola\/dret-leducacio-petita-infancia_0_1937206379.html\">EL DRET A L&#8217;EDUCACI\u00d3 DE LA PETITA INF\u00c0NCIA, L&#8217;EDUACI\u00d3 0-3&hellip;  <a href=\"https:\/\/agora.xtec.cat\/escolalestany\/opinio-per-docents-i-families\/\" title=\"Read Opini\u00f3 per docents i fam\u00edlies\">Llegeix m\u00e9s\u00bb<\/a><br \/>\n","protected":false},"author":1,"featured_media":0,"parent":0,"menu_order":0,"comment_status":"closed","ping_status":"closed","template":"","meta":{"_bbp_topic_count":0,"_bbp_reply_count":0,"_bbp_total_topic_count":0,"_bbp_total_reply_count":0,"_bbp_voice_count":0,"_bbp_anonymous_reply_count":0,"_bbp_topic_count_hidden":0,"_bbp_reply_count_hidden":0,"_bbp_forum_subforum_count":0,"footnotes":""},"class_list":["post-6996","page","type-page","status-publish","hentry"],"post_mailing_queue_ids":[],"_links":{"self":[{"href":"https:\/\/agora.xtec.cat\/escolalestany\/wp-json\/wp\/v2\/pages\/6996","targetHints":{"allow":["GET"]}}],"collection":[{"href":"https:\/\/agora.xtec.cat\/escolalestany\/wp-json\/wp\/v2\/pages"}],"about":[{"href":"https:\/\/agora.xtec.cat\/escolalestany\/wp-json\/wp\/v2\/types\/page"}],"author":[{"embeddable":true,"href":"https:\/\/agora.xtec.cat\/escolalestany\/wp-json\/wp\/v2\/users\/1"}],"replies":[{"embeddable":true,"href":"https:\/\/agora.xtec.cat\/escolalestany\/wp-json\/wp\/v2\/comments?post=6996"}],"version-history":[{"count":4,"href":"https:\/\/agora.xtec.cat\/escolalestany\/wp-json\/wp\/v2\/pages\/6996\/revisions"}],"predecessor-version":[{"id":8867,"href":"https:\/\/agora.xtec.cat\/escolalestany\/wp-json\/wp\/v2\/pages\/6996\/revisions\/8867"}],"wp:attachment":[{"href":"https:\/\/agora.xtec.cat\/escolalestany\/wp-json\/wp\/v2\/media?parent=6996"}],"curies":[{"name":"wp","href":"https:\/\/api.w.org\/{rel}","templated":true}]}}