{"id":6128,"date":"2016-03-02T23:05:14","date_gmt":"2016-03-02T22:05:14","guid":{"rendered":"http:\/\/agora.xtec.cat\/escolalestany\/?page_id=6128"},"modified":"2024-03-02T21:13:07","modified_gmt":"2024-03-02T20:13:07","slug":"ecologia-emocional","status":"publish","type":"page","link":"https:\/\/agora.xtec.cat\/escolalestany\/ecologia-emocional\/","title":{"rendered":"GUIA DE L&#8217;ESTANY"},"content":{"rendered":"<p><img loading=\"lazy\" decoding=\"async\" class=\"size-medium wp-image-10893 alignleft\" src=\"https:\/\/agora.xtec.cat\/escolalestany\/wp-content\/uploads\/usu937\/2022\/06\/web-titol-300x118.png\" alt=\"\" width=\"300\" height=\"118\" srcset=\"https:\/\/agora.xtec.cat\/escolalestany\/wp-content\/uploads\/usu937\/2022\/06\/web-titol-300x118.png 300w, https:\/\/agora.xtec.cat\/escolalestany\/wp-content\/uploads\/usu937\/2022\/06\/web-titol.png 694w\" sizes=\"auto, (max-width: 300px) 100vw, 300px\" \/><\/p>\n<p><img loading=\"lazy\" decoding=\"async\" class=\"wp-image-10910 alignleft\" src=\"https:\/\/agora.xtec.cat\/escolalestany\/wp-content\/uploads\/usu937\/2022\/06\/poble-1.png\" alt=\"\" width=\"166\" height=\"157\" \/><img loading=\"lazy\" decoding=\"async\" class=\" wp-image-10896 alignnone\" src=\"https:\/\/agora.xtec.cat\/escolalestany\/wp-content\/uploads\/usu937\/2022\/06\/mina.png\" alt=\"\" width=\"150\" height=\"130\" \/><img loading=\"lazy\" decoding=\"async\" class=\"size-full wp-image-10894 alignleft\" src=\"https:\/\/agora.xtec.cat\/escolalestany\/wp-content\/uploads\/usu937\/2022\/06\/poble.png\" alt=\"\" width=\"134\" height=\"121\" \/><\/p>\n<h3><\/h3>\n<h3><span style=\"color: #00ff00;\"><strong>EL PROJECTE<\/strong><\/span><\/h3>\n<p><span class=\"JsGRdQ\">L\u2019escola de l\u2019Estany ha creat una guia per endinsar-nos al patrimoni natural i cultural del municipi. Tots els alumnes de l&#8217;escola des de 1 a 12 anys han participat en aquest projecte que pret\u00e9n mostrar als visitants diferents llocs d&#8217;inter\u00e8s del poble. Esperem que gaudiu de la visita!<\/span><\/p>\n<p><strong>EL POBLE<\/strong><\/p>\n<p>El grups de petits de l&#8217;escola (I1 fins a I5) us proposa visitar 5 llocs de L&#8217;Estany:<\/p>\n<ul>\n<li>El pontarr\u00f3<\/li>\n<li>El puig de la Caritat<\/li>\n<li>L&#8217;Ajuntament<\/li>\n<li>El rec de les Nogueres<\/li>\n<li>Les bitlles<\/li>\n<\/ul>\n<p><a href=\"https:\/\/agora.xtec.cat\/escolalestany\/ecologia-emocional\/cicle-inicial\/\"><strong><span style=\"color: #00ff00;\">CLICA AQU\u00cd PER FER LA VISITA DEL POBLE<\/span><\/strong><\/a><\/p>\n<p><strong>LA MINA DE DESGU\u00c0S<\/strong><\/p>\n<p>El grup de mitjans de l&#8217;escola (1r fins a 3r) us proposa visitar la mina de desgu\u00e0s que hi ha al poble.<\/p>\n<p><a href=\"https:\/\/agora.xtec.cat\/escolalestany\/ecologia-emocional\/cicle-mitja\/\"><strong><span style=\"color: #00ff00;\">CLICA\u00a0 AQU\u00cd PER FER LA VISITA DE LA MINA DE DESGU\u00c0S<\/span><\/strong><\/a><\/p>\n<p><strong>EL MONESTIR DE SANTA MARIA DE L&#8217;ESTANY<\/strong><\/p>\n<p>El grup de grans de l&#8217;escola (4t fins a 6\u00e8) ha creat un joc de taula per con\u00e8ixer el claustre del monestir. \u00c9s El joc de l&#8217;\u00e0liga del monestir. D&#8217;una manera divertida aprendreu els secrets dels capitells del claustre.<\/p>\n<p><a href=\"https:\/\/agora.xtec.cat\/escolalestany\/ecologia-emocional\/pagina-exemple\/\"><strong><span style=\"color: #00ff00;\">CLICA AQU\u00cd PER FER LA VISITA DEL MONESTIR<\/span><\/strong><\/a><\/p>\n<p>Aquest projecte s&#8217;ha fet amb la col\u00b7laboraci\u00f3 de:<\/p>\n<p><img loading=\"lazy\" decoding=\"async\" class=\"aligncenter wp-image-10908 size-large\" src=\"https:\/\/agora.xtec.cat\/escolalestany\/wp-content\/uploads\/usu937\/2022\/06\/weblogos-1024x81.png\" alt=\"\" width=\"1024\" height=\"81\" srcset=\"https:\/\/agora.xtec.cat\/escolalestany\/wp-content\/uploads\/usu937\/2022\/06\/weblogos-1024x81.png 1024w, https:\/\/agora.xtec.cat\/escolalestany\/wp-content\/uploads\/usu937\/2022\/06\/weblogos-300x24.png 300w, https:\/\/agora.xtec.cat\/escolalestany\/wp-content\/uploads\/usu937\/2022\/06\/weblogos-768x61.png 768w, https:\/\/agora.xtec.cat\/escolalestany\/wp-content\/uploads\/usu937\/2022\/06\/weblogos.png 1077w\" sizes=\"auto, (max-width: 1024px) 100vw, 1024px\" \/><\/p>\n","protected":false},"excerpt":{"rendered":"<p>EL PROJECTE<br \/>\nL\u2019escola de l\u2019Estany ha creat una guia per endinsar-nos al patrimoni natural i cultural del municipi. Tots els alumnes de l&#8217;escola des de 1 a 12 anys han participat en aquest projecte que pret\u00e9n mostrar als visitants diferents llocs d&#8217;inter\u00e8s del poble. Esperem que&hellip;  <a href=\"https:\/\/agora.xtec.cat\/escolalestany\/ecologia-emocional\/\" title=\"Read GUIA DE L&#8217;ESTANY\">Llegeix m\u00e9s\u00bb<\/a><\/p>\n","protected":false},"author":1,"featured_media":0,"parent":0,"menu_order":1,"comment_status":"closed","ping_status":"closed","template":"page-templates\/side-menu.php","meta":{"_bbp_topic_count":0,"_bbp_reply_count":0,"_bbp_total_topic_count":0,"_bbp_total_reply_count":0,"_bbp_voice_count":0,"_bbp_anonymous_reply_count":0,"_bbp_topic_count_hidden":0,"_bbp_reply_count_hidden":0,"_bbp_forum_subforum_count":0,"footnotes":""},"class_list":["post-6128","page","type-page","status-publish","hentry"],"post_mailing_queue_ids":[],"_links":{"self":[{"href":"https:\/\/agora.xtec.cat\/escolalestany\/wp-json\/wp\/v2\/pages\/6128","targetHints":{"allow":["GET"]}}],"collection":[{"href":"https:\/\/agora.xtec.cat\/escolalestany\/wp-json\/wp\/v2\/pages"}],"about":[{"href":"https:\/\/agora.xtec.cat\/escolalestany\/wp-json\/wp\/v2\/types\/page"}],"author":[{"embeddable":true,"href":"https:\/\/agora.xtec.cat\/escolalestany\/wp-json\/wp\/v2\/users\/1"}],"replies":[{"embeddable":true,"href":"https:\/\/agora.xtec.cat\/escolalestany\/wp-json\/wp\/v2\/comments?post=6128"}],"version-history":[{"count":5,"href":"https:\/\/agora.xtec.cat\/escolalestany\/wp-json\/wp\/v2\/pages\/6128\/revisions"}],"predecessor-version":[{"id":12125,"href":"https:\/\/agora.xtec.cat\/escolalestany\/wp-json\/wp\/v2\/pages\/6128\/revisions\/12125"}],"wp:attachment":[{"href":"https:\/\/agora.xtec.cat\/escolalestany\/wp-json\/wp\/v2\/media?parent=6128"}],"curies":[{"name":"wp","href":"https:\/\/api.w.org\/{rel}","templated":true}]}}