{"id":661,"date":"2021-05-15T16:13:59","date_gmt":"2021-05-15T14:13:59","guid":{"rendered":"https:\/\/agora.xtec.cat\/escolalesplanes\/?page_id=661"},"modified":"2021-05-30T19:49:21","modified_gmt":"2021-05-30T17:49:21","slug":"projecte-de-pati","status":"publish","type":"page","link":"https:\/\/agora.xtec.cat\/escolalesplanes\/projecte-de-pati\/","title":{"rendered":"Projecte de Pati"},"content":{"rendered":"<p><img loading=\"lazy\" decoding=\"async\" class=\"alignnone  wp-image-515\" src=\"https:\/\/agora.xtec.cat\/escolalesplanes\/wp-content\/uploads\/usu2441\/2021\/03\/image-12-e1622396570483.png\" alt=\"\" width=\"412\" height=\"308\" srcset=\"https:\/\/agora.xtec.cat\/escolalesplanes\/wp-content\/uploads\/usu2441\/2021\/03\/image-12-e1622396570483.png 277w, https:\/\/agora.xtec.cat\/escolalesplanes\/wp-content\/uploads\/usu2441\/2021\/03\/image-12-e1622396570483-200x150.png 200w\" sizes=\"auto, (max-width: 412px) 100vw, 412px\" \/><img loading=\"lazy\" decoding=\"async\" class=\"alignnone  wp-image-726\" src=\"https:\/\/agora.xtec.cat\/escolalesplanes\/wp-content\/uploads\/usu2441\/2021\/05\/IMG-20160213-WA0011-1024x768.jpg\" alt=\"\" width=\"415\" height=\"312\" srcset=\"https:\/\/agora.xtec.cat\/escolalesplanes\/wp-content\/uploads\/usu2441\/2021\/05\/IMG-20160213-WA0011-1024x768.jpg 1024w, https:\/\/agora.xtec.cat\/escolalesplanes\/wp-content\/uploads\/usu2441\/2021\/05\/IMG-20160213-WA0011-300x225.jpg 300w, https:\/\/agora.xtec.cat\/escolalesplanes\/wp-content\/uploads\/usu2441\/2021\/05\/IMG-20160213-WA0011-768x576.jpg 768w, https:\/\/agora.xtec.cat\/escolalesplanes\/wp-content\/uploads\/usu2441\/2021\/05\/IMG-20160213-WA0011-200x150.jpg 200w, https:\/\/agora.xtec.cat\/escolalesplanes\/wp-content\/uploads\/usu2441\/2021\/05\/IMG-20160213-WA0011.jpg 1600w\" sizes=\"auto, (max-width: 415px) 100vw, 415px\" \/> <img loading=\"lazy\" decoding=\"async\" class=\"alignnone  wp-image-729\" src=\"https:\/\/agora.xtec.cat\/escolalesplanes\/wp-content\/uploads\/usu2441\/2021\/05\/taula-novaweb-1024x768.jpg\" alt=\"\" width=\"410\" height=\"308\" srcset=\"https:\/\/agora.xtec.cat\/escolalesplanes\/wp-content\/uploads\/usu2441\/2021\/05\/taula-novaweb-1024x768.jpg 1024w, https:\/\/agora.xtec.cat\/escolalesplanes\/wp-content\/uploads\/usu2441\/2021\/05\/taula-novaweb-300x225.jpg 300w, https:\/\/agora.xtec.cat\/escolalesplanes\/wp-content\/uploads\/usu2441\/2021\/05\/taula-novaweb-768x576.jpg 768w, https:\/\/agora.xtec.cat\/escolalesplanes\/wp-content\/uploads\/usu2441\/2021\/05\/taula-novaweb-200x150.jpg 200w, https:\/\/agora.xtec.cat\/escolalesplanes\/wp-content\/uploads\/usu2441\/2021\/05\/taula-novaweb.jpg 1632w\" sizes=\"auto, (max-width: 410px) 100vw, 410px\" \/><img loading=\"lazy\" decoding=\"async\" class=\"alignnone  wp-image-732\" src=\"https:\/\/agora.xtec.cat\/escolalesplanes\/wp-content\/uploads\/usu2441\/2021\/05\/pati-672x372web.jpg\" alt=\"\" width=\"413\" height=\"307\" srcset=\"https:\/\/agora.xtec.cat\/escolalesplanes\/wp-content\/uploads\/usu2441\/2021\/05\/pati-672x372web.jpg 497w, https:\/\/agora.xtec.cat\/escolalesplanes\/wp-content\/uploads\/usu2441\/2021\/05\/pati-672x372web-300x223.jpg 300w, https:\/\/agora.xtec.cat\/escolalesplanes\/wp-content\/uploads\/usu2441\/2021\/05\/pati-672x372web-200x150.jpg 200w\" sizes=\"auto, (max-width: 413px) 100vw, 413px\" \/><\/p>\n<p><span style=\"color: #2b2b2b;\"><span style=\"font-family: Arial, serif;\">Al curs 2015-2016 el Claustre de l\u2019escola es va plantejar la necessitat d\u2019un nou plantejament del pati de prim\u00e0ria. Per portar-ho a terme, vam comptar amb la col\u00b7laboraci\u00f3 dels mestres, els alumnes, les fam\u00edlies, l\u2019AMPA i a l\u2019Ajuntament. Despr\u00e9s d\u2019un proc\u00e9s de debat i consultes per definir quins espais i jocs es podien crear, es van establir diferents comissions que van preparar tots els espais i els materials. El projecte continua en marxa i cada curs es fan diferents actuacions.<\/span><\/span><\/p>\n<p><span style=\"color: #2b2b2b;\"><span style=\"font-family: Arial, serif;\">Aquest projecte es basa en tres eixos d\u2019actuaci\u00f3, que es treballen de manera global i transversal:<\/span><\/span><\/p>\n<ol>\n<li><span style=\"color: #2b2b2b;\"><span style=\"font-family: Arial, serif;\">La coeducaci\u00f3 i la igualtat: Ens permet uns plantejaments coeducatius reals i objectius educatius per a la igualaci\u00f3 en les relacions de g\u00e8nere, tant en l\u2019organitzaci\u00f3 dels espais dels patis com en la regulaci\u00f3 de les activitats que s\u2019hi fan. <\/span><\/span><\/li>\n<li><span style=\"color: #2b2b2b;\"><span style=\"font-family: Arial, serif;\">La diversitat: Hem aconseguit una organitzaci\u00f3 i una planificaci\u00f3 durant l\u2019estona de pati per transmetre uns valors concrets de conviv\u00e8ncia, cooperaci\u00f3, respecte, toler\u00e0ncia, etc. relacionats amb la conviv\u00e8ncia d\u2019iguals. <\/span><\/span><\/li>\n<li><span style=\"color: #2b2b2b;\"><span style=\"font-family: Arial, serif;\">La resoluci\u00f3 de conflictes: El pati \u00e9s un espai que permet que els alumnes aprenguin a gestionar els conflictes que hi puguin sorgir durant el temps de joc.<\/span><\/span><\/li>\n<\/ol>\n<p>&nbsp;<\/p>\n","protected":false},"excerpt":{"rendered":"<p>Al curs 2015-2016 el Claustre de l\u2019escola es va plantejar la necessitat d\u2019un nou plantejament del pati de prim\u00e0ria. Per portar-ho a terme, vam comptar amb la col\u00b7laboraci\u00f3 dels mestres, els alumnes, les fam\u00edlies, l\u2019AMPA i a l\u2019Ajuntament. Despr\u00e9s d\u2019un proc\u00e9s de debat i consultes per definir quins espais i jocs es podien crear, es [&hellip;]<\/p>\n","protected":false},"author":1,"featured_media":0,"parent":0,"menu_order":0,"comment_status":"closed","ping_status":"closed","template":"","meta":{"_bbp_topic_count":0,"_bbp_reply_count":0,"_bbp_total_topic_count":0,"_bbp_total_reply_count":0,"_bbp_voice_count":0,"_bbp_anonymous_reply_count":0,"_bbp_topic_count_hidden":0,"_bbp_reply_count_hidden":0,"_bbp_forum_subforum_count":0,"site-sidebar-layout":"default","site-content-layout":"","ast-site-content-layout":"","site-content-style":"default","site-sidebar-style":"default","ast-global-header-display":"","ast-banner-title-visibility":"","ast-main-header-display":"","ast-hfb-above-header-display":"","ast-hfb-below-header-display":"","ast-hfb-mobile-header-display":"","site-post-title":"","ast-breadcrumbs-content":"","ast-featured-img":"","footer-sml-layout":"","theme-transparent-header-meta":"","adv-header-id-meta":"","stick-header-meta":"","header-above-stick-meta":"","header-main-stick-meta":"","header-below-stick-meta":"","astra-migrate-meta-layouts":"default","ast-page-background-enabled":"default","ast-page-background-meta":{"desktop":{"background-color":"var(--ast-global-color-4)","background-image":"","background-repeat":"repeat","background-position":"center center","background-size":"auto","background-attachment":"scroll","background-type":"","background-media":"","overlay-type":"","overlay-color":"","overlay-opacity":"","overlay-gradient":""},"tablet":{"background-color":"","background-image":"","background-repeat":"repeat","background-position":"center center","background-size":"auto","background-attachment":"scroll","background-type":"","background-media":"","overlay-type":"","overlay-color":"","overlay-opacity":"","overlay-gradient":""},"mobile":{"background-color":"","background-image":"","background-repeat":"repeat","background-position":"center center","background-size":"auto","background-attachment":"scroll","background-type":"","background-media":"","overlay-type":"","overlay-color":"","overlay-opacity":"","overlay-gradient":""}},"ast-content-background-meta":{"desktop":{"background-color":"var(--ast-global-color-5)","background-image":"","background-repeat":"repeat","background-position":"center center","background-size":"auto","background-attachment":"scroll","background-type":"","background-media":"","overlay-type":"","overlay-color":"","overlay-opacity":"","overlay-gradient":""},"tablet":{"background-color":"var(--ast-global-color-5)","background-image":"","background-repeat":"repeat","background-position":"center center","background-size":"auto","background-attachment":"scroll","background-type":"","background-media":"","overlay-type":"","overlay-color":"","overlay-opacity":"","overlay-gradient":""},"mobile":{"background-color":"var(--ast-global-color-5)","background-image":"","background-repeat":"repeat","background-position":"center center","background-size":"auto","background-attachment":"scroll","background-type":"","background-media":"","overlay-type":"","overlay-color":"","overlay-opacity":"","overlay-gradient":""}},"footnotes":""},"class_list":["post-661","page","type-page","status-publish","hentry"],"post_mailing_queue_ids":[],"_links":{"self":[{"href":"https:\/\/agora.xtec.cat\/escolalesplanes\/wp-json\/wp\/v2\/pages\/661","targetHints":{"allow":["GET"]}}],"collection":[{"href":"https:\/\/agora.xtec.cat\/escolalesplanes\/wp-json\/wp\/v2\/pages"}],"about":[{"href":"https:\/\/agora.xtec.cat\/escolalesplanes\/wp-json\/wp\/v2\/types\/page"}],"author":[{"embeddable":true,"href":"https:\/\/agora.xtec.cat\/escolalesplanes\/wp-json\/wp\/v2\/users\/1"}],"replies":[{"embeddable":true,"href":"https:\/\/agora.xtec.cat\/escolalesplanes\/wp-json\/wp\/v2\/comments?post=661"}],"version-history":[{"count":3,"href":"https:\/\/agora.xtec.cat\/escolalesplanes\/wp-json\/wp\/v2\/pages\/661\/revisions"}],"predecessor-version":[{"id":733,"href":"https:\/\/agora.xtec.cat\/escolalesplanes\/wp-json\/wp\/v2\/pages\/661\/revisions\/733"}],"wp:attachment":[{"href":"https:\/\/agora.xtec.cat\/escolalesplanes\/wp-json\/wp\/v2\/media?parent=661"}],"curies":[{"name":"wp","href":"https:\/\/api.w.org\/{rel}","templated":true}]}}