{"id":548,"date":"2021-03-04T13:40:10","date_gmt":"2021-03-04T12:40:10","guid":{"rendered":"https:\/\/agora.xtec.cat\/escolalesplanes\/?page_id=548"},"modified":"2025-10-09T12:07:26","modified_gmt":"2025-10-09T10:07:26","slug":"matematiques-manipulatives","status":"publish","type":"page","link":"https:\/\/agora.xtec.cat\/escolalesplanes\/que-fem\/matematiques-manipulatives\/","title":{"rendered":"Matem\u00e0tiques manipulatives"},"content":{"rendered":"<p><span style=\"color: #000000;\">Treballar les matem\u00e0tiques de manera vivencial i manipulativa comen\u00e7a amb l\u2019experimentaci\u00f3 i la manipulaci\u00f3 d\u2019objectes diversos, per facilitar l\u2019acc\u00e9s als infants als aprenentatges abstractes.<\/span><\/p>\n<p><span style=\"color: #000000;\">Volem que els infants aprenguin de manera significativa, que l\u2019aprenentatge perduri i es pugui aplicar a noves situacions d\u2019aprenentatge.<\/span><\/p>\n<p><span style=\"color: #000000;\">La fase vivencial i manipulativa \u00e9s nom\u00e9s la primera part d\u2019un proc\u00e9s llarg i complet, tan necessari \u00e9s manipular materials com donar sortida als nous aprenentatges en forma gr\u00e0fica i simb\u00f2lica.<\/span><\/p>\n<p><span style=\"color: #000000;\">Us deixem aqu\u00ed uns v\u00eddeos\u00a0on podreu veure el nostre alumnat utilitzant algunes estrat\u00e8gies matem\u00e0tiques.<\/span><\/p>\n<p><strong><a href=\"https:\/\/photos.app.goo.gl\/2eBFF7DNCyGDVp248\" target=\"_blank\" rel=\"noopener\">Com fer les sumes<\/a><\/strong><\/p>\n<p><strong><a href=\"https:\/\/photos.app.goo.gl\/5KNcgiLp8DNny9f6A\" target=\"_blank\" rel=\"noopener\">Com fer les restes<\/a><\/strong><\/p>\n<p><strong><a href=\"https:\/\/photos.app.goo.gl\/kXPP5rSUHt3rsM1a6\" target=\"_blank\" rel=\"noopener\">Com fer les multiplicacions<\/a><\/strong><\/p>\n<p><strong><a href=\"https:\/\/photos.app.goo.gl\/QmqtAdaSquVRAHuK9\" target=\"_blank\" rel=\"noopener\">Com fer les divisions 1<\/a><\/strong><\/p>\n<p><strong><a href=\"https:\/\/photos.app.goo.gl\/wKKWHMJfB4v1mKDh6\" target=\"_blank\" rel=\"noopener\">Com fer les divisions 2<\/a><\/strong><\/p>\n<p>&nbsp;<\/p>\n","protected":false},"excerpt":{"rendered":"<p>Treballar les matem\u00e0tiques de manera vivencial i manipulativa comen\u00e7a amb l\u2019experimentaci\u00f3 i la manipulaci\u00f3 d\u2019objectes diversos, per facilitar l\u2019acc\u00e9s als infants als aprenentatges abstractes. Volem que els infants aprenguin de manera significativa, que l\u2019aprenentatge perduri i es pugui aplicar a noves situacions d\u2019aprenentatge. La fase vivencial i manipulativa \u00e9s nom\u00e9s la primera part d\u2019un proc\u00e9s [&hellip;]<\/p>\n","protected":false},"author":1,"featured_media":0,"parent":537,"menu_order":30,"comment_status":"closed","ping_status":"closed","template":"","meta":{"_bbp_topic_count":0,"_bbp_reply_count":0,"_bbp_total_topic_count":0,"_bbp_total_reply_count":0,"_bbp_voice_count":0,"_bbp_anonymous_reply_count":0,"_bbp_topic_count_hidden":0,"_bbp_reply_count_hidden":0,"_bbp_forum_subforum_count":0,"site-sidebar-layout":"default","site-content-layout":"","ast-site-content-layout":"default","site-content-style":"default","site-sidebar-style":"default","ast-global-header-display":"","ast-banner-title-visibility":"","ast-main-header-display":"","ast-hfb-above-header-display":"","ast-hfb-below-header-display":"","ast-hfb-mobile-header-display":"","site-post-title":"","ast-breadcrumbs-content":"","ast-featured-img":"","footer-sml-layout":"","theme-transparent-header-meta":"default","adv-header-id-meta":"","stick-header-meta":"","header-above-stick-meta":"","header-main-stick-meta":"","header-below-stick-meta":"","astra-migrate-meta-layouts":"set","ast-page-background-enabled":"default","ast-page-background-meta":{"desktop":{"background-color":"var(--ast-global-color-4)","background-image":"","background-repeat":"repeat","background-position":"center center","background-size":"auto","background-attachment":"scroll","background-type":"","background-media":"","overlay-type":"","overlay-color":"","overlay-opacity":"","overlay-gradient":""},"tablet":{"background-color":"","background-image":"","background-repeat":"repeat","background-position":"center center","background-size":"auto","background-attachment":"scroll","background-type":"","background-media":"","overlay-type":"","overlay-color":"","overlay-opacity":"","overlay-gradient":""},"mobile":{"background-color":"","background-image":"","background-repeat":"repeat","background-position":"center center","background-size":"auto","background-attachment":"scroll","background-type":"","background-media":"","overlay-type":"","overlay-color":"","overlay-opacity":"","overlay-gradient":""}},"ast-content-background-meta":{"desktop":{"background-color":"var(--ast-global-color-5)","background-image":"","background-repeat":"repeat","background-position":"center center","background-size":"auto","background-attachment":"scroll","background-type":"","background-media":"","overlay-type":"","overlay-color":"","overlay-opacity":"","overlay-gradient":""},"tablet":{"background-color":"var(--ast-global-color-5)","background-image":"","background-repeat":"repeat","background-position":"center center","background-size":"auto","background-attachment":"scroll","background-type":"","background-media":"","overlay-type":"","overlay-color":"","overlay-opacity":"","overlay-gradient":""},"mobile":{"background-color":"var(--ast-global-color-5)","background-image":"","background-repeat":"repeat","background-position":"center center","background-size":"auto","background-attachment":"scroll","background-type":"","background-media":"","overlay-type":"","overlay-color":"","overlay-opacity":"","overlay-gradient":""}},"footnotes":""},"class_list":["post-548","page","type-page","status-publish","hentry"],"post_mailing_queue_ids":[],"_links":{"self":[{"href":"https:\/\/agora.xtec.cat\/escolalesplanes\/wp-json\/wp\/v2\/pages\/548","targetHints":{"allow":["GET"]}}],"collection":[{"href":"https:\/\/agora.xtec.cat\/escolalesplanes\/wp-json\/wp\/v2\/pages"}],"about":[{"href":"https:\/\/agora.xtec.cat\/escolalesplanes\/wp-json\/wp\/v2\/types\/page"}],"author":[{"embeddable":true,"href":"https:\/\/agora.xtec.cat\/escolalesplanes\/wp-json\/wp\/v2\/users\/1"}],"replies":[{"embeddable":true,"href":"https:\/\/agora.xtec.cat\/escolalesplanes\/wp-json\/wp\/v2\/comments?post=548"}],"version-history":[{"count":4,"href":"https:\/\/agora.xtec.cat\/escolalesplanes\/wp-json\/wp\/v2\/pages\/548\/revisions"}],"predecessor-version":[{"id":4186,"href":"https:\/\/agora.xtec.cat\/escolalesplanes\/wp-json\/wp\/v2\/pages\/548\/revisions\/4186"}],"up":[{"embeddable":true,"href":"https:\/\/agora.xtec.cat\/escolalesplanes\/wp-json\/wp\/v2\/pages\/537"}],"wp:attachment":[{"href":"https:\/\/agora.xtec.cat\/escolalesplanes\/wp-json\/wp\/v2\/media?parent=548"}],"curies":[{"name":"wp","href":"https:\/\/api.w.org\/{rel}","templated":true}]}}