{"id":4678,"date":"2026-02-23T19:29:57","date_gmt":"2026-02-23T18:29:57","guid":{"rendered":"https:\/\/agora.xtec.cat\/escolalesplanes\/?page_id=4678"},"modified":"2026-02-23T19:29:57","modified_gmt":"2026-02-23T18:29:57","slug":"quotes","status":"publish","type":"page","link":"https:\/\/agora.xtec.cat\/escolalesplanes\/pagines-dinici\/informacions-generals-curs-23-24\/quotes\/","title":{"rendered":"Quotes"},"content":{"rendered":"<p>La <strong>quota anual<\/strong> d\u2019aquest curs \u00e9s de <strong>170<\/strong><strong> \u20ac <\/strong>i inclou tot el material que es necessita, aix\u00f2 garanteix que tots els infants tinguin acc\u00e9s a les mateixes oportunitats d\u2019aprenentatge.<\/p>\n<p>Us recordem que la quota anual de material i sortides inclou:<\/p>\n<ul>\n<li><strong>Material fungible<\/strong>: Folis, llibretes, carpetes, gomes, llapis, colors, retoladors, enganxalls, pintures, pinzells, tisores, papers de tot tipus (cartolines, seda, per fer murals&#8230;) plastilines, gomets, plastificacions, guixos, material de modelatge&#8230; i tot el material necessari per a l\u2019aprenentatge.<\/li>\n<\/ul>\n<ul>\n<li><strong>Llibres<\/strong>: de lectures, de consulta, de biblioteca, diccionaris, atles&#8230;<\/li>\n<\/ul>\n<ul>\n<li><strong>Jocs i recursos did\u00e0ctics relacionats amb les \u00e0rees<\/strong><u>:<\/u> Matem\u00e0tica, lleng\u00fces, coneixements del medi, m\u00fasica, educaci\u00f3 f\u00edsica, psicomotricitat, joc simb\u00f2lic a Ed. Infantil.<\/li>\n<\/ul>\n<ul>\n<li><strong>Fotoc\u00f2pies, c\u00f2pies i material inform\u00e0tic i audiovisual.<\/strong><\/li>\n<\/ul>\n<ul>\n<li><strong>Excursions i sortides per a cada curs:<\/strong> les dues excursions, les tres activitats que fan al Centre Cultural i l\u2019activitat did\u00e0ctica que es realitza al centre.<\/li>\n<\/ul>\n","protected":false},"excerpt":{"rendered":"<p>La quota anual d\u2019aquest curs \u00e9s de 170 \u20ac i inclou tot el material que es necessita, aix\u00f2 garanteix que tots els infants tinguin acc\u00e9s a les mateixes oportunitats d\u2019aprenentatge. Us recordem que la quota anual de material i sortides inclou: Material fungible: Folis, llibretes, carpetes, gomes, llapis, colors, retoladors, enganxalls, pintures, pinzells, tisores, papers [&hellip;]<\/p>\n","protected":false},"author":1,"featured_media":0,"parent":996,"menu_order":0,"comment_status":"closed","ping_status":"closed","template":"","meta":{"_bbp_topic_count":0,"_bbp_reply_count":0,"_bbp_total_topic_count":0,"_bbp_total_reply_count":0,"_bbp_voice_count":0,"_bbp_anonymous_reply_count":0,"_bbp_topic_count_hidden":0,"_bbp_reply_count_hidden":0,"_bbp_forum_subforum_count":0,"site-sidebar-layout":"default","site-content-layout":"","ast-site-content-layout":"default","site-content-style":"default","site-sidebar-style":"default","ast-global-header-display":"","ast-banner-title-visibility":"","ast-main-header-display":"","ast-hfb-above-header-display":"","ast-hfb-below-header-display":"","ast-hfb-mobile-header-display":"","site-post-title":"","ast-breadcrumbs-content":"","ast-featured-img":"","footer-sml-layout":"","theme-transparent-header-meta":"default","adv-header-id-meta":"","stick-header-meta":"","header-above-stick-meta":"","header-main-stick-meta":"","header-below-stick-meta":"","astra-migrate-meta-layouts":"set","ast-page-background-enabled":"default","ast-page-background-meta":{"desktop":{"background-color":"var(--ast-global-color-4)","background-image":"","background-repeat":"repeat","background-position":"center center","background-size":"auto","background-attachment":"scroll","background-type":"","background-media":"","overlay-type":"","overlay-color":"","overlay-opacity":"","overlay-gradient":""},"tablet":{"background-color":"","background-image":"","background-repeat":"repeat","background-position":"center center","background-size":"auto","background-attachment":"scroll","background-type":"","background-media":"","overlay-type":"","overlay-color":"","overlay-opacity":"","overlay-gradient":""},"mobile":{"background-color":"","background-image":"","background-repeat":"repeat","background-position":"center center","background-size":"auto","background-attachment":"scroll","background-type":"","background-media":"","overlay-type":"","overlay-color":"","overlay-opacity":"","overlay-gradient":""}},"ast-content-background-meta":{"desktop":{"background-color":"var(--ast-global-color-5)","background-image":"","background-repeat":"repeat","background-position":"center center","background-size":"auto","background-attachment":"scroll","background-type":"","background-media":"","overlay-type":"","overlay-color":"","overlay-opacity":"","overlay-gradient":""},"tablet":{"background-color":"var(--ast-global-color-5)","background-image":"","background-repeat":"repeat","background-position":"center center","background-size":"auto","background-attachment":"scroll","background-type":"","background-media":"","overlay-type":"","overlay-color":"","overlay-opacity":"","overlay-gradient":""},"mobile":{"background-color":"var(--ast-global-color-5)","background-image":"","background-repeat":"repeat","background-position":"center center","background-size":"auto","background-attachment":"scroll","background-type":"","background-media":"","overlay-type":"","overlay-color":"","overlay-opacity":"","overlay-gradient":""}},"footnotes":""},"class_list":["post-4678","page","type-page","status-publish","hentry"],"post_mailing_queue_ids":[],"_links":{"self":[{"href":"https:\/\/agora.xtec.cat\/escolalesplanes\/wp-json\/wp\/v2\/pages\/4678","targetHints":{"allow":["GET"]}}],"collection":[{"href":"https:\/\/agora.xtec.cat\/escolalesplanes\/wp-json\/wp\/v2\/pages"}],"about":[{"href":"https:\/\/agora.xtec.cat\/escolalesplanes\/wp-json\/wp\/v2\/types\/page"}],"author":[{"embeddable":true,"href":"https:\/\/agora.xtec.cat\/escolalesplanes\/wp-json\/wp\/v2\/users\/1"}],"replies":[{"embeddable":true,"href":"https:\/\/agora.xtec.cat\/escolalesplanes\/wp-json\/wp\/v2\/comments?post=4678"}],"version-history":[{"count":1,"href":"https:\/\/agora.xtec.cat\/escolalesplanes\/wp-json\/wp\/v2\/pages\/4678\/revisions"}],"predecessor-version":[{"id":4679,"href":"https:\/\/agora.xtec.cat\/escolalesplanes\/wp-json\/wp\/v2\/pages\/4678\/revisions\/4679"}],"up":[{"embeddable":true,"href":"https:\/\/agora.xtec.cat\/escolalesplanes\/wp-json\/wp\/v2\/pages\/996"}],"wp:attachment":[{"href":"https:\/\/agora.xtec.cat\/escolalesplanes\/wp-json\/wp\/v2\/media?parent=4678"}],"curies":[{"name":"wp","href":"https:\/\/api.w.org\/{rel}","templated":true}]}}