{"id":2541,"date":"2024-01-18T15:35:40","date_gmt":"2024-01-18T14:35:40","guid":{"rendered":"https:\/\/agora.xtec.cat\/escolalesplanes\/?page_id=2541"},"modified":"2025-10-09T11:59:58","modified_gmt":"2025-10-09T09:59:58","slug":"installacions","status":"publish","type":"page","link":"https:\/\/agora.xtec.cat\/escolalesplanes\/installacions\/","title":{"rendered":"Instal\u00b7lacions"},"content":{"rendered":"<p><span style=\"color: #000000;\">L\u2019escola disposa dels espais i dels equipaments adequats per garantir la qualitat de les activitats que hi fem. <\/span><\/p>\n<p><span style=\"color: #000000;\">Aix\u00ed, doncs, comptem amb:<\/span><br \/>\n<span style=\"color: #000000;\">&#8211; Aules per l\u2019educaci\u00f3 infantil i per prim\u00e0ria.<\/span><br \/>\n<span style=\"color: #000000;\">&#8211; Aula d\u2019angl\u00e8s, de m\u00fasica, d\u2019inform\u00e0tica i de pl\u00e0stica.<\/span><br \/>\n<span style=\"color: #000000;\">&#8211; 2 espais de joc simb\u00f2lic.<\/span><br \/>\n<span style=\"color: #000000;\">&#8211; 1 aula multisensorial.<\/span><br \/>\n<span style=\"color: #000000;\">&#8211; 1 aula d\u2019experimentaci\u00f3.<\/span><br \/>\n<span style=\"color: #000000;\">&#8211; Biblioteca i sala multi\u00fas.<\/span><br \/>\n<span style=\"color: #000000;\">&#8211; Aules per atendre la diversitat: Acollida, Educaci\u00f3 Especial, SIEI.<\/span><br \/>\n<span style=\"color: #000000;\">&#8211; Aules per fer desdoblaments de cursos o treballar en petits grups.<\/span><br \/>\n<span style=\"color: #000000;\">&#8211; Un gran pati amb jocs diversificats per prim\u00e0ria i un altre pati gran per a Infantil.<\/span><\/p>\n","protected":false},"excerpt":{"rendered":"<p>L\u2019escola disposa dels espais i dels equipaments adequats per garantir la qualitat de les activitats que hi fem. Aix\u00ed, doncs, comptem amb: &#8211; Aules per l\u2019educaci\u00f3 infantil i per prim\u00e0ria. &#8211; Aula d\u2019angl\u00e8s, de m\u00fasica, d\u2019inform\u00e0tica i de pl\u00e0stica. &#8211; 2 espais de joc simb\u00f2lic. &#8211; 1 aula multisensorial. &#8211; 1 aula d\u2019experimentaci\u00f3. &#8211; Biblioteca [&hellip;]<\/p>\n","protected":false},"author":1,"featured_media":0,"parent":0,"menu_order":0,"comment_status":"closed","ping_status":"closed","template":"","meta":{"_bbp_topic_count":0,"_bbp_reply_count":0,"_bbp_total_topic_count":0,"_bbp_total_reply_count":0,"_bbp_voice_count":0,"_bbp_anonymous_reply_count":0,"_bbp_topic_count_hidden":0,"_bbp_reply_count_hidden":0,"_bbp_forum_subforum_count":0,"site-sidebar-layout":"default","site-content-layout":"","ast-site-content-layout":"default","site-content-style":"default","site-sidebar-style":"default","ast-global-header-display":"","ast-banner-title-visibility":"","ast-main-header-display":"","ast-hfb-above-header-display":"","ast-hfb-below-header-display":"","ast-hfb-mobile-header-display":"","site-post-title":"","ast-breadcrumbs-content":"","ast-featured-img":"","footer-sml-layout":"","theme-transparent-header-meta":"default","adv-header-id-meta":"","stick-header-meta":"","header-above-stick-meta":"","header-main-stick-meta":"","header-below-stick-meta":"","astra-migrate-meta-layouts":"set","ast-page-background-enabled":"default","ast-page-background-meta":{"desktop":{"background-color":"var(--ast-global-color-4)","background-image":"","background-repeat":"repeat","background-position":"center center","background-size":"auto","background-attachment":"scroll","background-type":"","background-media":"","overlay-type":"","overlay-color":"","overlay-opacity":"","overlay-gradient":""},"tablet":{"background-color":"","background-image":"","background-repeat":"repeat","background-position":"center center","background-size":"auto","background-attachment":"scroll","background-type":"","background-media":"","overlay-type":"","overlay-color":"","overlay-opacity":"","overlay-gradient":""},"mobile":{"background-color":"","background-image":"","background-repeat":"repeat","background-position":"center center","background-size":"auto","background-attachment":"scroll","background-type":"","background-media":"","overlay-type":"","overlay-color":"","overlay-opacity":"","overlay-gradient":""}},"ast-content-background-meta":{"desktop":{"background-color":"var(--ast-global-color-5)","background-image":"","background-repeat":"repeat","background-position":"center center","background-size":"auto","background-attachment":"scroll","background-type":"","background-media":"","overlay-type":"","overlay-color":"","overlay-opacity":"","overlay-gradient":""},"tablet":{"background-color":"var(--ast-global-color-5)","background-image":"","background-repeat":"repeat","background-position":"center center","background-size":"auto","background-attachment":"scroll","background-type":"","background-media":"","overlay-type":"","overlay-color":"","overlay-opacity":"","overlay-gradient":""},"mobile":{"background-color":"var(--ast-global-color-5)","background-image":"","background-repeat":"repeat","background-position":"center center","background-size":"auto","background-attachment":"scroll","background-type":"","background-media":"","overlay-type":"","overlay-color":"","overlay-opacity":"","overlay-gradient":""}},"footnotes":""},"class_list":["post-2541","page","type-page","status-publish","hentry"],"post_mailing_queue_ids":[],"_links":{"self":[{"href":"https:\/\/agora.xtec.cat\/escolalesplanes\/wp-json\/wp\/v2\/pages\/2541","targetHints":{"allow":["GET"]}}],"collection":[{"href":"https:\/\/agora.xtec.cat\/escolalesplanes\/wp-json\/wp\/v2\/pages"}],"about":[{"href":"https:\/\/agora.xtec.cat\/escolalesplanes\/wp-json\/wp\/v2\/types\/page"}],"author":[{"embeddable":true,"href":"https:\/\/agora.xtec.cat\/escolalesplanes\/wp-json\/wp\/v2\/users\/1"}],"replies":[{"embeddable":true,"href":"https:\/\/agora.xtec.cat\/escolalesplanes\/wp-json\/wp\/v2\/comments?post=2541"}],"version-history":[{"count":2,"href":"https:\/\/agora.xtec.cat\/escolalesplanes\/wp-json\/wp\/v2\/pages\/2541\/revisions"}],"predecessor-version":[{"id":4184,"href":"https:\/\/agora.xtec.cat\/escolalesplanes\/wp-json\/wp\/v2\/pages\/2541\/revisions\/4184"}],"wp:attachment":[{"href":"https:\/\/agora.xtec.cat\/escolalesplanes\/wp-json\/wp\/v2\/media?parent=2541"}],"curies":[{"name":"wp","href":"https:\/\/api.w.org\/{rel}","templated":true}]}}

<p><span style="color: #000000;">L’escola disposa dels espais i dels equipaments adequats per garantir la qualitat de les activitats que hi fem. </span></p>
<p><span style="color: #000000;">Així, doncs, comptem amb:</span><br />
<span style="color: #000000;">&#8211; Aules per l’educació infantil i per primària.</span><br />
<span style="color: #000000;">&#8211; Aula d’anglès, de música, d’informàtica i de plàstica.</span><br />
<span style="color: #000000;">&#8211; 2 espais de joc simbòlic.</span><br />
<span style="color: #000000;">&#8211; 1 aula multisensorial.</span><br />
<span style="color: #000000;">&#8211; 1 aula d’experimentació.</span><br />
<span style="color: #000000;">&#8211; Biblioteca i sala multiús.</span><br />
<span style="color: #000000;">&#8211; Aules per atendre la diversitat: Acollida, Educació Especial, SIEI.</span><br />
<span style="color: #000000;">&#8211; Aules per fer desdoblaments de cursos o treballar en petits grups.</span><br />
<span style="color: #000000;">&#8211; Un gran pati amb jocs diversificats per primària i un altre pati gran per a Infantil.</span></p>

<p>L’escola disposa dels espais i dels equipaments adequats per garantir la qualitat de les activitats que hi fem. Així, doncs, comptem amb: &#8211; Aules per l’educació infantil i per primària. &#8211; Aula d’anglès, de música, d’informàtica i de plàstica. &#8211; 2 espais de joc simbòlic. &#8211; 1 aula multisensorial. &#8211; 1 aula d’experimentació. &#8211; Biblioteca [&hellip;]</p>
