{"id":1421,"date":"2023-02-14T10:19:09","date_gmt":"2023-02-14T09:19:09","guid":{"rendered":"https:\/\/agora.xtec.cat\/escolalesplanes\/?page_id=1421"},"modified":"2025-10-10T15:36:22","modified_gmt":"2025-10-10T13:36:22","slug":"musica","status":"publish","type":"page","link":"https:\/\/agora.xtec.cat\/escolalesplanes\/musica\/","title":{"rendered":"M\u00fasica"},"content":{"rendered":"<p>Cada any, l&#8217;alumnat de <strong data-start=\"163\" data-end=\"181\">2n de prim\u00e0ria<\/strong> participen amb molta il\u00b7lusi\u00f3 a <strong data-start=\"214\" data-end=\"226\">La Clika<\/strong>, un projecte musical que combina can\u00e7ons, moviment i valors positius a trav\u00e9s de la m\u00fasica.<br data-start=\"318\" data-end=\"321\" data-is-only-node=\"\" \/>D\u2019altra banda, l&#8217;alumnat<strong data-start=\"340\" data-end=\"357\">\u00a0de 5\u00e8<\/strong> formen part de la <strong data-start=\"376\" data-end=\"388\">Cant\u00e0nia<\/strong>, una experi\u00e8ncia \u00fanica on treballen durant tot el curs per interpretar una gran cantata al costat d\u2019altres escoles i amb m\u00fasics professionals.<br data-start=\"531\" data-end=\"534\" \/>Dues viv\u00e8ncies que ens ajuden a cr\u00e9ixer, aprendre i gaudir de la m\u00fasica junts!<\/p>\n<p><img loading=\"lazy\" decoding=\"async\" class=\" wp-image-4200 alignleft\" src=\"https:\/\/agora.xtec.cat\/escolalesplanes\/wp-content\/uploads\/usu2441\/2025\/10\/Captura-de-pantalla-2025-10-10-153254-300x206.png\" alt=\"\" width=\"239\" height=\"164\" srcset=\"https:\/\/agora.xtec.cat\/escolalesplanes\/wp-content\/uploads\/usu2441\/2025\/10\/Captura-de-pantalla-2025-10-10-153254-300x206.png 300w, https:\/\/agora.xtec.cat\/escolalesplanes\/wp-content\/uploads\/usu2441\/2025\/10\/Captura-de-pantalla-2025-10-10-153254.png 382w\" sizes=\"auto, (max-width: 239px) 100vw, 239px\" \/><\/p>\n<p><img loading=\"lazy\" decoding=\"async\" class=\" wp-image-4201 alignleft\" src=\"https:\/\/agora.xtec.cat\/escolalesplanes\/wp-content\/uploads\/usu2441\/2025\/10\/Captura-de-pantalla-2025-10-10-153600-300x226.png\" alt=\"\" width=\"215\" height=\"162\" srcset=\"https:\/\/agora.xtec.cat\/escolalesplanes\/wp-content\/uploads\/usu2441\/2025\/10\/Captura-de-pantalla-2025-10-10-153600-300x226.png 300w, https:\/\/agora.xtec.cat\/escolalesplanes\/wp-content\/uploads\/usu2441\/2025\/10\/Captura-de-pantalla-2025-10-10-153600.png 310w\" sizes=\"auto, (max-width: 215px) 100vw, 215px\" \/><\/p>\n","protected":false},"excerpt":{"rendered":"<p>Cada any, l&#8217;alumnat de 2n de prim\u00e0ria participen amb molta il\u00b7lusi\u00f3 a La Clika, un projecte musical que combina can\u00e7ons, moviment i valors positius a trav\u00e9s de la m\u00fasica.D\u2019altra banda, l&#8217;alumnat\u00a0de 5\u00e8 formen part de la Cant\u00e0nia, una experi\u00e8ncia \u00fanica on treballen durant tot el curs per interpretar una gran cantata al costat d\u2019altres escoles [&hellip;]<\/p>\n","protected":false},"author":1,"featured_media":0,"parent":0,"menu_order":0,"comment_status":"closed","ping_status":"closed","template":"","meta":{"_bbp_topic_count":0,"_bbp_reply_count":0,"_bbp_total_topic_count":0,"_bbp_total_reply_count":0,"_bbp_voice_count":0,"_bbp_anonymous_reply_count":0,"_bbp_topic_count_hidden":0,"_bbp_reply_count_hidden":0,"_bbp_forum_subforum_count":0,"site-sidebar-layout":"default","site-content-layout":"","ast-site-content-layout":"default","site-content-style":"default","site-sidebar-style":"default","ast-global-header-display":"","ast-banner-title-visibility":"","ast-main-header-display":"","ast-hfb-above-header-display":"","ast-hfb-below-header-display":"","ast-hfb-mobile-header-display":"","site-post-title":"","ast-breadcrumbs-content":"","ast-featured-img":"","footer-sml-layout":"","theme-transparent-header-meta":"default","adv-header-id-meta":"","stick-header-meta":"","header-above-stick-meta":"","header-main-stick-meta":"","header-below-stick-meta":"","astra-migrate-meta-layouts":"set","ast-page-background-enabled":"default","ast-page-background-meta":{"desktop":{"background-color":"var(--ast-global-color-4)","background-image":"","background-repeat":"repeat","background-position":"center center","background-size":"auto","background-attachment":"scroll","background-type":"","background-media":"","overlay-type":"","overlay-color":"","overlay-opacity":"","overlay-gradient":""},"tablet":{"background-color":"","background-image":"","background-repeat":"repeat","background-position":"center center","background-size":"auto","background-attachment":"scroll","background-type":"","background-media":"","overlay-type":"","overlay-color":"","overlay-opacity":"","overlay-gradient":""},"mobile":{"background-color":"","background-image":"","background-repeat":"repeat","background-position":"center center","background-size":"auto","background-attachment":"scroll","background-type":"","background-media":"","overlay-type":"","overlay-color":"","overlay-opacity":"","overlay-gradient":""}},"ast-content-background-meta":{"desktop":{"background-color":"var(--ast-global-color-5)","background-image":"","background-repeat":"repeat","background-position":"center center","background-size":"auto","background-attachment":"scroll","background-type":"","background-media":"","overlay-type":"","overlay-color":"","overlay-opacity":"","overlay-gradient":""},"tablet":{"background-color":"var(--ast-global-color-5)","background-image":"","background-repeat":"repeat","background-position":"center center","background-size":"auto","background-attachment":"scroll","background-type":"","background-media":"","overlay-type":"","overlay-color":"","overlay-opacity":"","overlay-gradient":""},"mobile":{"background-color":"var(--ast-global-color-5)","background-image":"","background-repeat":"repeat","background-position":"center center","background-size":"auto","background-attachment":"scroll","background-type":"","background-media":"","overlay-type":"","overlay-color":"","overlay-opacity":"","overlay-gradient":""}},"footnotes":""},"class_list":["post-1421","page","type-page","status-publish","hentry"],"post_mailing_queue_ids":[],"_links":{"self":[{"href":"https:\/\/agora.xtec.cat\/escolalesplanes\/wp-json\/wp\/v2\/pages\/1421","targetHints":{"allow":["GET"]}}],"collection":[{"href":"https:\/\/agora.xtec.cat\/escolalesplanes\/wp-json\/wp\/v2\/pages"}],"about":[{"href":"https:\/\/agora.xtec.cat\/escolalesplanes\/wp-json\/wp\/v2\/types\/page"}],"author":[{"embeddable":true,"href":"https:\/\/agora.xtec.cat\/escolalesplanes\/wp-json\/wp\/v2\/users\/1"}],"replies":[{"embeddable":true,"href":"https:\/\/agora.xtec.cat\/escolalesplanes\/wp-json\/wp\/v2\/comments?post=1421"}],"version-history":[{"count":3,"href":"https:\/\/agora.xtec.cat\/escolalesplanes\/wp-json\/wp\/v2\/pages\/1421\/revisions"}],"predecessor-version":[{"id":4202,"href":"https:\/\/agora.xtec.cat\/escolalesplanes\/wp-json\/wp\/v2\/pages\/1421\/revisions\/4202"}],"wp:attachment":[{"href":"https:\/\/agora.xtec.cat\/escolalesplanes\/wp-json\/wp\/v2\/media?parent=1421"}],"curies":[{"name":"wp","href":"https:\/\/api.w.org\/{rel}","templated":true}]}}

Música

<p>Cada any, l&#8217;alumnat de <strong data-start="163" data-end="181">2n de primària</strong> participen amb molta il·lusió a <strong data-start="214" data-end="226">La Clika</strong>, un projecte musical que combina cançons, moviment i valors positius a través de la música.<br data-start="318" data-end="321" data-is-only-node="" />D’altra banda, l&#8217;alumnat<strong data-start="340" data-end="357"> de 5è</strong> formen part de la <strong data-start="376" data-end="388">Cantània</strong>, una experiència única on treballen durant tot el curs per interpretar una gran cantata al costat d’altres escoles i amb músics professionals.<br data-start="531" data-end="534" />Dues vivències que ens ajuden a créixer, aprendre i gaudir de la música junts!</p>
<p><img loading="lazy" decoding="async" class=" wp-image-4200 alignleft" src="https://agora.xtec.cat/escolalesplanes/wp-content/uploads/usu2441/2025/10/Captura-de-pantalla-2025-10-10-153254-300x206.png" alt="" width="239" height="164" srcset="https://agora.xtec.cat/escolalesplanes/wp-content/uploads/usu2441/2025/10/Captura-de-pantalla-2025-10-10-153254-300x206.png 300w, https://agora.xtec.cat/escolalesplanes/wp-content/uploads/usu2441/2025/10/Captura-de-pantalla-2025-10-10-153254.png 382w" sizes="auto, (max-width: 239px) 100vw, 239px" /></p>
<p><img loading="lazy" decoding="async" class=" wp-image-4201 alignleft" src="https://agora.xtec.cat/escolalesplanes/wp-content/uploads/usu2441/2025/10/Captura-de-pantalla-2025-10-10-153600-300x226.png" alt="" width="215" height="162" srcset="https://agora.xtec.cat/escolalesplanes/wp-content/uploads/usu2441/2025/10/Captura-de-pantalla-2025-10-10-153600-300x226.png 300w, https://agora.xtec.cat/escolalesplanes/wp-content/uploads/usu2441/2025/10/Captura-de-pantalla-2025-10-10-153600.png 310w" sizes="auto, (max-width: 215px) 100vw, 215px" /></p>

<p>Cada any, l&#8217;alumnat de 2n de primària participen amb molta il·lusió a La Clika, un projecte musical que combina cançons, moviment i valors positius a través de la música.D’altra banda, l&#8217;alumnat de 5è formen part de la Cantània, una experiència única on treballen durant tot el curs per interpretar una gran cantata al costat d’altres escoles [&hellip;]</p>
