{"id":1189,"date":"2022-11-06T21:43:22","date_gmt":"2022-11-06T20:43:22","guid":{"rendered":"https:\/\/agora.xtec.cat\/escolalesplanes\/?page_id=1189"},"modified":"2026-02-21T19:32:21","modified_gmt":"2026-02-21T18:32:21","slug":"projecte-de-lhort","status":"publish","type":"page","link":"https:\/\/agora.xtec.cat\/escolalesplanes\/projecte-de-lhort\/","title":{"rendered":"Projecte de l&#8217;hort"},"content":{"rendered":"<p><strong>L\u2019HORTET DE LES PLANES<\/strong><\/p>\n<p>Ja fa temps que a l\u2019escola Les Planes treballem l\u2019hort. Va comen\u00e7ar amb els m\u00e9s petits de l\u2019escola i amb el temps s\u2019ha ampliat als alumnes del cicle inicial per refor\u00e7ar el treball competencial de l\u2019\u00e0rea de coneixement de medi. Amb el projecte de l\u2019hort es treballen de manera transversal totes les \u00e0rees del curr\u00edculum, tant a primer com a segon.<\/p>\n<p>Veiem l\u2019hort com una eina que afavoreix l\u2019educaci\u00f3 mediambiental i afegeix una dimensi\u00f3 pr\u00e0ctica als aprenentatges. Refor\u00e7a mat\u00e8ries com les lleng\u00fces, les matem\u00e0tiques, les ci\u00e8ncies naturals i les ci\u00e8ncies socials.<\/p>\n<p>L\u2019activitat es realitza durant tot el curs, cada setmana es destina un temps per plantar, recol\u00b7lectar, regar, observar..<\/p>\n<p>Amb el treball de l\u2019hort els nens i nenes aprenen un munt de coses:<\/p>\n<ul>\n<li>Observen el creixement i la reproducci\u00f3 de les plantes a partir de llavors, esqueixos d\u2019altres plantes o de bulbs (ceba, alls.)<\/li>\n<li>Relacionen les estacions de l\u2019any amb les plantes i fruites que es poden recollir a cada una de les estacions.<\/li>\n<li>Aprenen a preparar el s\u00f2l per poder conrear les plantes, fent \u00fas de les eines adients per treballar a l\u2019hort (cultivador manual, rastell, guants, tisores de podar, aixada&#8230;).<\/li>\n<li>Aprenen a produir aliments de qualitat i a ser respectuosos amb el medi ambient, afavorint la creaci\u00f3 d\u2019un entorn social i un estil de vida m\u00e9s saludable.<\/li>\n<li>Aprenen a ser responsables perqu\u00e8 es potencia i s\u2019afavoreix el di\u00e0leg, la col\u00b7laboraci\u00f3 i\u00a0 la cooperaci\u00f3 entre tots.<\/li>\n<\/ul>\n<p>No ens falta feina. Tenim un calendari complet des de l\u2019octubre fins el juny amb tot el que podem plantar, semblar i recol\u00b7lectar. Fins i tot, tenim la nostra paradeta i amb els guanys que obtenim comprem m\u00e9s planter i aprofitem per fer matem\u00e0tiques!<\/p>\n<p><img loading=\"lazy\" decoding=\"async\" class=\"wp-image-4615 size-full aligncenter\" src=\"https:\/\/agora.xtec.cat\/escolalesplanes\/wp-content\/uploads\/usu2441\/2026\/02\/hort.jpg\" alt=\"\" width=\"610\" height=\"273\" srcset=\"https:\/\/agora.xtec.cat\/escolalesplanes\/wp-content\/uploads\/usu2441\/2026\/02\/hort.jpg 610w, https:\/\/agora.xtec.cat\/escolalesplanes\/wp-content\/uploads\/usu2441\/2026\/02\/hort-300x134.jpg 300w\" sizes=\"auto, (max-width: 610px) 100vw, 610px\" \/><\/p>\n<p><img loading=\"lazy\" decoding=\"async\" class=\"size-medium wp-image-3598 aligncenter\" src=\"https:\/\/agora.xtec.cat\/escolalesplanes\/wp-content\/uploads\/usu2441\/2025\/01\/IMG-20250129-WA0014-300x225.jpg\" alt=\"\" width=\"300\" height=\"225\" srcset=\"https:\/\/agora.xtec.cat\/escolalesplanes\/wp-content\/uploads\/usu2441\/2025\/01\/IMG-20250129-WA0014-300x225.jpg 300w, https:\/\/agora.xtec.cat\/escolalesplanes\/wp-content\/uploads\/usu2441\/2025\/01\/IMG-20250129-WA0014-1024x768.jpg 1024w, https:\/\/agora.xtec.cat\/escolalesplanes\/wp-content\/uploads\/usu2441\/2025\/01\/IMG-20250129-WA0014-768x576.jpg 768w, https:\/\/agora.xtec.cat\/escolalesplanes\/wp-content\/uploads\/usu2441\/2025\/01\/IMG-20250129-WA0014-1536x1152.jpg 1536w, https:\/\/agora.xtec.cat\/escolalesplanes\/wp-content\/uploads\/usu2441\/2025\/01\/IMG-20250129-WA0014-200x150.jpg 200w, https:\/\/agora.xtec.cat\/escolalesplanes\/wp-content\/uploads\/usu2441\/2025\/01\/IMG-20250129-WA0014.jpg 2048w\" sizes=\"auto, (max-width: 300px) 100vw, 300px\" \/><\/p>\n<p>&nbsp;<\/p>\n","protected":false},"excerpt":{"rendered":"<p>L\u2019HORTET DE LES PLANES Ja fa temps que a l\u2019escola Les Planes treballem l\u2019hort. Va comen\u00e7ar amb els m\u00e9s petits de l\u2019escola i amb el temps s\u2019ha ampliat als alumnes del cicle inicial per refor\u00e7ar el treball competencial de l\u2019\u00e0rea de coneixement de medi. Amb el projecte de l\u2019hort es treballen de manera transversal totes [&hellip;]<\/p>\n","protected":false},"author":1,"featured_media":0,"parent":0,"menu_order":0,"comment_status":"closed","ping_status":"closed","template":"","meta":{"_bbp_topic_count":0,"_bbp_reply_count":0,"_bbp_total_topic_count":0,"_bbp_total_reply_count":0,"_bbp_voice_count":0,"_bbp_anonymous_reply_count":0,"_bbp_topic_count_hidden":0,"_bbp_reply_count_hidden":0,"_bbp_forum_subforum_count":0,"site-sidebar-layout":"default","site-content-layout":"","ast-site-content-layout":"default","site-content-style":"default","site-sidebar-style":"default","ast-global-header-display":"","ast-banner-title-visibility":"","ast-main-header-display":"","ast-hfb-above-header-display":"","ast-hfb-below-header-display":"","ast-hfb-mobile-header-display":"","site-post-title":"","ast-breadcrumbs-content":"","ast-featured-img":"","footer-sml-layout":"","theme-transparent-header-meta":"default","adv-header-id-meta":"","stick-header-meta":"","header-above-stick-meta":"","header-main-stick-meta":"","header-below-stick-meta":"","astra-migrate-meta-layouts":"set","ast-page-background-enabled":"default","ast-page-background-meta":{"desktop":{"background-color":"var(--ast-global-color-4)","background-image":"","background-repeat":"repeat","background-position":"center center","background-size":"auto","background-attachment":"scroll","background-type":"","background-media":"","overlay-type":"","overlay-color":"","overlay-opacity":"","overlay-gradient":""},"tablet":{"background-color":"","background-image":"","background-repeat":"repeat","background-position":"center center","background-size":"auto","background-attachment":"scroll","background-type":"","background-media":"","overlay-type":"","overlay-color":"","overlay-opacity":"","overlay-gradient":""},"mobile":{"background-color":"","background-image":"","background-repeat":"repeat","background-position":"center center","background-size":"auto","background-attachment":"scroll","background-type":"","background-media":"","overlay-type":"","overlay-color":"","overlay-opacity":"","overlay-gradient":""}},"ast-content-background-meta":{"desktop":{"background-color":"var(--ast-global-color-5)","background-image":"","background-repeat":"repeat","background-position":"center center","background-size":"auto","background-attachment":"scroll","background-type":"","background-media":"","overlay-type":"","overlay-color":"","overlay-opacity":"","overlay-gradient":""},"tablet":{"background-color":"var(--ast-global-color-5)","background-image":"","background-repeat":"repeat","background-position":"center center","background-size":"auto","background-attachment":"scroll","background-type":"","background-media":"","overlay-type":"","overlay-color":"","overlay-opacity":"","overlay-gradient":""},"mobile":{"background-color":"var(--ast-global-color-5)","background-image":"","background-repeat":"repeat","background-position":"center center","background-size":"auto","background-attachment":"scroll","background-type":"","background-media":"","overlay-type":"","overlay-color":"","overlay-opacity":"","overlay-gradient":""}},"footnotes":""},"class_list":["post-1189","page","type-page","status-publish","hentry"],"post_mailing_queue_ids":[],"_links":{"self":[{"href":"https:\/\/agora.xtec.cat\/escolalesplanes\/wp-json\/wp\/v2\/pages\/1189","targetHints":{"allow":["GET"]}}],"collection":[{"href":"https:\/\/agora.xtec.cat\/escolalesplanes\/wp-json\/wp\/v2\/pages"}],"about":[{"href":"https:\/\/agora.xtec.cat\/escolalesplanes\/wp-json\/wp\/v2\/types\/page"}],"author":[{"embeddable":true,"href":"https:\/\/agora.xtec.cat\/escolalesplanes\/wp-json\/wp\/v2\/users\/1"}],"replies":[{"embeddable":true,"href":"https:\/\/agora.xtec.cat\/escolalesplanes\/wp-json\/wp\/v2\/comments?post=1189"}],"version-history":[{"count":4,"href":"https:\/\/agora.xtec.cat\/escolalesplanes\/wp-json\/wp\/v2\/pages\/1189\/revisions"}],"predecessor-version":[{"id":4616,"href":"https:\/\/agora.xtec.cat\/escolalesplanes\/wp-json\/wp\/v2\/pages\/1189\/revisions\/4616"}],"wp:attachment":[{"href":"https:\/\/agora.xtec.cat\/escolalesplanes\/wp-json\/wp\/v2\/media?parent=1189"}],"curies":[{"name":"wp","href":"https:\/\/api.w.org\/{rel}","templated":true}]}}

<p><strong>L’HORTET DE LES PLANES</strong></p>
<p>Ja fa temps que a l’escola Les Planes treballem l’hort. Va començar amb els més petits de l’escola i amb el temps s’ha ampliat als alumnes del cicle inicial per reforçar el treball competencial de l’àrea de coneixement de medi. Amb el projecte de l’hort es treballen de manera transversal totes les àrees del currículum, tant a primer com a segon.</p>
<p>Veiem l’hort com una eina que afavoreix l’educació mediambiental i afegeix una dimensió pràctica als aprenentatges. Reforça matèries com les llengües, les matemàtiques, les ciències naturals i les ciències socials.</p>
<p>L’activitat es realitza durant tot el curs, cada setmana es destina un temps per plantar, recol·lectar, regar, observar..</p>
<p>Amb el treball de l’hort els nens i nenes aprenen un munt de coses:</p>
<ul>
<li>Observen el creixement i la reproducció de les plantes a partir de llavors, esqueixos d’altres plantes o de bulbs (ceba, alls.)</li>
<li>Relacionen les estacions de l’any amb les plantes i fruites que es poden recollir a cada una de les estacions.</li>
<li>Aprenen a preparar el sòl per poder conrear les plantes, fent ús de les eines adients per treballar a l’hort (cultivador manual, rastell, guants, tisores de podar, aixada&#8230;).</li>
<li>Aprenen a produir aliments de qualitat i a ser respectuosos amb el medi ambient, afavorint la creació d’un entorn social i un estil de vida més saludable.</li>
<li>Aprenen a ser responsables perquè es potencia i s’afavoreix el diàleg, la col·laboració i  la cooperació entre tots.</li>
</ul>
<p>No ens falta feina. Tenim un calendari complet des de l’octubre fins el juny amb tot el que podem plantar, semblar i recol·lectar. Fins i tot, tenim la nostra paradeta i amb els guanys que obtenim comprem més planter i aprofitem per fer matemàtiques!</p>
<p><img loading="lazy" decoding="async" class="wp-image-4615 size-full aligncenter" src="https://agora.xtec.cat/escolalesplanes/wp-content/uploads/usu2441/2026/02/hort.jpg" alt="" width="610" height="273" srcset="https://agora.xtec.cat/escolalesplanes/wp-content/uploads/usu2441/2026/02/hort.jpg 610w, https://agora.xtec.cat/escolalesplanes/wp-content/uploads/usu2441/2026/02/hort-300x134.jpg 300w" sizes="auto, (max-width: 610px) 100vw, 610px" /></p>
<p><img loading="lazy" decoding="async" class="size-medium wp-image-3598 aligncenter" src="https://agora.xtec.cat/escolalesplanes/wp-content/uploads/usu2441/2025/01/IMG-20250129-WA0014-300x225.jpg" alt="" width="300" height="225" srcset="https://agora.xtec.cat/escolalesplanes/wp-content/uploads/usu2441/2025/01/IMG-20250129-WA0014-300x225.jpg 300w, https://agora.xtec.cat/escolalesplanes/wp-content/uploads/usu2441/2025/01/IMG-20250129-WA0014-1024x768.jpg 1024w, https://agora.xtec.cat/escolalesplanes/wp-content/uploads/usu2441/2025/01/IMG-20250129-WA0014-768x576.jpg 768w, https://agora.xtec.cat/escolalesplanes/wp-content/uploads/usu2441/2025/01/IMG-20250129-WA0014-1536x1152.jpg 1536w, https://agora.xtec.cat/escolalesplanes/wp-content/uploads/usu2441/2025/01/IMG-20250129-WA0014-200x150.jpg 200w, https://agora.xtec.cat/escolalesplanes/wp-content/uploads/usu2441/2025/01/IMG-20250129-WA0014.jpg 2048w" sizes="auto, (max-width: 300px) 100vw, 300px" /></p>
<p>&nbsp;</p>

<p>L’HORTET DE LES PLANES Ja fa temps que a l’escola Les Planes treballem l’hort. Va començar amb els més petits de l’escola i amb el temps s’ha ampliat als alumnes del cicle inicial per reforçar el treball competencial de l’àrea de coneixement de medi. Amb el projecte de l’hort es treballen de manera transversal totes [&hellip;]</p>
