{"id":1122,"date":"2022-10-30T20:36:35","date_gmt":"2022-10-30T19:36:35","guid":{"rendered":"https:\/\/agora.xtec.cat\/escolalesplanes\/?page_id=1122"},"modified":"2022-10-30T20:45:09","modified_gmt":"2022-10-30T19:45:09","slug":"projecte-proa","status":"publish","type":"page","link":"https:\/\/agora.xtec.cat\/escolalesplanes\/projecte-proa\/","title":{"rendered":"Projecte PROA+"},"content":{"rendered":"<p><strong>PROGRAMA PROA+<\/strong><br \/>\nCom ja sabeu, la nostra escola ha participat durant dos cursos en el programa PMOE. Aquest programa ja ha finalitzat i ara ens han seleccionat per participar en el programa PROA+.<br \/>\nEl programa PROA+ (Plan de Refuerzo, Orientaci\u00f3n y Apoyo) \u00e9s el Programa de cooperaci\u00f3 territorial per a l\u2019orientaci\u00f3, l\u2019aven\u00e7 i l\u2019enriquiment educatiu. Est\u00e0 ent\u00e8s com un Programa de Cooperaci\u00f3 Territorial entre el Ministerio de Educaci\u00f3n y Formaci\u00f3n Profesional y les Comunitats Aut\u00f2nomes. Est\u00e0 finan\u00e7at per la Uni\u00f3 Europea.<br \/>\nLa seva finalitat \u00e9s recolzar als centres educatius que atenen a un n\u00famero elevat d\u2019alumnat en situaci\u00f3 de desavantatge socioeducativa, aquest suport ha de permetre millorar la qualitat educativa i els resultats escolars gr\u00e0cies a programes i actuacions a realitzar en les escoles i instituts que estan acollits a aquest pla.<br \/>\nAquests programes i actuacions es podran dur a terme amb l\u2019ajut econ\u00f2mic que l\u2019escola rep del programa PROA+.<\/p>\n<p><strong>PRINCIPIS PEDAG\u00d2GICS DEL PROA+<\/strong><br \/>\nEl programa PROA+ es basa en els principis pedag\u00f2gics seg\u00fcents recollits a la LOMLOE:<br \/>\n1. <strong>Equitat<\/strong>. Garantir la igualtat d\u2019oportunitats i la no segregaci\u00f3 en l\u2019acc\u00e9s i dins dels centres.<br \/>\n2. <strong>Evitar segregaci\u00f3<\/strong>, en l\u2019acc\u00e9s i en les din\u00e0miques internes.<br \/>\n3. <strong>Educaci\u00f3 inclusiva<\/strong> com a principi fonamental, s\u2019at\u00e9n la diversitat de tot l\u2019alumnat.<br \/>\n4. <strong>Expectatives positives<\/strong> sobre l\u2019\u00e8xit de tot l\u2019alumnat.<br \/>\n5. <strong>Acompanyament i orientaci\u00f3<\/strong>: docents, alumnat i fam\u00edlies.<br \/>\n6. <strong>Prevenci\u00f3 i detecci\u00f3<\/strong> primerenca de les dificultats d\u2019aprenentatge i establir mesures de refor\u00e7.<br \/>\n7. Repercussi\u00f3 de<strong> l\u2019educaci\u00f3 socioemocional<\/strong> per l\u2019aprenentatge i benestar futur.<br \/>\n8. Consideraci\u00f3 del <strong>coneixement<\/strong> adquirit en <strong>tots els \u00e0mbits<\/strong> per a la millora cont\u00ednua de l\u2019ensenyament \u2013 aprenentatge.<\/p>\n<p><img loading=\"lazy\" decoding=\"async\" class=\"alignnone size-large wp-image-1131\" src=\"https:\/\/agora.xtec.cat\/escolalesplanes\/wp-content\/uploads\/usu2441\/2022\/10\/logos-PROA-2-comprimit-1024x570.jpg\" alt=\"\" width=\"1024\" height=\"570\" srcset=\"https:\/\/agora.xtec.cat\/escolalesplanes\/wp-content\/uploads\/usu2441\/2022\/10\/logos-PROA-2-comprimit-1024x570.jpg 1024w, https:\/\/agora.xtec.cat\/escolalesplanes\/wp-content\/uploads\/usu2441\/2022\/10\/logos-PROA-2-comprimit-300x167.jpg 300w, https:\/\/agora.xtec.cat\/escolalesplanes\/wp-content\/uploads\/usu2441\/2022\/10\/logos-PROA-2-comprimit-768x428.jpg 768w, https:\/\/agora.xtec.cat\/escolalesplanes\/wp-content\/uploads\/usu2441\/2022\/10\/logos-PROA-2-comprimit-1536x856.jpg 1536w, https:\/\/agora.xtec.cat\/escolalesplanes\/wp-content\/uploads\/usu2441\/2022\/10\/logos-PROA-2-comprimit.jpg 1650w\" sizes=\"auto, (max-width: 1024px) 100vw, 1024px\" \/><\/p>\n","protected":false},"excerpt":{"rendered":"<p>PROGRAMA PROA+ Com ja sabeu, la nostra escola ha participat durant dos cursos en el programa PMOE. Aquest programa ja ha finalitzat i ara ens han seleccionat per participar en el programa PROA+. El programa PROA+ (Plan de Refuerzo, Orientaci\u00f3n y Apoyo) \u00e9s el Programa de cooperaci\u00f3 territorial per a l\u2019orientaci\u00f3, l\u2019aven\u00e7 i l\u2019enriquiment educatiu. [&hellip;]<\/p>\n","protected":false},"author":1,"featured_media":0,"parent":0,"menu_order":0,"comment_status":"closed","ping_status":"closed","template":"","meta":{"_bbp_topic_count":0,"_bbp_reply_count":0,"_bbp_total_topic_count":0,"_bbp_total_reply_count":0,"_bbp_voice_count":0,"_bbp_anonymous_reply_count":0,"_bbp_topic_count_hidden":0,"_bbp_reply_count_hidden":0,"_bbp_forum_subforum_count":0,"site-sidebar-layout":"default","site-content-layout":"","ast-site-content-layout":"","site-content-style":"default","site-sidebar-style":"default","ast-global-header-display":"","ast-banner-title-visibility":"","ast-main-header-display":"","ast-hfb-above-header-display":"","ast-hfb-below-header-display":"","ast-hfb-mobile-header-display":"","site-post-title":"","ast-breadcrumbs-content":"","ast-featured-img":"","footer-sml-layout":"","theme-transparent-header-meta":"","adv-header-id-meta":"","stick-header-meta":"","header-above-stick-meta":"","header-main-stick-meta":"","header-below-stick-meta":"","astra-migrate-meta-layouts":"default","ast-page-background-enabled":"default","ast-page-background-meta":{"desktop":{"background-color":"var(--ast-global-color-4)","background-image":"","background-repeat":"repeat","background-position":"center center","background-size":"auto","background-attachment":"scroll","background-type":"","background-media":"","overlay-type":"","overlay-color":"","overlay-opacity":"","overlay-gradient":""},"tablet":{"background-color":"","background-image":"","background-repeat":"repeat","background-position":"center center","background-size":"auto","background-attachment":"scroll","background-type":"","background-media":"","overlay-type":"","overlay-color":"","overlay-opacity":"","overlay-gradient":""},"mobile":{"background-color":"","background-image":"","background-repeat":"repeat","background-position":"center center","background-size":"auto","background-attachment":"scroll","background-type":"","background-media":"","overlay-type":"","overlay-color":"","overlay-opacity":"","overlay-gradient":""}},"ast-content-background-meta":{"desktop":{"background-color":"var(--ast-global-color-5)","background-image":"","background-repeat":"repeat","background-position":"center center","background-size":"auto","background-attachment":"scroll","background-type":"","background-media":"","overlay-type":"","overlay-color":"","overlay-opacity":"","overlay-gradient":""},"tablet":{"background-color":"var(--ast-global-color-5)","background-image":"","background-repeat":"repeat","background-position":"center center","background-size":"auto","background-attachment":"scroll","background-type":"","background-media":"","overlay-type":"","overlay-color":"","overlay-opacity":"","overlay-gradient":""},"mobile":{"background-color":"var(--ast-global-color-5)","background-image":"","background-repeat":"repeat","background-position":"center center","background-size":"auto","background-attachment":"scroll","background-type":"","background-media":"","overlay-type":"","overlay-color":"","overlay-opacity":"","overlay-gradient":""}},"footnotes":""},"class_list":["post-1122","page","type-page","status-publish","hentry"],"post_mailing_queue_ids":[],"_links":{"self":[{"href":"https:\/\/agora.xtec.cat\/escolalesplanes\/wp-json\/wp\/v2\/pages\/1122","targetHints":{"allow":["GET"]}}],"collection":[{"href":"https:\/\/agora.xtec.cat\/escolalesplanes\/wp-json\/wp\/v2\/pages"}],"about":[{"href":"https:\/\/agora.xtec.cat\/escolalesplanes\/wp-json\/wp\/v2\/types\/page"}],"author":[{"embeddable":true,"href":"https:\/\/agora.xtec.cat\/escolalesplanes\/wp-json\/wp\/v2\/users\/1"}],"replies":[{"embeddable":true,"href":"https:\/\/agora.xtec.cat\/escolalesplanes\/wp-json\/wp\/v2\/comments?post=1122"}],"version-history":[{"count":3,"href":"https:\/\/agora.xtec.cat\/escolalesplanes\/wp-json\/wp\/v2\/pages\/1122\/revisions"}],"predecessor-version":[{"id":1133,"href":"https:\/\/agora.xtec.cat\/escolalesplanes\/wp-json\/wp\/v2\/pages\/1122\/revisions\/1133"}],"wp:attachment":[{"href":"https:\/\/agora.xtec.cat\/escolalesplanes\/wp-json\/wp\/v2\/media?parent=1122"}],"curies":[{"name":"wp","href":"https:\/\/api.w.org\/{rel}","templated":true}]}}

<p><strong>PROGRAMA PROA+</strong><br />
Com ja sabeu, la nostra escola ha participat durant dos cursos en el programa PMOE. Aquest programa ja ha finalitzat i ara ens han seleccionat per participar en el programa PROA+.<br />
El programa PROA+ (Plan de Refuerzo, Orientación y Apoyo) és el Programa de cooperació territorial per a l’orientació, l’avenç i l’enriquiment educatiu. Està entès com un Programa de Cooperació Territorial entre el Ministerio de Educación y Formación Profesional y les Comunitats Autònomes. Està finançat per la Unió Europea.<br />
La seva finalitat és recolzar als centres educatius que atenen a un número elevat d’alumnat en situació de desavantatge socioeducativa, aquest suport ha de permetre millorar la qualitat educativa i els resultats escolars gràcies a programes i actuacions a realitzar en les escoles i instituts que estan acollits a aquest pla.<br />
Aquests programes i actuacions es podran dur a terme amb l’ajut econòmic que l’escola rep del programa PROA+.</p>
<p><strong>PRINCIPIS PEDAGÒGICS DEL PROA+</strong><br />
El programa PROA+ es basa en els principis pedagògics següents recollits a la LOMLOE:<br />
1. <strong>Equitat</strong>. Garantir la igualtat d’oportunitats i la no segregació en l’accés i dins dels centres.<br />
2. <strong>Evitar segregació</strong>, en l’accés i en les dinàmiques internes.<br />
3. <strong>Educació inclusiva</strong> com a principi fonamental, s’atén la diversitat de tot l’alumnat.<br />
4. <strong>Expectatives positives</strong> sobre l’èxit de tot l’alumnat.<br />
5. <strong>Acompanyament i orientació</strong>: docents, alumnat i famílies.<br />
6. <strong>Prevenció i detecció</strong> primerenca de les dificultats d’aprenentatge i establir mesures de reforç.<br />
7. Repercussió de<strong> l’educació socioemocional</strong> per l’aprenentatge i benestar futur.<br />
8. Consideració del <strong>coneixement</strong> adquirit en <strong>tots els àmbits</strong> per a la millora contínua de l’ensenyament – aprenentatge.</p>
<p><img loading="lazy" decoding="async" class="alignnone size-large wp-image-1131" src="https://agora.xtec.cat/escolalesplanes/wp-content/uploads/usu2441/2022/10/logos-PROA-2-comprimit-1024x570.jpg" alt="" width="1024" height="570" srcset="https://agora.xtec.cat/escolalesplanes/wp-content/uploads/usu2441/2022/10/logos-PROA-2-comprimit-1024x570.jpg 1024w, https://agora.xtec.cat/escolalesplanes/wp-content/uploads/usu2441/2022/10/logos-PROA-2-comprimit-300x167.jpg 300w, https://agora.xtec.cat/escolalesplanes/wp-content/uploads/usu2441/2022/10/logos-PROA-2-comprimit-768x428.jpg 768w, https://agora.xtec.cat/escolalesplanes/wp-content/uploads/usu2441/2022/10/logos-PROA-2-comprimit-1536x856.jpg 1536w, https://agora.xtec.cat/escolalesplanes/wp-content/uploads/usu2441/2022/10/logos-PROA-2-comprimit.jpg 1650w" sizes="auto, (max-width: 1024px) 100vw, 1024px" /></p>

<p>PROGRAMA PROA+ Com ja sabeu, la nostra escola ha participat durant dos cursos en el programa PMOE. Aquest programa ja ha finalitzat i ara ens han seleccionat per participar en el programa PROA+. El programa PROA+ (Plan de Refuerzo, Orientación y Apoyo) és el Programa de cooperació territorial per a l’orientació, l’avenç i l’enriquiment educatiu. [&hellip;]</p>
