{"id":664,"date":"2019-11-06T22:11:01","date_gmt":"2019-11-06T21:11:01","guid":{"rendered":"https:\/\/agora.xtec.cat\/escolalespigol\/?page_id=664"},"modified":"2020-05-10T13:12:45","modified_gmt":"2020-05-10T11:12:45","slug":"ampa","status":"publish","type":"page","link":"https:\/\/agora.xtec.cat\/escolalespigol\/serveis-acollida\/ampa\/","title":{"rendered":"AMPA"},"content":{"rendered":"<p>Correu electr\u00f2nic per poder contactar amb l&#8217;AMPA: <strong>ampaespigol@hotmail.com <\/strong><\/p>\n<p>L &#8216; AMPA de l&#8217;escola l&#8217; Esp\u00edgol gestiona l&#8217;acollida matinal i les activitats extraescolars.<\/p>\n<p>La quota que fa pagar l&#8217;AMPA \u00e9s de 24 euros i es fan descomptes als germans.<\/p>\n<p>Per altra banda subvenciona a les fam\u00edlies, pagant una part de la quota de material, una excursi\u00f3 i el detall de la soca de Nadal. Tamb\u00e9 organitza diferents activitats al llarg del curs: Festa de Sant Nicolau, El Carnestoltes, La Fira de Proximitat, La Festa de fi de Curs.<\/p>\n<p>A m\u00e9s col.labora i participa activament en la vida del centre.<\/p>\n","protected":false},"excerpt":{"rendered":"<p>Correu electr\u00f2nic per poder contactar amb l&#8217;AMPA: ampaespigol@hotmail.com<br \/>\nL &#8216; AMPA de l&#8217;escola l&#8217; Esp\u00edgol gestiona l&#8217;acollida matinal i les activitats extraescolars.<br \/>\nLa quota que fa pagar l&#8217;AMPA \u00e9s de 24 euros i es fan descomptes als germans.<br \/>\nPer altra banda subvenciona a les fam\u00edlies, pagant una&hellip;  <a href=\"https:\/\/agora.xtec.cat\/escolalespigol\/serveis-acollida\/ampa\/\" title=\"Read AMPA\">Llegeix m\u00e9s\u00bb<\/a><\/p>\n","protected":false},"author":1,"featured_media":0,"parent":66,"menu_order":0,"comment_status":"closed","ping_status":"closed","template":"page-templates\/side-menu.php","meta":{"_bbp_topic_count":0,"_bbp_reply_count":0,"_bbp_total_topic_count":0,"_bbp_total_reply_count":0,"_bbp_voice_count":0,"_bbp_anonymous_reply_count":0,"_bbp_topic_count_hidden":0,"_bbp_reply_count_hidden":0,"_bbp_forum_subforum_count":0,"footnotes":""},"class_list":["post-664","page","type-page","status-publish","hentry"],"post_mailing_queue_ids":[],"_links":{"self":[{"href":"https:\/\/agora.xtec.cat\/escolalespigol\/wp-json\/wp\/v2\/pages\/664","targetHints":{"allow":["GET"]}}],"collection":[{"href":"https:\/\/agora.xtec.cat\/escolalespigol\/wp-json\/wp\/v2\/pages"}],"about":[{"href":"https:\/\/agora.xtec.cat\/escolalespigol\/wp-json\/wp\/v2\/types\/page"}],"author":[{"embeddable":true,"href":"https:\/\/agora.xtec.cat\/escolalespigol\/wp-json\/wp\/v2\/users\/1"}],"replies":[{"embeddable":true,"href":"https:\/\/agora.xtec.cat\/escolalespigol\/wp-json\/wp\/v2\/comments?post=664"}],"version-history":[{"count":3,"href":"https:\/\/agora.xtec.cat\/escolalespigol\/wp-json\/wp\/v2\/pages\/664\/revisions"}],"predecessor-version":[{"id":741,"href":"https:\/\/agora.xtec.cat\/escolalespigol\/wp-json\/wp\/v2\/pages\/664\/revisions\/741"}],"up":[{"embeddable":true,"href":"https:\/\/agora.xtec.cat\/escolalespigol\/wp-json\/wp\/v2\/pages\/66"}],"wp:attachment":[{"href":"https:\/\/agora.xtec.cat\/escolalespigol\/wp-json\/wp\/v2\/media?parent=664"}],"curies":[{"name":"wp","href":"https:\/\/api.w.org\/{rel}","templated":true}]}}