{"id":26,"date":"2014-09-18T12:24:32","date_gmt":"2014-09-18T11:24:32","guid":{"rendered":"http:\/\/agora.xtec.cat\/escolalespigol\/?page_id=26"},"modified":"2019-11-03T15:50:31","modified_gmt":"2019-11-03T14:50:31","slug":"historia","status":"publish","type":"page","link":"https:\/\/agora.xtec.cat\/escolalespigol\/lescola\/historia\/","title":{"rendered":"Hist\u00f2ria"},"content":{"rendered":"<p>De les actes municipals examinades, referides a l&#8217;activitat pol\u00edtica i social de la vila de Gerb duran el segle XIX, podem constatar l&#8217;exist\u00e8ncia d&#8217;un centre escolar. \u00c9s a partir\u00a0 dels primers anys del segle XX que es comencen a construir les cases que formaran el nou nucli urb\u00e0 del futur poble, s&#8217;adequaran els baixos d&#8217;una casa que foren\u00a0 utilitzats com escola.<\/p>\n<p>\u00c9s a partir del 15 de gener de 1919, que s&#8217;aprova la construcci\u00f3 d&#8217;una escola al carrer Llari. Aix\u00ed doncs el 14 de setembre de 1920 \u00e9s inaugurada\u00a0 la nova escola de Gerb. L&#8217; escola estava formada per dues aules, una per les nenes que donava a la pla\u00e7a de l&#8217; esgl\u00e9sia i una altra pels nenes que donava al carrer Llari.<\/p>\n<p>Degut a la guerra civil a la poblaci\u00f3 de Gerb hi va\u00a0 haver un augment de la poblaci\u00f3 fant places escolars, \u00e9s llavors que l&#8217;Ajuntament cedeix un local per fer una altra escola. En el darrer ter\u00e7 del segle XXminva considerablement el nombre d&#8217;alumnes, la manca de manteniment de l&#8217;edifici fa que aquest es deteriori fins que l&#8217; Ajuntament decideix l&#8217;enderroc per construir un edifici d&#8217;habitatges.<\/p>\n<p>El dia 20 de maig de 1994 \u00e9s inaugurada la nova escola, ara mixta, anomenada Escola\u00a0 P\u00fablica l&#8217; Esp\u00edgol.Situada a la planta baixa del nou Ajuntament, al costa de l&#8217;esgl\u00e9sia de Sant Salvador.<\/p>\n<p>Actualment degut a l&#8217;augment de la poblaci\u00f3 s&#8217;ha fet necessari la construcci\u00f3 d&#8217;una nova escola, situada al costat del poliesportiu i de les piscines municipals.Aquesta escola va ser constru\u00efda l&#8217;any 2011.<\/p>\n<p>Informaci\u00f3 extreta del llibre: Gerb, un poble mil\u00b7lenari de Miquel Zambudio D\u00edaz.<\/p>\n","protected":false},"excerpt":{"rendered":"<p>De les actes municipals examinades, referides a l&#8217;activitat pol\u00edtica i social de la vila de Gerb duran el segle XIX, podem constatar l&#8217;exist\u00e8ncia d&#8217;un centre escolar. \u00c9s a partir\u00a0 dels primers anys del segle XX que es comencen a construir les cases que formaran el&hellip;  <a href=\"https:\/\/agora.xtec.cat\/escolalespigol\/lescola\/historia\/\" title=\"Read Hist\u00f2ria\">Llegeix m\u00e9s\u00bb<\/a><\/p>\n","protected":false},"author":1,"featured_media":0,"parent":22,"menu_order":20,"comment_status":"closed","ping_status":"closed","template":"page-templates\/side-menu.php","meta":{"_bbp_topic_count":0,"_bbp_reply_count":0,"_bbp_total_topic_count":0,"_bbp_total_reply_count":0,"_bbp_voice_count":0,"_bbp_anonymous_reply_count":0,"_bbp_topic_count_hidden":0,"_bbp_reply_count_hidden":0,"_bbp_forum_subforum_count":0,"footnotes":""},"class_list":["post-26","page","type-page","status-publish","hentry"],"post_mailing_queue_ids":[],"_links":{"self":[{"href":"https:\/\/agora.xtec.cat\/escolalespigol\/wp-json\/wp\/v2\/pages\/26","targetHints":{"allow":["GET"]}}],"collection":[{"href":"https:\/\/agora.xtec.cat\/escolalespigol\/wp-json\/wp\/v2\/pages"}],"about":[{"href":"https:\/\/agora.xtec.cat\/escolalespigol\/wp-json\/wp\/v2\/types\/page"}],"author":[{"embeddable":true,"href":"https:\/\/agora.xtec.cat\/escolalespigol\/wp-json\/wp\/v2\/users\/1"}],"replies":[{"embeddable":true,"href":"https:\/\/agora.xtec.cat\/escolalespigol\/wp-json\/wp\/v2\/comments?post=26"}],"version-history":[{"count":2,"href":"https:\/\/agora.xtec.cat\/escolalespigol\/wp-json\/wp\/v2\/pages\/26\/revisions"}],"predecessor-version":[{"id":634,"href":"https:\/\/agora.xtec.cat\/escolalespigol\/wp-json\/wp\/v2\/pages\/26\/revisions\/634"}],"up":[{"embeddable":true,"href":"https:\/\/agora.xtec.cat\/escolalespigol\/wp-json\/wp\/v2\/pages\/22"}],"wp:attachment":[{"href":"https:\/\/agora.xtec.cat\/escolalespigol\/wp-json\/wp\/v2\/media?parent=26"}],"curies":[{"name":"wp","href":"https:\/\/api.w.org\/{rel}","templated":true}]}}