{"id":3724,"date":"2026-01-21T21:28:33","date_gmt":"2026-01-21T20:28:33","guid":{"rendered":"https:\/\/agora.xtec.cat\/escolalesmelies\/?page_id=3724"},"modified":"2026-02-25T14:20:45","modified_gmt":"2026-02-25T13:20:45","slug":"aules-360","status":"publish","type":"page","link":"https:\/\/agora.xtec.cat\/escolalesmelies\/aules-360\/","title":{"rendered":"Aules 360"},"content":{"rendered":"<p><span style=\"font-weight: 400;\"><a href=\"https:\/\/agora.xtec.cat\/escolalesmelies\/wp-content\/uploads\/usu2179\/2026\/02\/motion_photo_8841623077520754158.jpg\"><img loading=\"lazy\" decoding=\"async\" class=\"alignright size-medium wp-image-3777\" src=\"https:\/\/agora.xtec.cat\/escolalesmelies\/wp-content\/uploads\/usu2179\/2026\/02\/motion_photo_8841623077520754158-225x300.jpg\" alt=\"\" width=\"225\" height=\"300\" srcset=\"https:\/\/agora.xtec.cat\/escolalesmelies\/wp-content\/uploads\/usu2179\/2026\/02\/motion_photo_8841623077520754158-225x300.jpg 225w, https:\/\/agora.xtec.cat\/escolalesmelies\/wp-content\/uploads\/usu2179\/2026\/02\/motion_photo_8841623077520754158-769x1024.jpg 769w, https:\/\/agora.xtec.cat\/escolalesmelies\/wp-content\/uploads\/usu2179\/2026\/02\/motion_photo_8841623077520754158-768x1023.jpg 768w, https:\/\/agora.xtec.cat\/escolalesmelies\/wp-content\/uploads\/usu2179\/2026\/02\/motion_photo_8841623077520754158-1153x1536.jpg 1153w, https:\/\/agora.xtec.cat\/escolalesmelies\/wp-content\/uploads\/usu2179\/2026\/02\/motion_photo_8841623077520754158.jpg 1201w\" sizes=\"auto, (max-width: 225px) 100vw, 225px\" \/><\/a>El curs 2025-2026 s\u2019engega un projecte d\u2019escola que ha estat possible gr\u00e0cies a la subvenci\u00f3 de l&#8217;Associaci\u00f3 de Fam\u00edlies d\u2019Alumnes (<\/span><b>AFA de l\u2019escola Les M\u00e8lies<\/b><span style=\"font-weight: 400;\">). Amb aquesta generosa contribuci\u00f3 ens ha estat possible posar tota la nostra iniciativa per crear dos espais polivalents i \u00fanics que ens permeten millorar la qualitat de l\u2019aprenentatge de tot l\u2019alumnat de l\u2019escola. Volem fer un especial agra\u00efment a l\u2019 <\/span><b>Iv\u00e1n Espa\u00f1a<\/b><span style=\"font-weight: 400;\"> i a en <\/span><b>Juan Jos\u00e9 L\u00f3pez <\/b><span style=\"font-weight: 400;\">per haver posat tota la seva destresa en la part de muntatge i instal\u00b7laci\u00f3.<\/span><\/p>\n<p>&nbsp;<\/p>\n<p><span style=\"font-weight: 400;\">Es tracta de les <\/span><b>AULES 360:<\/b><\/p>\n<ul>\n<li style=\"font-weight: 400;\" aria-level=\"1\"><span style=\"font-weight: 400;\">Aula Sensorial 360 &#8211; Suport 1<\/span><\/li>\n<li style=\"font-weight: 400;\" aria-level=\"1\"><span style=\"font-weight: 400;\">Aula Tipi 360 &#8211; Aula Tipi<\/span><\/li>\n<\/ul>\n<p>&nbsp;<\/p>\n<p><b>QU\u00c8 S\u00d3N AQUESTES AULES?<a href=\"https:\/\/agora.xtec.cat\/escolalesmelies\/wp-content\/uploads\/usu2179\/2026\/02\/IMG-20251125-WA0004.jpg\"><img loading=\"lazy\" decoding=\"async\" class=\"alignright size-medium wp-image-3774\" src=\"https:\/\/agora.xtec.cat\/escolalesmelies\/wp-content\/uploads\/usu2179\/2026\/02\/IMG-20251125-WA0004-300x225.jpg\" alt=\"\" width=\"300\" height=\"225\" srcset=\"https:\/\/agora.xtec.cat\/escolalesmelies\/wp-content\/uploads\/usu2179\/2026\/02\/IMG-20251125-WA0004-300x225.jpg 300w, https:\/\/agora.xtec.cat\/escolalesmelies\/wp-content\/uploads\/usu2179\/2026\/02\/IMG-20251125-WA0004-1024x769.jpg 1024w, https:\/\/agora.xtec.cat\/escolalesmelies\/wp-content\/uploads\/usu2179\/2026\/02\/IMG-20251125-WA0004-768x576.jpg 768w, https:\/\/agora.xtec.cat\/escolalesmelies\/wp-content\/uploads\/usu2179\/2026\/02\/IMG-20251125-WA0004-1536x1153.jpg 1536w, https:\/\/agora.xtec.cat\/escolalesmelies\/wp-content\/uploads\/usu2179\/2026\/02\/IMG-20251125-WA0004-200x150.jpg 200w, https:\/\/agora.xtec.cat\/escolalesmelies\/wp-content\/uploads\/usu2179\/2026\/02\/IMG-20251125-WA0004.jpg 1600w\" sizes=\"auto, (max-width: 300px) 100vw, 300px\" \/><\/a><\/b><\/p>\n<p><strong>Aula Sensorial 360:<\/strong><span style=\"font-weight: 400;\"> Espai acollidor on podem realitzar qualsevol classe lectiva del nostre dia a dia, per\u00f2 en un entorn cuidat i amb material espec\u00edfic que ens permetr\u00e0 adaptar-nos molt m\u00e9s a l\u2019alumnat.\u00a0<\/span><\/p>\n<p><span style=\"font-weight: 400;\">Tamb\u00e9 servir\u00e0 com a espai de regulaci\u00f3 amb material sensorial per a tots els alumnes que en moments puntuals necessitin tornar a connectar amb el present i amb la calma.<\/span><\/p>\n<p><strong>Aula Tipi 360:<\/strong><span style=\"font-weight: 400;\"> Espai de relaxaci\u00f3, mediaci\u00f3 i di\u00e0leg on anar a fer activitats que requereixin un ambient acollidor i amigable, amb material adequat a l\u2019edat de l\u2019alumnat de cicle mitj\u00e0 i cicle superior.<\/span><\/p>\n<p><b>OBJECTIUS:<a href=\"https:\/\/agora.xtec.cat\/escolalesmelies\/wp-content\/uploads\/usu2179\/2026\/02\/IMG-20251125-WA0013.jpg\"><img loading=\"lazy\" decoding=\"async\" class=\"alignright size-medium wp-image-3776\" src=\"https:\/\/agora.xtec.cat\/escolalesmelies\/wp-content\/uploads\/usu2179\/2026\/02\/IMG-20251125-WA0013-300x225.jpg\" alt=\"\" width=\"300\" height=\"225\" srcset=\"https:\/\/agora.xtec.cat\/escolalesmelies\/wp-content\/uploads\/usu2179\/2026\/02\/IMG-20251125-WA0013-300x225.jpg 300w, https:\/\/agora.xtec.cat\/escolalesmelies\/wp-content\/uploads\/usu2179\/2026\/02\/IMG-20251125-WA0013-1024x769.jpg 1024w, https:\/\/agora.xtec.cat\/escolalesmelies\/wp-content\/uploads\/usu2179\/2026\/02\/IMG-20251125-WA0013-768x576.jpg 768w, https:\/\/agora.xtec.cat\/escolalesmelies\/wp-content\/uploads\/usu2179\/2026\/02\/IMG-20251125-WA0013-1536x1153.jpg 1536w, https:\/\/agora.xtec.cat\/escolalesmelies\/wp-content\/uploads\/usu2179\/2026\/02\/IMG-20251125-WA0013-200x150.jpg 200w, https:\/\/agora.xtec.cat\/escolalesmelies\/wp-content\/uploads\/usu2179\/2026\/02\/IMG-20251125-WA0013.jpg 1600w\" sizes=\"auto, (max-width: 300px) 100vw, 300px\" \/><\/a><\/b><\/p>\n<p><span style=\"font-weight: 400;\">Aula Sensorial 360:<\/span><\/p>\n<ul>\n<li style=\"font-weight: 400;\" aria-level=\"1\"><span style=\"font-weight: 400;\">Generar un ambient c\u00e0lid amb material adequat a les activitats que es plantegin en el desdoblament de grups.<\/span><\/li>\n<li style=\"font-weight: 400;\" aria-level=\"1\"><span style=\"font-weight: 400;\">Ajudar a la regulaci\u00f3 d\u2019alumnes que en moments puntuals ho necessitin.<\/span><\/li>\n<li style=\"font-weight: 400;\" aria-level=\"1\"><span style=\"font-weight: 400;\">Propiciar un espai que pugui generar oportunitats de descoberta i experimentaci\u00f3 en llengua, matem\u00e0tiques, medi&#8230;<\/span><\/li>\n<\/ul>\n<p><span style=\"font-weight: 400;\">Aula Tipi 360:<\/span><\/p>\n<ul>\n<li style=\"font-weight: 400;\" aria-level=\"1\"><span style=\"font-weight: 400;\">Millorar l\u2019experi\u00e8ncia en les mediacions a trav\u00e9s d\u2019un espai m\u00e9s acollidor.<a href=\"https:\/\/agora.xtec.cat\/escolalesmelies\/wp-content\/uploads\/usu2179\/2026\/02\/Tipi.png\"><img loading=\"lazy\" decoding=\"async\" class=\"alignright size-medium wp-image-3780\" src=\"https:\/\/agora.xtec.cat\/escolalesmelies\/wp-content\/uploads\/usu2179\/2026\/02\/Tipi-300x270.png\" alt=\"\" width=\"300\" height=\"270\" srcset=\"https:\/\/agora.xtec.cat\/escolalesmelies\/wp-content\/uploads\/usu2179\/2026\/02\/Tipi-300x270.png 300w, https:\/\/agora.xtec.cat\/escolalesmelies\/wp-content\/uploads\/usu2179\/2026\/02\/Tipi-768x692.png 768w, https:\/\/agora.xtec.cat\/escolalesmelies\/wp-content\/uploads\/usu2179\/2026\/02\/Tipi.png 1015w\" sizes=\"auto, (max-width: 300px) 100vw, 300px\" \/><\/a><\/span><\/li>\n<li style=\"font-weight: 400;\" aria-level=\"1\"><span style=\"font-weight: 400;\">Fomentar la tornada a la calma en moments de desregulaci\u00f3 emocional que ho requereixin.<\/span><\/li>\n<li style=\"font-weight: 400;\" aria-level=\"1\"><span style=\"font-weight: 400;\">Crear din\u00e0miques de cohesi\u00f3 de grup i entre alumnes.<a href=\"https:\/\/agora.xtec.cat\/escolalesmelies\/wp-content\/uploads\/usu2179\/2026\/02\/IMG_0875.heic\"><img decoding=\"async\" class=\"alignright size-full wp-image-3779\" src=\"https:\/\/agora.xtec.cat\/escolalesmelies\/wp-content\/uploads\/usu2179\/2026\/02\/IMG_0875.heic\" alt=\"\" \/><\/a><\/span><\/li>\n<\/ul>\n","protected":false},"excerpt":{"rendered":"<p><a href=\"https:\/\/agora.xtec.cat\/escolalesmelies\/wp-content\/uploads\/usu2179\/2026\/02\/motion_photo_8841623077520754158.jpg\"><\/a>El curs 2025-2026 s\u2019engega un projecte d\u2019escola que ha estat possible gr\u00e0cies a la subvenci\u00f3 de l&#8217;Associaci\u00f3 de Fam\u00edlies d\u2019Alumnes (AFA de l\u2019escola Les M\u00e8lies). Amb aquesta generosa contribuci\u00f3 ens ha estat possible posar tota la nostra iniciativa per crear dos espais polivalents i&hellip;  <a href=\"https:\/\/agora.xtec.cat\/escolalesmelies\/aules-360\/\" title=\"Read Aules 360\">Llegeix m\u00e9s\u00bb<\/a><\/p>\n","protected":false},"author":1,"featured_media":0,"parent":0,"menu_order":0,"comment_status":"closed","ping_status":"closed","template":"","meta":{"_bbp_topic_count":0,"_bbp_reply_count":0,"_bbp_total_topic_count":0,"_bbp_total_reply_count":0,"_bbp_voice_count":0,"_bbp_anonymous_reply_count":0,"_bbp_topic_count_hidden":0,"_bbp_reply_count_hidden":0,"_bbp_forum_subforum_count":0,"footnotes":""},"class_list":["post-3724","page","type-page","status-publish","hentry"],"post_mailing_queue_ids":[],"_links":{"self":[{"href":"https:\/\/agora.xtec.cat\/escolalesmelies\/wp-json\/wp\/v2\/pages\/3724","targetHints":{"allow":["GET"]}}],"collection":[{"href":"https:\/\/agora.xtec.cat\/escolalesmelies\/wp-json\/wp\/v2\/pages"}],"about":[{"href":"https:\/\/agora.xtec.cat\/escolalesmelies\/wp-json\/wp\/v2\/types\/page"}],"author":[{"embeddable":true,"href":"https:\/\/agora.xtec.cat\/escolalesmelies\/wp-json\/wp\/v2\/users\/1"}],"replies":[{"embeddable":true,"href":"https:\/\/agora.xtec.cat\/escolalesmelies\/wp-json\/wp\/v2\/comments?post=3724"}],"version-history":[{"count":4,"href":"https:\/\/agora.xtec.cat\/escolalesmelies\/wp-json\/wp\/v2\/pages\/3724\/revisions"}],"predecessor-version":[{"id":3781,"href":"https:\/\/agora.xtec.cat\/escolalesmelies\/wp-json\/wp\/v2\/pages\/3724\/revisions\/3781"}],"wp:attachment":[{"href":"https:\/\/agora.xtec.cat\/escolalesmelies\/wp-json\/wp\/v2\/media?parent=3724"}],"curies":[{"name":"wp","href":"https:\/\/api.w.org\/{rel}","templated":true}]}}