{"id":3626,"date":"2025-03-21T13:42:42","date_gmt":"2025-03-21T12:42:42","guid":{"rendered":"https:\/\/agora.xtec.cat\/escolalesmelies\/?page_id=3626"},"modified":"2025-03-21T13:45:24","modified_gmt":"2025-03-21T12:45:24","slug":"cantania-2","status":"publish","type":"page","link":"https:\/\/agora.xtec.cat\/escolalesmelies\/cantania-2\/","title":{"rendered":"PROJECTE CANT\u00c0NIA"},"content":{"rendered":"<div class=\"adn ads\" data-message-id=\"#msg-f:1827113072193931666\" data-legacy-message-id=\"195b35a8a0978992\">\n<div class=\"gs\">\n<div class=\"\">\n<div id=\":jk\" class=\"ii gt\">\n<div id=\":rp\" class=\"a3s aiL \">\n<div dir=\"ltr\">\n<div>\n<p>Per a m\u00e9s informaci\u00f3, <a href=\"https:\/\/www.auditori.cat\/ca\/album\/real\/\">cliqueu aqu\u00ed<\/a><\/p>\n<p>Com cada any la nostra escola, juntament amb altres escoles de Figueres i la comarca de l&#8217;Alt Empord\u00e0, participa en el\u00a0Projecte Cant\u00e0nia,\u00a0acte organitzat pel servei Educatiu de l&#8217;Auditori de Barcelona i que consisteix en l&#8217;estrena d&#8217;una cantata per orquestra i gran cor.<\/p>\n<p>A la nostra escola s\u00f3n les i els alumnes de 5\u00e8 de cicle superior, els que participen en aquest projecte, que engloba tant a l\u2019alumnat com al professorat ja que consta de diferents fases d&#8217;actuaci\u00f3: sessions de formaci\u00f3 amb el professorat, treball del professorat amb el seu alumnat i el concert final.<\/p>\n<p>Cada curs, l&#8217;Auditori de Barcelona, el principal promotor, estrena una nova cantata, per a 9 instrumentistes i cor, signada per prestigios@s m\u00fasics i lletristes catalans.<\/p>\n<p>Per preparar la cantata, la mestra de m\u00fasica assisteix a tres sessions de formaci\u00f3, on se li proposen les eines necess\u00e0ries per fer el treball d&#8217;aula amb els i les alumnes. El projecte acaba amb un concert al Teatre Jard\u00ed de Figueres, on participen de forma conjunta totes les escoles inscrites, acompanyades en directe de m\u00fasics i actors\/actrius professionals.<\/p>\n<p>OBJECTIUS<\/p>\n<ul>\n<li>Participar en el proc\u00e9s d&#8217;aprenentatge d&#8217;una cantata.<\/li>\n<li>Participar de forma conjunta alumnes de centres diferents, en la posada en escena de la cantata treballada, amb m\u00fasics professionals en directe.<\/li>\n<li>Viure una experi\u00e8ncia personal i professional, alumnat i professorat respectivament, a trav\u00e9s de la m\u00fasica.<\/li>\n<\/ul>\n<p>Participar en el projecte Cant\u00e0nia, \u00e9s una oportunitat per als alumnes, que amb caracter\u00edstiques globals pensades exclusivament per a ells, per la qualitat i per la implicaci\u00f3 personal i col\u00b7lectiva en l&#8217;acte, es converteix en una viv\u00e8ncia musical important i inoblidable per a tots.<\/p>\n<p>Fins a dia d&#8217;avui, Cant\u00e0nia s&#8217;ha realitzat a m\u00e9s de 20 ciutats de 6 pa\u00efsos tant europeus com americans. Al llarg d&#8217;un curs escolar passen pels escenaris de totes les ciutats participants aproximadament 50.000 nens i nenes, 1.000 mestres de m\u00fasica de m\u00e9s de 1.000 escoles i 100.000 espectadors\/es.<\/p>\n<p>A la nostra escola fa m\u00e9s de 6 anys que es participa en el projecte Cant\u00e0nia. Durant aquests anys s\u2019han fet cantates de tot tipus i a vegades molt diferents entre elles, per\u00f2 sempre molt interessants i gratificants.<\/p>\n<p>Participar a la cantata suposa un comprom\u00eds per part de l&#8217;escola i de l\u2019alumnat, i \u00e9s una activitat on es vetlla per l&#8217;educaci\u00f3 musical dels nens i nenes a trav\u00e9s d\u2019un cam\u00ed acompanyat de m\u00fasica, cultura i emoci\u00f3.<\/p>\n<\/div>\n<\/div>\n<div class=\"yj6qo\"><\/div>\n<div class=\"adL\"><\/div>\n<\/div>\n<\/div>\n<div class=\"WhmR8e\" data-hash=\"0\"><\/div>\n<\/div>\n<\/div>\n<div class=\"ajx\"><\/div>\n<\/div>\n<div class=\"gA gt acV\">\n<div class=\"gB xu\">\n<div class=\"ip iq\">\n<div id=\":jl\">\n<table class=\"cf wS\" role=\"presentation\">\n<tbody>\n<tr>\n<td class=\"amq\"><img decoding=\"async\" id=\":jc_17\" class=\"ajn bofPge\" src=\"https:\/\/lh3.googleusercontent.com\/a\/ACg8ocI0Aq1Efbk7Xrjeldf4uQbc-2OUOChP4N6p-mAleesDa_fv9oFT=s40-p\" name=\":jc\" data-hovercard-id=\"jmasoliv@xtec.cat\" \/><\/td>\n<td class=\"amr\">\n<div class=\"nr wR\">\n<div class=\"amn\"><span id=\":kt\" class=\"ams bkH\" tabindex=\"0\" role=\"link\">Respon<\/span><span id=\":kx\" class=\"ams bkG\" tabindex=\"0\" role=\"link\">Reenvia<\/span><\/div>\n<\/div>\n<\/td>\n<\/tr>\n<\/tbody>\n<\/table>\n<\/div>\n<\/div>\n<\/div>\n<\/div>\n","protected":false},"excerpt":{"rendered":"<p>Per a m\u00e9s informaci\u00f3, <a href=\"https:\/\/www.auditori.cat\/ca\/album\/real\/\">cliqueu aqu\u00ed<\/a><br \/>\nCom cada any la nostra escola, juntament amb altres escoles de Figueres i la comarca de l&#8217;Alt Empord\u00e0, participa en el\u00a0Projecte Cant\u00e0nia,\u00a0acte organitzat pel servei Educatiu de l&#8217;Auditori de Barcelona i que consisteix en l&#8217;estrena d&#8217;una cantata per orquestra&hellip;  <a href=\"https:\/\/agora.xtec.cat\/escolalesmelies\/cantania-2\/\" title=\"Read PROJECTE CANT\u00c0NIA\">Llegeix m\u00e9s\u00bb<\/a><\/p>\n","protected":false},"author":1,"featured_media":0,"parent":0,"menu_order":0,"comment_status":"closed","ping_status":"closed","template":"","meta":{"_bbp_topic_count":0,"_bbp_reply_count":0,"_bbp_total_topic_count":0,"_bbp_total_reply_count":0,"_bbp_voice_count":0,"_bbp_anonymous_reply_count":0,"_bbp_topic_count_hidden":0,"_bbp_reply_count_hidden":0,"_bbp_forum_subforum_count":0,"footnotes":""},"class_list":["post-3626","page","type-page","status-publish","hentry"],"post_mailing_queue_ids":[],"_links":{"self":[{"href":"https:\/\/agora.xtec.cat\/escolalesmelies\/wp-json\/wp\/v2\/pages\/3626","targetHints":{"allow":["GET"]}}],"collection":[{"href":"https:\/\/agora.xtec.cat\/escolalesmelies\/wp-json\/wp\/v2\/pages"}],"about":[{"href":"https:\/\/agora.xtec.cat\/escolalesmelies\/wp-json\/wp\/v2\/types\/page"}],"author":[{"embeddable":true,"href":"https:\/\/agora.xtec.cat\/escolalesmelies\/wp-json\/wp\/v2\/users\/1"}],"replies":[{"embeddable":true,"href":"https:\/\/agora.xtec.cat\/escolalesmelies\/wp-json\/wp\/v2\/comments?post=3626"}],"version-history":[{"count":2,"href":"https:\/\/agora.xtec.cat\/escolalesmelies\/wp-json\/wp\/v2\/pages\/3626\/revisions"}],"predecessor-version":[{"id":3632,"href":"https:\/\/agora.xtec.cat\/escolalesmelies\/wp-json\/wp\/v2\/pages\/3626\/revisions\/3632"}],"wp:attachment":[{"href":"https:\/\/agora.xtec.cat\/escolalesmelies\/wp-json\/wp\/v2\/media?parent=3626"}],"curies":[{"name":"wp","href":"https:\/\/api.w.org\/{rel}","templated":true}]}}