{"id":5203,"date":"2025-09-14T12:08:26","date_gmt":"2025-09-14T10:08:26","guid":{"rendered":"https:\/\/agora.xtec.cat\/escolalesllisses\/?page_id=5203"},"modified":"2025-09-14T12:23:55","modified_gmt":"2025-09-14T10:23:55","slug":"val-escolar","status":"publish","type":"page","link":"https:\/\/agora.xtec.cat\/escolalesllisses\/atencio-families\/val-escolar\/","title":{"rendered":"Val escolar"},"content":{"rendered":"<p><img loading=\"lazy\" decoding=\"async\" class=\"aligncenter wp-image-5204 size-large\" src=\"https:\/\/agora.xtec.cat\/escolalesllisses\/wp-content\/uploads\/usu2000\/2025\/09\/hero-val-escolar-1024x177.webp\" alt=\"\" width=\"1024\" height=\"177\" srcset=\"https:\/\/agora.xtec.cat\/escolalesllisses\/wp-content\/uploads\/usu2000\/2025\/09\/hero-val-escolar-1024x177.webp 1024w, https:\/\/agora.xtec.cat\/escolalesllisses\/wp-content\/uploads\/usu2000\/2025\/09\/hero-val-escolar-300x52.webp 300w, https:\/\/agora.xtec.cat\/escolalesllisses\/wp-content\/uploads\/usu2000\/2025\/09\/hero-val-escolar-768x133.webp 768w, https:\/\/agora.xtec.cat\/escolalesllisses\/wp-content\/uploads\/usu2000\/2025\/09\/hero-val-escolar.webp 1400w\" sizes=\"auto, (max-width: 1024px) 100vw, 1024px\" \/><\/p>\n<p>Les fam\u00edlies de PRIM\u00c0RIA podeu cedir el val al centre educatiu per reduir l&#8217;aportaci\u00f3 en concepte de material escolar fins el<strong> 19 de setembre.<\/strong><\/p>\n<div class=\"gmail_default\">Com \u00e9s el procediment per CEDIR el\u00a0<span class=\"il\">val<\/span>\u00a0al centre?<\/div>\n<div><\/div>\n<ul>\n<li class=\"gmail_default\"><b>ENTRAR <\/b>a : <a href=\"https:\/\/www.valescolar.cat\/vals\/identificacio\" target=\"_blank\" rel=\"noopener\" data-saferedirecturl=\"https:\/\/www.google.com\/url?q=https:\/\/www.valescolar.cat\/vals\/identificacio&amp;source=gmail&amp;ust=1757929101092000&amp;usg=AOvVaw19gPDcSHSYCYh_VFDT_sEd\">https:\/\/www.valescolar.cat\/<wbr \/>vals\/identificacio<\/a><\/li>\n<\/ul>\n<div class=\"gmail_default\"><\/div>\n<ul>\n<li class=\"gmail_default\"><b>IDENTIFICAR-SE:<\/b><\/li>\n<\/ul>\n<div class=\"gmail_default\"><strong>Identificaci\u00f3 de l&#8217;alumne<\/strong>: teniu un enlla\u00e7 a la mateixa p\u00e0gina per trobar l&#8217;identificador.<\/div>\n<div><\/div>\n<div class=\"gmail_default\">Tamb\u00e9 el podeu trobar a l&#8217;informe final de notes del juny, com s&#8217;inidica aqu\u00ed: <a href=\"https:\/\/agora.xtec.cat\/escolalesllisses\/wp-content\/uploads\/usu2000\/2025\/09\/on-trobar-identificacio-de-laumne-1-2_removed.pdf\" target=\"_blank\" rel=\"noopener\">ON TROBAR L&#8217;IDENTIFICADOR DE L&#8217;ALUMNE A L&#8217;INFORME<\/a><\/div>\n<div class=\"gmail_default\"><\/div>\n<div><\/div>\n<div class=\"gmail_default\"><b>Pin activaci\u00f3:<\/b>\u00a0aquest codi el teniu a la carta que heu rebut per correu postal.<\/div>\n<div><\/div>\n<div class=\"gmail_default\">Durant l&#8217;activaci\u00f3 del tr\u00e0mit online, hi ha enlla\u00e7os per poder\u00a0 saber al moment la identificaci\u00f3 de l&#8217;alumne<\/div>\n<div class=\"gmail_default\">i el codi pin.<\/div>\n<div><\/div>\n<div><\/div>\n<div class=\"gmail_default\">Un cop a dins, trobareu els <strong>dos<\/strong> vals escolars de 30\u20ac, a la part de sota de cada\u00a0<span class=\"il\">val<\/span>\u00a0teniu l&#8217;opci\u00f3 de :<\/div>\n<div class=\"gmail_default\"><b>CEDIR EL\u00a0<span class=\"il\">VAL<\/span> a l&#8217;ESCOLA LES LLISSES.\u00a0<\/b><\/div>\n<div><\/div>\n<div><\/div>\n<div class=\"gmail_default\">Aquesta opci\u00f3, un cop seleccionada, \u00e9s irreversible.<\/div>\n<div><\/div>\n<div class=\"gmail_default\"><\/div>\n<div class=\"gmail_default\"><\/div>\n<div class=\"gmail_default\">Si cliqueu aquesta opci\u00f3 \u00e9s descomptar\u00e0<span style=\"color: #0000ff; font-size: large;\"><b><u>\u00a0l&#8217;import del\u00a0<span class=\"il\">val<\/span>\u00a0de la tercera quota de pagament\u00a0 (mes de novembre).<\/u><\/b><\/span><\/div>\n<div id=\"3E53FA2C_2733_E72F_D92E_BA2716F0EB47\"><\/div>\n<div id=\"3E53FA2C_2733_E72F_D92E_BA2716F0EB47\"><\/div>\n<div>Si teniu algun dubte, us ajudem des de secretaria de l&#8217;escola, veniu o truqueu per tel\u00e8fon.<\/div>\n<div id=\"3E53FA2C_2733_E72F_D92E_BA2716F0EB47\"><\/div>\n<div id=\"3E53FA2C_2733_E72F_D92E_BA2716F0EB47\"><\/div>\n<div id=\"3E53FA2C_2733_E72F_D92E_BA2716F0EB47\"><\/div>\n","protected":false},"excerpt":{"rendered":"<p>Les fam\u00edlies de PRIM\u00c0RIA podeu cedir el val al centre educatiu per reduir l&#8217;aportaci\u00f3 en concepte de material escolar fins el 19 de setembre. Com \u00e9s el procediment per CEDIR el\u00a0val\u00a0al centre? ENTRAR a : https:\/\/www.valescolar.cat\/vals\/identificacio IDENTIFICAR-SE: Identificaci\u00f3 de l&#8217;alumne: teniu un enlla\u00e7 a la mateixa p\u00e0gina per trobar l&#8217;identificador. Tamb\u00e9 el podeu trobar a [&hellip;]<\/p>\n","protected":false},"author":1,"featured_media":0,"parent":1780,"menu_order":5,"comment_status":"closed","ping_status":"closed","template":"","meta":{"_bbp_topic_count":0,"_bbp_reply_count":0,"_bbp_total_topic_count":0,"_bbp_total_reply_count":0,"_bbp_voice_count":0,"_bbp_anonymous_reply_count":0,"_bbp_topic_count_hidden":0,"_bbp_reply_count_hidden":0,"_bbp_forum_subforum_count":0,"site-sidebar-layout":"default","site-content-layout":"","ast-site-content-layout":"","site-content-style":"default","site-sidebar-style":"default","ast-global-header-display":"","ast-banner-title-visibility":"","ast-main-header-display":"","ast-hfb-above-header-display":"","ast-hfb-below-header-display":"","ast-hfb-mobile-header-display":"","site-post-title":"","ast-breadcrumbs-content":"","ast-featured-img":"","footer-sml-layout":"","theme-transparent-header-meta":"","adv-header-id-meta":"","stick-header-meta":"","header-above-stick-meta":"","header-main-stick-meta":"","header-below-stick-meta":"","astra-migrate-meta-layouts":"default","ast-page-background-enabled":"default","ast-page-background-meta":{"desktop":{"background-color":"var(--ast-global-color-4)","background-image":"","background-repeat":"repeat","background-position":"center center","background-size":"auto","background-attachment":"scroll","background-type":"","background-media":"","overlay-type":"","overlay-color":"","overlay-opacity":"","overlay-gradient":""},"tablet":{"background-color":"","background-image":"","background-repeat":"repeat","background-position":"center center","background-size":"auto","background-attachment":"scroll","background-type":"","background-media":"","overlay-type":"","overlay-color":"","overlay-opacity":"","overlay-gradient":""},"mobile":{"background-color":"","background-image":"","background-repeat":"repeat","background-position":"center center","background-size":"auto","background-attachment":"scroll","background-type":"","background-media":"","overlay-type":"","overlay-color":"","overlay-opacity":"","overlay-gradient":""}},"ast-content-background-meta":{"desktop":{"background-color":"var(--ast-global-color-5)","background-image":"","background-repeat":"repeat","background-position":"center center","background-size":"auto","background-attachment":"scroll","background-type":"","background-media":"","overlay-type":"","overlay-color":"","overlay-opacity":"","overlay-gradient":""},"tablet":{"background-color":"var(--ast-global-color-5)","background-image":"","background-repeat":"repeat","background-position":"center center","background-size":"auto","background-attachment":"scroll","background-type":"","background-media":"","overlay-type":"","overlay-color":"","overlay-opacity":"","overlay-gradient":""},"mobile":{"background-color":"var(--ast-global-color-5)","background-image":"","background-repeat":"repeat","background-position":"center center","background-size":"auto","background-attachment":"scroll","background-type":"","background-media":"","overlay-type":"","overlay-color":"","overlay-opacity":"","overlay-gradient":""}},"footnotes":""},"class_list":["post-5203","page","type-page","status-publish","hentry"],"post_mailing_queue_ids":[],"_links":{"self":[{"href":"https:\/\/agora.xtec.cat\/escolalesllisses\/wp-json\/wp\/v2\/pages\/5203","targetHints":{"allow":["GET"]}}],"collection":[{"href":"https:\/\/agora.xtec.cat\/escolalesllisses\/wp-json\/wp\/v2\/pages"}],"about":[{"href":"https:\/\/agora.xtec.cat\/escolalesllisses\/wp-json\/wp\/v2\/types\/page"}],"author":[{"embeddable":true,"href":"https:\/\/agora.xtec.cat\/escolalesllisses\/wp-json\/wp\/v2\/users\/1"}],"replies":[{"embeddable":true,"href":"https:\/\/agora.xtec.cat\/escolalesllisses\/wp-json\/wp\/v2\/comments?post=5203"}],"version-history":[{"count":6,"href":"https:\/\/agora.xtec.cat\/escolalesllisses\/wp-json\/wp\/v2\/pages\/5203\/revisions"}],"predecessor-version":[{"id":5215,"href":"https:\/\/agora.xtec.cat\/escolalesllisses\/wp-json\/wp\/v2\/pages\/5203\/revisions\/5215"}],"up":[{"embeddable":true,"href":"https:\/\/agora.xtec.cat\/escolalesllisses\/wp-json\/wp\/v2\/pages\/1780"}],"wp:attachment":[{"href":"https:\/\/agora.xtec.cat\/escolalesllisses\/wp-json\/wp\/v2\/media?parent=5203"}],"curies":[{"name":"wp","href":"https:\/\/api.w.org\/{rel}","templated":true}]}}

<p><img loading="lazy" decoding="async" class="aligncenter wp-image-5204 size-large" src="https://agora.xtec.cat/escolalesllisses/wp-content/uploads/usu2000/2025/09/hero-val-escolar-1024x177.webp" alt="" width="1024" height="177" srcset="https://agora.xtec.cat/escolalesllisses/wp-content/uploads/usu2000/2025/09/hero-val-escolar-1024x177.webp 1024w, https://agora.xtec.cat/escolalesllisses/wp-content/uploads/usu2000/2025/09/hero-val-escolar-300x52.webp 300w, https://agora.xtec.cat/escolalesllisses/wp-content/uploads/usu2000/2025/09/hero-val-escolar-768x133.webp 768w, https://agora.xtec.cat/escolalesllisses/wp-content/uploads/usu2000/2025/09/hero-val-escolar.webp 1400w" sizes="auto, (max-width: 1024px) 100vw, 1024px" /></p>
<p>Les famílies de PRIMÀRIA podeu cedir el val al centre educatiu per reduir l&#8217;aportació en concepte de material escolar fins el<strong> 19 de setembre.</strong></p>
<div class="gmail_default">Com és el procediment per CEDIR el <span class="il">val</span> al centre?</div>
<div></div>
<ul>
<li class="gmail_default"><b>ENTRAR </b>a : <a href="https://www.valescolar.cat/vals/identificacio" target="_blank" rel="noopener" data-saferedirecturl="https://www.google.com/url?q=https://www.valescolar.cat/vals/identificacio&amp;source=gmail&amp;ust=1757929101092000&amp;usg=AOvVaw19gPDcSHSYCYh_VFDT_sEd">https://www.valescolar.cat/<wbr />vals/identificacio</a></li>
</ul>
<div class="gmail_default"></div>
<ul>
<li class="gmail_default"><b>IDENTIFICAR-SE:</b></li>
</ul>
<div class="gmail_default"><strong>Identificació de l&#8217;alumne</strong>: teniu un enllaç a la mateixa pàgina per trobar l&#8217;identificador.</div>
<div></div>
<div class="gmail_default">També el podeu trobar a l&#8217;informe final de notes del juny, com s&#8217;inidica aquí: <a href="https://agora.xtec.cat/escolalesllisses/wp-content/uploads/usu2000/2025/09/on-trobar-identificacio-de-laumne-1-2_removed.pdf" target="_blank" rel="noopener">ON TROBAR L&#8217;IDENTIFICADOR DE L&#8217;ALUMNE A L&#8217;INFORME</a></div>
<div class="gmail_default"></div>
<div></div>
<div class="gmail_default"><b>Pin activació:</b> aquest codi el teniu a la carta que heu rebut per correu postal.</div>
<div></div>
<div class="gmail_default">Durant l&#8217;activació del tràmit online, hi ha enllaços per poder  saber al moment la identificació de l&#8217;alumne</div>
<div class="gmail_default">i el codi pin.</div>
<div></div>
<div></div>
<div class="gmail_default">Un cop a dins, trobareu els <strong>dos</strong> vals escolars de 30€, a la part de sota de cada <span class="il">val</span> teniu l&#8217;opció de :</div>
<div class="gmail_default"><b>CEDIR EL <span class="il">VAL</span> a l&#8217;ESCOLA LES LLISSES. </b></div>
<div></div>
<div></div>
<div class="gmail_default">Aquesta opció, un cop seleccionada, és irreversible.</div>
<div></div>
<div class="gmail_default"></div>
<div class="gmail_default"></div>
<div class="gmail_default">Si cliqueu aquesta opció és descomptarà<span style="color: #0000ff; font-size: large;"><b><u> l&#8217;import del <span class="il">val</span> de la tercera quota de pagament  (mes de novembre).</u></b></span></div>
<div id="3E53FA2C_2733_E72F_D92E_BA2716F0EB47"></div>
<div id="3E53FA2C_2733_E72F_D92E_BA2716F0EB47"></div>
<div>Si teniu algun dubte, us ajudem des de secretaria de l&#8217;escola, veniu o truqueu per telèfon.</div>
<div id="3E53FA2C_2733_E72F_D92E_BA2716F0EB47"></div>
<div id="3E53FA2C_2733_E72F_D92E_BA2716F0EB47"></div>
<div id="3E53FA2C_2733_E72F_D92E_BA2716F0EB47"></div>

<p>Les famílies de PRIMÀRIA podeu cedir el val al centre educatiu per reduir l&#8217;aportació en concepte de material escolar fins el 19 de setembre. Com és el procediment per CEDIR el val al centre? ENTRAR a : https://www.valescolar.cat/vals/identificacio IDENTIFICAR-SE: Identificació de l&#8217;alumne: teniu un enllaç a la mateixa pàgina per trobar l&#8217;identificador. També el podeu trobar a [&hellip;]</p>
