{"id":3467,"date":"2022-03-09T22:50:50","date_gmt":"2022-03-09T21:50:50","guid":{"rendered":"https:\/\/agora.xtec.cat\/escolalesllisses\/?page_id=3467"},"modified":"2022-03-09T22:53:06","modified_gmt":"2022-03-09T21:53:06","slug":"projecte-emocions","status":"publish","type":"page","link":"https:\/\/agora.xtec.cat\/escolalesllisses\/lescola\/projectes-pedagogics\/projecte-emocions\/","title":{"rendered":"Projecte Emocions"},"content":{"rendered":"<p class=\"Standard\"><span lang=\"CA\">A la nostra escola dediquem una sessi\u00f3 setmanal al treball dels continguts emocionals curricular. Aquest projecte s\u2019inicia a Educaci\u00f3 Infantil i es continua al llarg de tota la prim\u00e0ria.<\/span><\/p>\n<p class=\"Standard\"><span lang=\"CA\">A trav\u00e9s de l\u2019explicaci\u00f3 de contes, la realitzaci\u00f3 de calendaris emocionals, lectures, curtmetratges, etc. els alumnes van reconeixent i expressant les seves emocions, compartint els seus punts de vista i reflexions, tot aprenent a fer-ne una gesti\u00f3 positiva. Incidim en diferents aspectes (l\u2019autoestima, la resoluci\u00f3 positiva dels conflictes, l\u2019empatia, les conductes pro-socials\u2026) en funci\u00f3 del seu moment evolutiu i aprofundim en aquells aspectes que cada grup particular necessita m\u00e9s treballar, tot desenvolupant din\u00e0miques concretes que acompanyin aquest proc\u00e9s.<\/span><\/p>\n<p class=\"Standard\"><span lang=\"CA\">Paral\u00b7lelament a aquest treball m\u00e9s formal, els mestres aprofitem les viv\u00e8ncies personals del dia a dia a l\u2019escola per abordar l\u2019aflorament d\u2019emocions, tot prioritzant la gesti\u00f3 d\u2019aquestes quan \u00e9s necessari.<\/span><\/p>\n<p><img loading=\"lazy\" decoding=\"async\" class=\"alignnone size-full wp-image-3473 aligncenter\" src=\"https:\/\/agora.xtec.cat\/escolalesllisses\/wp-content\/uploads\/usu2000\/2022\/03\/ed2.png\" alt=\"\" width=\"292\" height=\"213\" \/><\/p>\n","protected":false},"excerpt":{"rendered":"<p>A la nostra escola dediquem una sessi\u00f3 setmanal al treball dels continguts emocionals curricular. Aquest projecte s\u2019inicia a Educaci\u00f3 Infantil i es continua al llarg de tota la prim\u00e0ria. A trav\u00e9s de l\u2019explicaci\u00f3 de contes, la realitzaci\u00f3 de calendaris emocionals, lectures, curtmetratges, etc. els alumnes van reconeixent i expressant les seves emocions, compartint els seus [&hellip;]<\/p>\n","protected":false},"author":1,"featured_media":0,"parent":28,"menu_order":5,"comment_status":"closed","ping_status":"closed","template":"page-templates\/side-menu.php","meta":{"_bbp_topic_count":0,"_bbp_reply_count":0,"_bbp_total_topic_count":0,"_bbp_total_reply_count":0,"_bbp_voice_count":0,"_bbp_anonymous_reply_count":0,"_bbp_topic_count_hidden":0,"_bbp_reply_count_hidden":0,"_bbp_forum_subforum_count":0,"site-sidebar-layout":"default","site-content-layout":"","ast-site-content-layout":"","site-content-style":"default","site-sidebar-style":"default","ast-global-header-display":"","ast-banner-title-visibility":"","ast-main-header-display":"","ast-hfb-above-header-display":"","ast-hfb-below-header-display":"","ast-hfb-mobile-header-display":"","site-post-title":"","ast-breadcrumbs-content":"","ast-featured-img":"","footer-sml-layout":"","theme-transparent-header-meta":"","adv-header-id-meta":"","stick-header-meta":"","header-above-stick-meta":"","header-main-stick-meta":"","header-below-stick-meta":"","astra-migrate-meta-layouts":"default","ast-page-background-enabled":"default","ast-page-background-meta":{"desktop":{"background-color":"var(--ast-global-color-4)","background-image":"","background-repeat":"repeat","background-position":"center center","background-size":"auto","background-attachment":"scroll","background-type":"","background-media":"","overlay-type":"","overlay-color":"","overlay-opacity":"","overlay-gradient":""},"tablet":{"background-color":"","background-image":"","background-repeat":"repeat","background-position":"center center","background-size":"auto","background-attachment":"scroll","background-type":"","background-media":"","overlay-type":"","overlay-color":"","overlay-opacity":"","overlay-gradient":""},"mobile":{"background-color":"","background-image":"","background-repeat":"repeat","background-position":"center center","background-size":"auto","background-attachment":"scroll","background-type":"","background-media":"","overlay-type":"","overlay-color":"","overlay-opacity":"","overlay-gradient":""}},"ast-content-background-meta":{"desktop":{"background-color":"var(--ast-global-color-5)","background-image":"","background-repeat":"repeat","background-position":"center center","background-size":"auto","background-attachment":"scroll","background-type":"","background-media":"","overlay-type":"","overlay-color":"","overlay-opacity":"","overlay-gradient":""},"tablet":{"background-color":"var(--ast-global-color-5)","background-image":"","background-repeat":"repeat","background-position":"center center","background-size":"auto","background-attachment":"scroll","background-type":"","background-media":"","overlay-type":"","overlay-color":"","overlay-opacity":"","overlay-gradient":""},"mobile":{"background-color":"var(--ast-global-color-5)","background-image":"","background-repeat":"repeat","background-position":"center center","background-size":"auto","background-attachment":"scroll","background-type":"","background-media":"","overlay-type":"","overlay-color":"","overlay-opacity":"","overlay-gradient":""}},"footnotes":""},"class_list":["post-3467","page","type-page","status-publish","hentry"],"post_mailing_queue_ids":[],"_links":{"self":[{"href":"https:\/\/agora.xtec.cat\/escolalesllisses\/wp-json\/wp\/v2\/pages\/3467","targetHints":{"allow":["GET"]}}],"collection":[{"href":"https:\/\/agora.xtec.cat\/escolalesllisses\/wp-json\/wp\/v2\/pages"}],"about":[{"href":"https:\/\/agora.xtec.cat\/escolalesllisses\/wp-json\/wp\/v2\/types\/page"}],"author":[{"embeddable":true,"href":"https:\/\/agora.xtec.cat\/escolalesllisses\/wp-json\/wp\/v2\/users\/1"}],"replies":[{"embeddable":true,"href":"https:\/\/agora.xtec.cat\/escolalesllisses\/wp-json\/wp\/v2\/comments?post=3467"}],"version-history":[{"count":1,"href":"https:\/\/agora.xtec.cat\/escolalesllisses\/wp-json\/wp\/v2\/pages\/3467\/revisions"}],"predecessor-version":[{"id":3474,"href":"https:\/\/agora.xtec.cat\/escolalesllisses\/wp-json\/wp\/v2\/pages\/3467\/revisions\/3474"}],"up":[{"embeddable":true,"href":"https:\/\/agora.xtec.cat\/escolalesllisses\/wp-json\/wp\/v2\/pages\/28"}],"wp:attachment":[{"href":"https:\/\/agora.xtec.cat\/escolalesllisses\/wp-json\/wp\/v2\/media?parent=3467"}],"curies":[{"name":"wp","href":"https:\/\/api.w.org\/{rel}","templated":true}]}}

<p class="Standard"><span lang="CA">A la nostra escola dediquem una sessió setmanal al treball dels continguts emocionals curricular. Aquest projecte s’inicia a Educació Infantil i es continua al llarg de tota la primària.</span></p>
<p class="Standard"><span lang="CA">A través de l’explicació de contes, la realització de calendaris emocionals, lectures, curtmetratges, etc. els alumnes van reconeixent i expressant les seves emocions, compartint els seus punts de vista i reflexions, tot aprenent a fer-ne una gestió positiva. Incidim en diferents aspectes (l’autoestima, la resolució positiva dels conflictes, l’empatia, les conductes pro-socials…) en funció del seu moment evolutiu i aprofundim en aquells aspectes que cada grup particular necessita més treballar, tot desenvolupant dinàmiques concretes que acompanyin aquest procés.</span></p>
<p class="Standard"><span lang="CA">Paral·lelament a aquest treball més formal, els mestres aprofitem les vivències personals del dia a dia a l’escola per abordar l’aflorament d’emocions, tot prioritzant la gestió d’aquestes quan és necessari.</span></p>
<p><img loading="lazy" decoding="async" class="alignnone size-full wp-image-3473 aligncenter" src="https://agora.xtec.cat/escolalesllisses/wp-content/uploads/usu2000/2022/03/ed2.png" alt="" width="292" height="213" /></p>

<p>A la nostra escola dediquem una sessió setmanal al treball dels continguts emocionals curricular. Aquest projecte s’inicia a Educació Infantil i es continua al llarg de tota la primària. A través de l’explicació de contes, la realització de calendaris emocionals, lectures, curtmetratges, etc. els alumnes van reconeixent i expressant les seves emocions, compartint els seus [&hellip;]</p>
