{"id":3466,"date":"2022-03-09T22:50:33","date_gmt":"2022-03-09T21:50:33","guid":{"rendered":"https:\/\/agora.xtec.cat\/escolalesllisses\/?page_id=3466"},"modified":"2023-02-09T15:38:38","modified_gmt":"2023-02-09T14:38:38","slug":"projecte-artistic","status":"publish","type":"page","link":"https:\/\/agora.xtec.cat\/escolalesllisses\/lescola\/projectes-pedagogics\/projecte-artistic\/","title":{"rendered":"Projecte Art\u00edstic"},"content":{"rendered":"<p>La formaci\u00f3 integral de les persones passa tamb\u00e9 per l\u2019Educaci\u00f3 art\u00edstica, que \u00e9s un dels pilars que sostenen el nostre projecte educatiu. Es treballa coordinadament des de les \u00e0rees de pl\u00e0stica, m\u00fasica i educaci\u00f3 f\u00edsica.<\/p>\n<p>Algunes de les activitats que realitzem s\u00f3n DANSES T\u00cdPIQUES per la festa de la Castanyada , el CONCERT DE NADAL, el\u00a0 projecte CREA, el projecte &#8220;FEM DANSA&#8221;, el projecte CANT\u00c0NIA i el BALL DE FI DE CURS.<\/p>\n<p>Cada nivell prepara una DANSA T\u00cdPICA que comparteix amb la resta de companys el dia de la festa de la Castanyada. Tot l&#8217;alumnat de l&#8217;escola participa\u00a0 en un concert de Nadal, de nivell. Aquest \u00e9s el 2n any que es tira endavant el Projecte CREA, un projecte subvencionat per la Mancomunitat de la Vall del Tenes on s&#8217;aconsegueix que tot l&#8217;alumnat tingui l&#8217;oportunitat d&#8217;accedir a la formaci\u00f3 d&#8217;instruments musicals. Quant al projecte &#8220;FEM DANSA&#8221;, tamb\u00e9 \u00e9s el segon any que es porta a terme. Es fa a Educaci\u00f3 Infantil 5 anys i consisteix en preparar una dansa que es ballar\u00e0 conjuntament amb altres escoles que participen del projecte. El Projecte CANT\u00c0NIA \u00e9s un projecte en el qual hi participen escoles de Catalunya, de resta d\u2019Espanya i d\u2019altres pa\u00efsos d\u2019Europa.<\/p>\n<p>Voleu con\u00e8ixer qu\u00e8 \u00e9s el\u00a0<strong>Projecte Cant\u00e0nia?<\/strong>\u00a0Cant\u00e0nia \u00e9s una activitat participativa en la que s\u2019inscriuen escoles (cicle mitj\u00e0 i superior) de Catalunya. Cada any s\u2019estrena una obra encarregada especialment per a aquesta activitat. Les escoles treballen una cantata de nova creaci\u00f3 al llarg de tot l\u2019any, amb 3 sessions de formaci\u00f3 obligat\u00f2ries per als mestres. Finalment la interpretaran a l\u2019escenari. \u00c9s un acte que, per les seves caracter\u00edstiques globals, es converteix en una viv\u00e8ncia musical important i inoblidable per a tots.<\/p>\n<p>Per a m\u00e9s informaci\u00f3 cliqueu damunt de la imatge:<\/p>\n<p><a href=\"https:\/\/agora.xtec.cat\/escolalesllisses\/wp-content\/uploads\/usu2000\/2021\/02\/DOSSIER_CANTnANIA_GENERAL2020.1.pdf\"><img loading=\"lazy\" decoding=\"async\" class=\"alignnone size-full wp-image-3471 aligncenter\" src=\"https:\/\/agora.xtec.cat\/escolalesllisses\/wp-content\/uploads\/usu2000\/2022\/03\/cantania-300x260-1.png\" alt=\"\" width=\"300\" height=\"260\" \/><\/a>I per acabar, es realitza el BALL DE FI DE CURS, on cada nivell prepara una coreografia i que compateix amb la resta de companys.<\/p>\n<p>No podem oblidar la part art\u00edstica m\u00e9s pl\u00e0stica, que molt sovint va relacionada amb la musical, per\u00f2 que cada nivell estudia artistes i t\u00e8cniques concretes. <a href=\"https:\/\/agora.xtec.cat\/escolalesllisses\/wp-content\/uploads\/usu2000\/2023\/02\/20230209_125504.jpg-1.jpg\"><img loading=\"lazy\" decoding=\"async\" class=\"size-full wp-image-3875 alignleft\" src=\"https:\/\/agora.xtec.cat\/escolalesllisses\/wp-content\/uploads\/usu2000\/2023\/02\/20230209_125504.jpg-1.jpg\" alt=\"\" width=\"640\" height=\"362\" srcset=\"https:\/\/agora.xtec.cat\/escolalesllisses\/wp-content\/uploads\/usu2000\/2023\/02\/20230209_125504.jpg-1.jpg 640w, https:\/\/agora.xtec.cat\/escolalesllisses\/wp-content\/uploads\/usu2000\/2023\/02\/20230209_125504.jpg-1-300x170.jpg 300w\" sizes=\"auto, (max-width: 640px) 100vw, 640px\" \/><\/a><a href=\"https:\/\/agora.xtec.cat\/escolalesllisses\/wp-content\/uploads\/usu2000\/2023\/02\/IMG_20190613_102417-scaled.jpg\"> <img loading=\"lazy\" decoding=\"async\" class=\"wp-image-3783 aligncenter\" src=\"https:\/\/agora.xtec.cat\/escolalesllisses\/wp-content\/uploads\/usu2000\/2023\/02\/IMG_20190613_102417-300x225.jpg\" alt=\"\" width=\"369\" height=\"277\" srcset=\"https:\/\/agora.xtec.cat\/escolalesllisses\/wp-content\/uploads\/usu2000\/2023\/02\/IMG_20190613_102417-300x225.jpg 300w, https:\/\/agora.xtec.cat\/escolalesllisses\/wp-content\/uploads\/usu2000\/2023\/02\/IMG_20190613_102417-1024x768.jpg 1024w, https:\/\/agora.xtec.cat\/escolalesllisses\/wp-content\/uploads\/usu2000\/2023\/02\/IMG_20190613_102417-768x576.jpg 768w, https:\/\/agora.xtec.cat\/escolalesllisses\/wp-content\/uploads\/usu2000\/2023\/02\/IMG_20190613_102417-1536x1152.jpg 1536w, https:\/\/agora.xtec.cat\/escolalesllisses\/wp-content\/uploads\/usu2000\/2023\/02\/IMG_20190613_102417-2048x1536.jpg 2048w, https:\/\/agora.xtec.cat\/escolalesllisses\/wp-content\/uploads\/usu2000\/2023\/02\/IMG_20190613_102417-200x150.jpg 200w\" sizes=\"auto, (max-width: 369px) 100vw, 369px\" \/><\/a><\/p>\n","protected":false},"excerpt":{"rendered":"<p>La formaci\u00f3 integral de les persones passa tamb\u00e9 per l\u2019Educaci\u00f3 art\u00edstica, que \u00e9s un dels pilars que sostenen el nostre projecte educatiu. Es treballa coordinadament des de les \u00e0rees de pl\u00e0stica, m\u00fasica i educaci\u00f3 f\u00edsica. Algunes de les activitats que realitzem s\u00f3n DANSES T\u00cdPIQUES per la festa de la Castanyada , el CONCERT DE NADAL, [&hellip;]<\/p>\n","protected":false},"author":1,"featured_media":0,"parent":28,"menu_order":12,"comment_status":"closed","ping_status":"closed","template":"page-templates\/side-menu.php","meta":{"_bbp_topic_count":0,"_bbp_reply_count":0,"_bbp_total_topic_count":0,"_bbp_total_reply_count":0,"_bbp_voice_count":0,"_bbp_anonymous_reply_count":0,"_bbp_topic_count_hidden":0,"_bbp_reply_count_hidden":0,"_bbp_forum_subforum_count":0,"site-sidebar-layout":"default","site-content-layout":"","ast-site-content-layout":"","site-content-style":"default","site-sidebar-style":"default","ast-global-header-display":"","ast-banner-title-visibility":"","ast-main-header-display":"","ast-hfb-above-header-display":"","ast-hfb-below-header-display":"","ast-hfb-mobile-header-display":"","site-post-title":"","ast-breadcrumbs-content":"","ast-featured-img":"","footer-sml-layout":"","theme-transparent-header-meta":"","adv-header-id-meta":"","stick-header-meta":"","header-above-stick-meta":"","header-main-stick-meta":"","header-below-stick-meta":"","astra-migrate-meta-layouts":"default","ast-page-background-enabled":"default","ast-page-background-meta":{"desktop":{"background-color":"var(--ast-global-color-4)","background-image":"","background-repeat":"repeat","background-position":"center center","background-size":"auto","background-attachment":"scroll","background-type":"","background-media":"","overlay-type":"","overlay-color":"","overlay-opacity":"","overlay-gradient":""},"tablet":{"background-color":"","background-image":"","background-repeat":"repeat","background-position":"center center","background-size":"auto","background-attachment":"scroll","background-type":"","background-media":"","overlay-type":"","overlay-color":"","overlay-opacity":"","overlay-gradient":""},"mobile":{"background-color":"","background-image":"","background-repeat":"repeat","background-position":"center center","background-size":"auto","background-attachment":"scroll","background-type":"","background-media":"","overlay-type":"","overlay-color":"","overlay-opacity":"","overlay-gradient":""}},"ast-content-background-meta":{"desktop":{"background-color":"var(--ast-global-color-5)","background-image":"","background-repeat":"repeat","background-position":"center center","background-size":"auto","background-attachment":"scroll","background-type":"","background-media":"","overlay-type":"","overlay-color":"","overlay-opacity":"","overlay-gradient":""},"tablet":{"background-color":"var(--ast-global-color-5)","background-image":"","background-repeat":"repeat","background-position":"center center","background-size":"auto","background-attachment":"scroll","background-type":"","background-media":"","overlay-type":"","overlay-color":"","overlay-opacity":"","overlay-gradient":""},"mobile":{"background-color":"var(--ast-global-color-5)","background-image":"","background-repeat":"repeat","background-position":"center center","background-size":"auto","background-attachment":"scroll","background-type":"","background-media":"","overlay-type":"","overlay-color":"","overlay-opacity":"","overlay-gradient":""}},"footnotes":""},"class_list":["post-3466","page","type-page","status-publish","hentry"],"post_mailing_queue_ids":[],"_links":{"self":[{"href":"https:\/\/agora.xtec.cat\/escolalesllisses\/wp-json\/wp\/v2\/pages\/3466","targetHints":{"allow":["GET"]}}],"collection":[{"href":"https:\/\/agora.xtec.cat\/escolalesllisses\/wp-json\/wp\/v2\/pages"}],"about":[{"href":"https:\/\/agora.xtec.cat\/escolalesllisses\/wp-json\/wp\/v2\/types\/page"}],"author":[{"embeddable":true,"href":"https:\/\/agora.xtec.cat\/escolalesllisses\/wp-json\/wp\/v2\/users\/1"}],"replies":[{"embeddable":true,"href":"https:\/\/agora.xtec.cat\/escolalesllisses\/wp-json\/wp\/v2\/comments?post=3466"}],"version-history":[{"count":5,"href":"https:\/\/agora.xtec.cat\/escolalesllisses\/wp-json\/wp\/v2\/pages\/3466\/revisions"}],"predecessor-version":[{"id":3877,"href":"https:\/\/agora.xtec.cat\/escolalesllisses\/wp-json\/wp\/v2\/pages\/3466\/revisions\/3877"}],"up":[{"embeddable":true,"href":"https:\/\/agora.xtec.cat\/escolalesllisses\/wp-json\/wp\/v2\/pages\/28"}],"wp:attachment":[{"href":"https:\/\/agora.xtec.cat\/escolalesllisses\/wp-json\/wp\/v2\/media?parent=3466"}],"curies":[{"name":"wp","href":"https:\/\/api.w.org\/{rel}","templated":true}]}}

Projecte Artístic

<p>La formació integral de les persones passa també per l’Educació artística, que és un dels pilars que sostenen el nostre projecte educatiu. Es treballa coordinadament des de les àrees de plàstica, música i educació física.</p>
<p>Algunes de les activitats que realitzem són DANSES TÍPIQUES per la festa de la Castanyada , el CONCERT DE NADAL, el  projecte CREA, el projecte &#8220;FEM DANSA&#8221;, el projecte CANTÀNIA i el BALL DE FI DE CURS.</p>
<p>Cada nivell prepara una DANSA TÍPICA que comparteix amb la resta de companys el dia de la festa de la Castanyada. Tot l&#8217;alumnat de l&#8217;escola participa  en un concert de Nadal, de nivell. Aquest és el 2n any que es tira endavant el Projecte CREA, un projecte subvencionat per la Mancomunitat de la Vall del Tenes on s&#8217;aconsegueix que tot l&#8217;alumnat tingui l&#8217;oportunitat d&#8217;accedir a la formació d&#8217;instruments musicals. Quant al projecte &#8220;FEM DANSA&#8221;, també és el segon any que es porta a terme. Es fa a Educació Infantil 5 anys i consisteix en preparar una dansa que es ballarà conjuntament amb altres escoles que participen del projecte. El Projecte CANTÀNIA és un projecte en el qual hi participen escoles de Catalunya, de resta d’Espanya i d’altres països d’Europa.</p>
<p>Voleu conèixer què és el <strong>Projecte Cantània?</strong> Cantània és una activitat participativa en la que s’inscriuen escoles (cicle mitjà i superior) de Catalunya. Cada any s’estrena una obra encarregada especialment per a aquesta activitat. Les escoles treballen una cantata de nova creació al llarg de tot l’any, amb 3 sessions de formació obligatòries per als mestres. Finalment la interpretaran a l’escenari. És un acte que, per les seves característiques globals, es converteix en una vivència musical important i inoblidable per a tots.</p>
<p>Per a més informació cliqueu damunt de la imatge:</p>
<p><a href="https://agora.xtec.cat/escolalesllisses/wp-content/uploads/usu2000/2021/02/DOSSIER_CANTnANIA_GENERAL2020.1.pdf"><img loading="lazy" decoding="async" class="alignnone size-full wp-image-3471 aligncenter" src="https://agora.xtec.cat/escolalesllisses/wp-content/uploads/usu2000/2022/03/cantania-300x260-1.png" alt="" width="300" height="260" /></a>I per acabar, es realitza el BALL DE FI DE CURS, on cada nivell prepara una coreografia i que compateix amb la resta de companys.</p>
<p>No podem oblidar la part artística més plàstica, que molt sovint va relacionada amb la musical, però que cada nivell estudia artistes i tècniques concretes. <a href="https://agora.xtec.cat/escolalesllisses/wp-content/uploads/usu2000/2023/02/20230209_125504.jpg-1.jpg"><img loading="lazy" decoding="async" class="size-full wp-image-3875 alignleft" src="https://agora.xtec.cat/escolalesllisses/wp-content/uploads/usu2000/2023/02/20230209_125504.jpg-1.jpg" alt="" width="640" height="362" srcset="https://agora.xtec.cat/escolalesllisses/wp-content/uploads/usu2000/2023/02/20230209_125504.jpg-1.jpg 640w, https://agora.xtec.cat/escolalesllisses/wp-content/uploads/usu2000/2023/02/20230209_125504.jpg-1-300x170.jpg 300w" sizes="auto, (max-width: 640px) 100vw, 640px" /></a><a href="https://agora.xtec.cat/escolalesllisses/wp-content/uploads/usu2000/2023/02/IMG_20190613_102417-scaled.jpg"> <img loading="lazy" decoding="async" class="wp-image-3783 aligncenter" src="https://agora.xtec.cat/escolalesllisses/wp-content/uploads/usu2000/2023/02/IMG_20190613_102417-300x225.jpg" alt="" width="369" height="277" srcset="https://agora.xtec.cat/escolalesllisses/wp-content/uploads/usu2000/2023/02/IMG_20190613_102417-300x225.jpg 300w, https://agora.xtec.cat/escolalesllisses/wp-content/uploads/usu2000/2023/02/IMG_20190613_102417-1024x768.jpg 1024w, https://agora.xtec.cat/escolalesllisses/wp-content/uploads/usu2000/2023/02/IMG_20190613_102417-768x576.jpg 768w, https://agora.xtec.cat/escolalesllisses/wp-content/uploads/usu2000/2023/02/IMG_20190613_102417-1536x1152.jpg 1536w, https://agora.xtec.cat/escolalesllisses/wp-content/uploads/usu2000/2023/02/IMG_20190613_102417-2048x1536.jpg 2048w, https://agora.xtec.cat/escolalesllisses/wp-content/uploads/usu2000/2023/02/IMG_20190613_102417-200x150.jpg 200w" sizes="auto, (max-width: 369px) 100vw, 369px" /></a></p>

<p>La formació integral de les persones passa també per l’Educació artística, que és un dels pilars que sostenen el nostre projecte educatiu. Es treballa coordinadament des de les àrees de plàstica, música i educació física. Algunes de les activitats que realitzem són DANSES TÍPIQUES per la festa de la Castanyada , el CONCERT DE NADAL, [&hellip;]</p>
