{"id":3430,"date":"2022-03-09T22:27:34","date_gmt":"2022-03-09T21:27:34","guid":{"rendered":"https:\/\/agora.xtec.cat\/escolalesllisses\/?page_id=3430"},"modified":"2022-03-09T23:01:05","modified_gmt":"2022-03-09T22:01:05","slug":"projecte-hort-i-experimentacio","status":"publish","type":"page","link":"https:\/\/agora.xtec.cat\/escolalesllisses\/lescola\/projectes-pedagogics\/projecte-hort-i-experimentacio\/","title":{"rendered":"Projecte Hort i Experimentaci\u00f3"},"content":{"rendered":"<p>Estimar i cuidar la natura ens ajuda a cr\u00e9ixer m\u00e9s oberta al m\u00f3n que ens envolta, aix\u00f2 ho posem en pr\u00e0ctica al nostre hort i al bosquet; i a la jardinera de plantes arom\u00e0tiques d\u2019Educaci\u00f3 Infantil. Aquestes lli\u00e7ons no s\u2019obliden mai. Les experi\u00e8ncies les vinculem sempre a la necessitat d\u2019entendre all\u00f2 que els llibres expliquen de forma llarga i extensa.<\/p>\n<p>Experimentar, per nosaltres, \u00e9s entendre el funcionament del m\u00f3n des d\u2019un format m\u00e9s petit, per\u00f2 efica\u00e7.<\/p>\n<p>El nostre projecte de l\u2019hort va n\u00e9ixer fa m\u00e9s de 20 anys\u2026 amb la iniciativa que els nostres alumnes estiguessin en contacte directe amb els aprenentatges. Amb la col\u00b7laboraci\u00f3 de tots els cursos de l\u2019escola, cada any plantem l\u2019hort i l\u2019hivernacle, duent a termes tasques de manteniment, d\u2019observaci\u00f3, recol\u00b7lecci\u00f3\u2026<\/p>\n<p>L\u2019hivernacle ens permet fer prediccions, hip\u00f2tesis, observacions i comparacions, i finalment extraure conclusions sobre el creixement d\u2019all\u00f2 que hem plantat.<\/p>\n<p>Disposem d\u2019un compostador per reciclar els residus org\u00e0nics.<\/p>\n<p><img loading=\"lazy\" decoding=\"async\" class=\"alignnone size-full wp-image-3433\" src=\"https:\/\/agora.xtec.cat\/escolalesllisses\/wp-content\/uploads\/usu2000\/2022\/03\/WhatsApp-Image-2021-01-29-at-07.20.11-1024x576-1.jpeg\" alt=\"\" width=\"1024\" height=\"576\" srcset=\"https:\/\/agora.xtec.cat\/escolalesllisses\/wp-content\/uploads\/usu2000\/2022\/03\/WhatsApp-Image-2021-01-29-at-07.20.11-1024x576-1.jpeg 1024w, https:\/\/agora.xtec.cat\/escolalesllisses\/wp-content\/uploads\/usu2000\/2022\/03\/WhatsApp-Image-2021-01-29-at-07.20.11-1024x576-1-300x169.jpeg 300w, https:\/\/agora.xtec.cat\/escolalesllisses\/wp-content\/uploads\/usu2000\/2022\/03\/WhatsApp-Image-2021-01-29-at-07.20.11-1024x576-1-768x432.jpeg 768w\" sizes=\"auto, (max-width: 1024px) 100vw, 1024px\" \/><\/p>\n<p><img loading=\"lazy\" decoding=\"async\" class=\"alignnone size-large wp-image-3434\" src=\"https:\/\/agora.xtec.cat\/escolalesllisses\/wp-content\/uploads\/usu2000\/2022\/03\/Preinscripcio-i-matricula-1-1024x512.png\" alt=\"\" width=\"1024\" height=\"512\" srcset=\"https:\/\/agora.xtec.cat\/escolalesllisses\/wp-content\/uploads\/usu2000\/2022\/03\/Preinscripcio-i-matricula-1-1024x512.png 1024w, https:\/\/agora.xtec.cat\/escolalesllisses\/wp-content\/uploads\/usu2000\/2022\/03\/Preinscripcio-i-matricula-1-300x150.png 300w, https:\/\/agora.xtec.cat\/escolalesllisses\/wp-content\/uploads\/usu2000\/2022\/03\/Preinscripcio-i-matricula-1-768x384.png 768w, https:\/\/agora.xtec.cat\/escolalesllisses\/wp-content\/uploads\/usu2000\/2022\/03\/Preinscripcio-i-matricula-1.png 1181w\" sizes=\"auto, (max-width: 1024px) 100vw, 1024px\" \/><\/p>\n","protected":false},"excerpt":{"rendered":"<p>Estimar i cuidar la natura ens ajuda a cr\u00e9ixer m\u00e9s oberta al m\u00f3n que ens envolta, aix\u00f2 ho posem en pr\u00e0ctica al nostre hort i al bosquet; i a la jardinera de plantes arom\u00e0tiques d\u2019Educaci\u00f3 Infantil. Aquestes lli\u00e7ons no s\u2019obliden mai. Les experi\u00e8ncies les vinculem sempre a la necessitat d\u2019entendre all\u00f2 que els llibres expliquen [&hellip;]<\/p>\n","protected":false},"author":1,"featured_media":0,"parent":28,"menu_order":10,"comment_status":"closed","ping_status":"closed","template":"page-templates\/side-menu.php","meta":{"_bbp_topic_count":0,"_bbp_reply_count":0,"_bbp_total_topic_count":0,"_bbp_total_reply_count":0,"_bbp_voice_count":0,"_bbp_anonymous_reply_count":0,"_bbp_topic_count_hidden":0,"_bbp_reply_count_hidden":0,"_bbp_forum_subforum_count":0,"site-sidebar-layout":"default","site-content-layout":"","ast-site-content-layout":"","site-content-style":"default","site-sidebar-style":"default","ast-global-header-display":"","ast-banner-title-visibility":"","ast-main-header-display":"","ast-hfb-above-header-display":"","ast-hfb-below-header-display":"","ast-hfb-mobile-header-display":"","site-post-title":"","ast-breadcrumbs-content":"","ast-featured-img":"","footer-sml-layout":"","theme-transparent-header-meta":"","adv-header-id-meta":"","stick-header-meta":"","header-above-stick-meta":"","header-main-stick-meta":"","header-below-stick-meta":"","astra-migrate-meta-layouts":"default","ast-page-background-enabled":"default","ast-page-background-meta":{"desktop":{"background-color":"var(--ast-global-color-4)","background-image":"","background-repeat":"repeat","background-position":"center center","background-size":"auto","background-attachment":"scroll","background-type":"","background-media":"","overlay-type":"","overlay-color":"","overlay-opacity":"","overlay-gradient":""},"tablet":{"background-color":"","background-image":"","background-repeat":"repeat","background-position":"center center","background-size":"auto","background-attachment":"scroll","background-type":"","background-media":"","overlay-type":"","overlay-color":"","overlay-opacity":"","overlay-gradient":""},"mobile":{"background-color":"","background-image":"","background-repeat":"repeat","background-position":"center center","background-size":"auto","background-attachment":"scroll","background-type":"","background-media":"","overlay-type":"","overlay-color":"","overlay-opacity":"","overlay-gradient":""}},"ast-content-background-meta":{"desktop":{"background-color":"var(--ast-global-color-5)","background-image":"","background-repeat":"repeat","background-position":"center center","background-size":"auto","background-attachment":"scroll","background-type":"","background-media":"","overlay-type":"","overlay-color":"","overlay-opacity":"","overlay-gradient":""},"tablet":{"background-color":"var(--ast-global-color-5)","background-image":"","background-repeat":"repeat","background-position":"center center","background-size":"auto","background-attachment":"scroll","background-type":"","background-media":"","overlay-type":"","overlay-color":"","overlay-opacity":"","overlay-gradient":""},"mobile":{"background-color":"var(--ast-global-color-5)","background-image":"","background-repeat":"repeat","background-position":"center center","background-size":"auto","background-attachment":"scroll","background-type":"","background-media":"","overlay-type":"","overlay-color":"","overlay-opacity":"","overlay-gradient":""}},"footnotes":""},"class_list":["post-3430","page","type-page","status-publish","hentry"],"post_mailing_queue_ids":[],"_links":{"self":[{"href":"https:\/\/agora.xtec.cat\/escolalesllisses\/wp-json\/wp\/v2\/pages\/3430","targetHints":{"allow":["GET"]}}],"collection":[{"href":"https:\/\/agora.xtec.cat\/escolalesllisses\/wp-json\/wp\/v2\/pages"}],"about":[{"href":"https:\/\/agora.xtec.cat\/escolalesllisses\/wp-json\/wp\/v2\/types\/page"}],"author":[{"embeddable":true,"href":"https:\/\/agora.xtec.cat\/escolalesllisses\/wp-json\/wp\/v2\/users\/1"}],"replies":[{"embeddable":true,"href":"https:\/\/agora.xtec.cat\/escolalesllisses\/wp-json\/wp\/v2\/comments?post=3430"}],"version-history":[{"count":3,"href":"https:\/\/agora.xtec.cat\/escolalesllisses\/wp-json\/wp\/v2\/pages\/3430\/revisions"}],"predecessor-version":[{"id":3481,"href":"https:\/\/agora.xtec.cat\/escolalesllisses\/wp-json\/wp\/v2\/pages\/3430\/revisions\/3481"}],"up":[{"embeddable":true,"href":"https:\/\/agora.xtec.cat\/escolalesllisses\/wp-json\/wp\/v2\/pages\/28"}],"wp:attachment":[{"href":"https:\/\/agora.xtec.cat\/escolalesllisses\/wp-json\/wp\/v2\/media?parent=3430"}],"curies":[{"name":"wp","href":"https:\/\/api.w.org\/{rel}","templated":true}]}}