{"id":3429,"date":"2022-03-09T22:32:11","date_gmt":"2022-03-09T21:32:11","guid":{"rendered":"https:\/\/agora.xtec.cat\/escolalesllisses\/?page_id=3429"},"modified":"2022-03-09T23:00:27","modified_gmt":"2022-03-09T22:00:27","slug":"projecte-escola-verda","status":"publish","type":"page","link":"https:\/\/agora.xtec.cat\/escolalesllisses\/lescola\/projectes-pedagogics\/projecte-escola-verda\/","title":{"rendered":"Projectes d&#8217;Escola Verda"},"content":{"rendered":"<p><img loading=\"lazy\" decoding=\"async\" class=\"wp-image-3436 alignleft\" src=\"https:\/\/agora.xtec.cat\/escolalesllisses\/wp-content\/uploads\/usu2000\/2022\/03\/escola-verda-300x300-1.jpg\" alt=\"\" width=\"138\" height=\"138\" srcset=\"https:\/\/agora.xtec.cat\/escolalesllisses\/wp-content\/uploads\/usu2000\/2022\/03\/escola-verda-300x300-1.jpg 300w, https:\/\/agora.xtec.cat\/escolalesllisses\/wp-content\/uploads\/usu2000\/2022\/03\/escola-verda-300x300-1-150x150.jpg 150w\" sizes=\"auto, (max-width: 138px) 100vw, 138px\" \/>Com a escola verda que som, volem cuidar el medi ambient. El Projecte d\u2019Escola Verda \u00e9s un comprom\u00eds per innovar, incloure, avan\u00e7ar, sistematitzar i organitzar accions educatives que tinguin la finalitat d\u2019afrontar, desde l\u2019educaci\u00f3, els nous reptes i valors de la sostenibilitat. L\u2019objectiu d\u2019aquest projecte \u00e9s la conscienciaci\u00f3 de tota la comunitat educativa d\u2019actuacions dirigides a disminuir, reduir, reciclar i reutilitzar.<\/p>\n<p>Cada classe t\u00e9 uns delegats\/es verds\/es que es troben peri\u00f2dicament per tracatar temes ecol\u00f2gics de l\u2019escola.<\/p>\n<p>Participem en el projecte \u201c<strong>Oliklak<\/strong>\u201c, amb la Cooperativa APINDEP, que promou el foment de la recollida de l\u2019oli de cuina. Podeu trobar m\u00e9s informaci\u00f3\u00a0<a href=\"https:\/\/www.apindep.com\/servei-olinet\">AQU\u00cd<\/a>.<\/p>\n<p><img loading=\"lazy\" decoding=\"async\" class=\"alignnone wp-image-3437 aligncenter\" src=\"https:\/\/agora.xtec.cat\/escolalesllisses\/wp-content\/uploads\/usu2000\/2022\/03\/oliklak.png\" alt=\"\" width=\"275\" height=\"143\" srcset=\"https:\/\/agora.xtec.cat\/escolalesllisses\/wp-content\/uploads\/usu2000\/2022\/03\/oliklak.png 443w, https:\/\/agora.xtec.cat\/escolalesllisses\/wp-content\/uploads\/usu2000\/2022\/03\/oliklak-300x156.png 300w\" sizes=\"auto, (max-width: 275px) 100vw, 275px\" \/><\/p>\n<p><img loading=\"lazy\" decoding=\"async\" class=\"wp-image-3438 alignleft\" src=\"https:\/\/agora.xtec.cat\/escolalesllisses\/wp-content\/uploads\/usu2000\/2022\/03\/Apilo-159x300-1.jpg\" alt=\"\" width=\"76\" height=\"144\" \/>Participem al projecte\u00a0<strong>APILO XII<\/strong>, disposem d\u2019un gran contenidor al vest\u00edbul de secretaria, on els alumnes poden dipositar les piles i bateries gastades. Podeu trobar m\u00e9s informaci\u00f3\u00a0<a href=\"http:\/\/www.apilo.cat\/\">AQU\u00cd<\/a>.<\/p>\n<p>Fomentem l\u2019\u00fas d\u2019embolcalls que respectin el medi ambient en els esmorzars i en els \u00e0pats de les sortides escolars.<\/p>\n<p>Al llarg de l\u2019escolaritzaci\u00f3 realitzem diferents tallers de reciclatge.<\/p>\n<p><img loading=\"lazy\" decoding=\"async\" class=\"alignnone size-full wp-image-3439\" src=\"https:\/\/agora.xtec.cat\/escolalesllisses\/wp-content\/uploads\/usu2000\/2022\/03\/TALLER-AIGUA-1024x386-1.png\" alt=\"\" width=\"1024\" height=\"386\" srcset=\"https:\/\/agora.xtec.cat\/escolalesllisses\/wp-content\/uploads\/usu2000\/2022\/03\/TALLER-AIGUA-1024x386-1.png 1024w, https:\/\/agora.xtec.cat\/escolalesllisses\/wp-content\/uploads\/usu2000\/2022\/03\/TALLER-AIGUA-1024x386-1-300x113.png 300w, https:\/\/agora.xtec.cat\/escolalesllisses\/wp-content\/uploads\/usu2000\/2022\/03\/TALLER-AIGUA-1024x386-1-768x290.png 768w\" sizes=\"auto, (max-width: 1024px) 100vw, 1024px\" \/><\/p>\n<p>&nbsp;<\/p>\n<p><strong>PROJECTE APADRINAMENT RECICLATGE<\/strong><\/p>\n<p>Els alumnes de 4t ensenyen com funciona el reciclatge als alumnes d\u2019Educaci\u00f3 Infantil. Els expliquen quines accions cal fer per tenir un medi sostenible i els acompanyen a buidar les papereres de l\u2019aula als contenidors que corresponen.<\/p>\n<p><img loading=\"lazy\" decoding=\"async\" class=\"alignnone size-large wp-image-3440\" src=\"https:\/\/agora.xtec.cat\/escolalesllisses\/wp-content\/uploads\/usu2000\/2022\/03\/6-2-1024x413.png\" alt=\"\" width=\"1024\" height=\"413\" srcset=\"https:\/\/agora.xtec.cat\/escolalesllisses\/wp-content\/uploads\/usu2000\/2022\/03\/6-2-1024x413.png 1024w, https:\/\/agora.xtec.cat\/escolalesllisses\/wp-content\/uploads\/usu2000\/2022\/03\/6-2-300x121.png 300w, https:\/\/agora.xtec.cat\/escolalesllisses\/wp-content\/uploads\/usu2000\/2022\/03\/6-2-768x310.png 768w, https:\/\/agora.xtec.cat\/escolalesllisses\/wp-content\/uploads\/usu2000\/2022\/03\/6-2.png 1181w\" sizes=\"auto, (max-width: 1024px) 100vw, 1024px\" \/> <img loading=\"lazy\" decoding=\"async\" class=\"alignnone size-large wp-image-3441\" src=\"https:\/\/agora.xtec.cat\/escolalesllisses\/wp-content\/uploads\/usu2000\/2022\/03\/7-2-1024x349.png\" alt=\"\" width=\"1024\" height=\"349\" srcset=\"https:\/\/agora.xtec.cat\/escolalesllisses\/wp-content\/uploads\/usu2000\/2022\/03\/7-2-1024x349.png 1024w, https:\/\/agora.xtec.cat\/escolalesllisses\/wp-content\/uploads\/usu2000\/2022\/03\/7-2-300x102.png 300w, https:\/\/agora.xtec.cat\/escolalesllisses\/wp-content\/uploads\/usu2000\/2022\/03\/7-2-768x261.png 768w, https:\/\/agora.xtec.cat\/escolalesllisses\/wp-content\/uploads\/usu2000\/2022\/03\/7-2.png 1181w\" sizes=\"auto, (max-width: 1024px) 100vw, 1024px\" \/> <img loading=\"lazy\" decoding=\"async\" class=\"alignnone size-large wp-image-3444\" src=\"https:\/\/agora.xtec.cat\/escolalesllisses\/wp-content\/uploads\/usu2000\/2022\/03\/reciclatge-padrins-1024x384.png\" alt=\"\" width=\"1024\" height=\"384\" srcset=\"https:\/\/agora.xtec.cat\/escolalesllisses\/wp-content\/uploads\/usu2000\/2022\/03\/reciclatge-padrins-1024x384.png 1024w, https:\/\/agora.xtec.cat\/escolalesllisses\/wp-content\/uploads\/usu2000\/2022\/03\/reciclatge-padrins-300x113.png 300w, https:\/\/agora.xtec.cat\/escolalesllisses\/wp-content\/uploads\/usu2000\/2022\/03\/reciclatge-padrins-768x288.png 768w, https:\/\/agora.xtec.cat\/escolalesllisses\/wp-content\/uploads\/usu2000\/2022\/03\/reciclatge-padrins.png 1181w\" sizes=\"auto, (max-width: 1024px) 100vw, 1024px\" \/><\/p>\n<p>&nbsp;<\/p>\n<p><strong>PROJECTE ALIMENTACI\u00d3 SALUDABLE<\/strong><\/p>\n<p>Menjar sa i variat \u00e9s un h\u00e0bit que tamb\u00e9 aprenem a l\u2019escola: tots els dimecres del curs, els nostres alumnes mengen fruita per esmorzar. D\u2019aquesta manera, es fomenta l\u2019alimentaci\u00f3 saludable. Podem portar fruita de temporada o fruita seca; l\u2019important \u00e9s introduir aquest h\u00e0bit en l\u2019esmorzar!<\/p>\n<p>Cada setmana fem un recompte dels nens i nenes que han esmorzat fruita i el grup guanyador, com a reconeixement, es queda amb la nostra mascota, la poma, durant tota la setmana a la classe.<\/p>\n<p><img loading=\"lazy\" decoding=\"async\" class=\"alignnone size-large wp-image-3443\" src=\"https:\/\/agora.xtec.cat\/escolalesllisses\/wp-content\/uploads\/usu2000\/2022\/03\/fruita3-1024x330.png\" alt=\"\" width=\"1024\" height=\"330\" srcset=\"https:\/\/agora.xtec.cat\/escolalesllisses\/wp-content\/uploads\/usu2000\/2022\/03\/fruita3-1024x330.png 1024w, https:\/\/agora.xtec.cat\/escolalesllisses\/wp-content\/uploads\/usu2000\/2022\/03\/fruita3-300x97.png 300w, https:\/\/agora.xtec.cat\/escolalesllisses\/wp-content\/uploads\/usu2000\/2022\/03\/fruita3-768x248.png 768w, https:\/\/agora.xtec.cat\/escolalesllisses\/wp-content\/uploads\/usu2000\/2022\/03\/fruita3.png 1181w\" sizes=\"auto, (max-width: 1024px) 100vw, 1024px\" \/><\/p>\n<p>Al llarg de l\u2019escolaritzaci\u00f3 realitzem diferents tallers relacionats amb l\u2019alimentaci\u00f3 saluable.<\/p>\n<p><img loading=\"lazy\" decoding=\"async\" class=\"alignnone size-large wp-image-3442\" src=\"https:\/\/agora.xtec.cat\/escolalesllisses\/wp-content\/uploads\/usu2000\/2022\/03\/al-saludable-1024x512.png\" alt=\"\" width=\"1024\" height=\"512\" srcset=\"https:\/\/agora.xtec.cat\/escolalesllisses\/wp-content\/uploads\/usu2000\/2022\/03\/al-saludable-1024x512.png 1024w, https:\/\/agora.xtec.cat\/escolalesllisses\/wp-content\/uploads\/usu2000\/2022\/03\/al-saludable-300x150.png 300w, https:\/\/agora.xtec.cat\/escolalesllisses\/wp-content\/uploads\/usu2000\/2022\/03\/al-saludable-768x384.png 768w, https:\/\/agora.xtec.cat\/escolalesllisses\/wp-content\/uploads\/usu2000\/2022\/03\/al-saludable.png 1181w\" sizes=\"auto, (max-width: 1024px) 100vw, 1024px\" \/><\/p>\n<p>&nbsp;<\/p>\n","protected":false},"excerpt":{"rendered":"<p>Com a escola verda que som, volem cuidar el medi ambient. El Projecte d\u2019Escola Verda \u00e9s un comprom\u00eds per innovar, incloure, avan\u00e7ar, sistematitzar i organitzar accions educatives que tinguin la finalitat d\u2019afrontar, desde l\u2019educaci\u00f3, els nous reptes i valors de la sostenibilitat. L\u2019objectiu d\u2019aquest projecte \u00e9s la conscienciaci\u00f3 de tota la comunitat educativa d\u2019actuacions dirigides [&hellip;]<\/p>\n","protected":false},"author":1,"featured_media":0,"parent":28,"menu_order":9,"comment_status":"closed","ping_status":"closed","template":"page-templates\/side-menu.php","meta":{"_bbp_topic_count":0,"_bbp_reply_count":0,"_bbp_total_topic_count":0,"_bbp_total_reply_count":0,"_bbp_voice_count":0,"_bbp_anonymous_reply_count":0,"_bbp_topic_count_hidden":0,"_bbp_reply_count_hidden":0,"_bbp_forum_subforum_count":0,"site-sidebar-layout":"default","site-content-layout":"","ast-site-content-layout":"","site-content-style":"default","site-sidebar-style":"default","ast-global-header-display":"","ast-banner-title-visibility":"","ast-main-header-display":"","ast-hfb-above-header-display":"","ast-hfb-below-header-display":"","ast-hfb-mobile-header-display":"","site-post-title":"","ast-breadcrumbs-content":"","ast-featured-img":"","footer-sml-layout":"","theme-transparent-header-meta":"","adv-header-id-meta":"","stick-header-meta":"","header-above-stick-meta":"","header-main-stick-meta":"","header-below-stick-meta":"","astra-migrate-meta-layouts":"default","ast-page-background-enabled":"default","ast-page-background-meta":{"desktop":{"background-color":"var(--ast-global-color-4)","background-image":"","background-repeat":"repeat","background-position":"center center","background-size":"auto","background-attachment":"scroll","background-type":"","background-media":"","overlay-type":"","overlay-color":"","overlay-opacity":"","overlay-gradient":""},"tablet":{"background-color":"","background-image":"","background-repeat":"repeat","background-position":"center center","background-size":"auto","background-attachment":"scroll","background-type":"","background-media":"","overlay-type":"","overlay-color":"","overlay-opacity":"","overlay-gradient":""},"mobile":{"background-color":"","background-image":"","background-repeat":"repeat","background-position":"center center","background-size":"auto","background-attachment":"scroll","background-type":"","background-media":"","overlay-type":"","overlay-color":"","overlay-opacity":"","overlay-gradient":""}},"ast-content-background-meta":{"desktop":{"background-color":"var(--ast-global-color-5)","background-image":"","background-repeat":"repeat","background-position":"center center","background-size":"auto","background-attachment":"scroll","background-type":"","background-media":"","overlay-type":"","overlay-color":"","overlay-opacity":"","overlay-gradient":""},"tablet":{"background-color":"var(--ast-global-color-5)","background-image":"","background-repeat":"repeat","background-position":"center center","background-size":"auto","background-attachment":"scroll","background-type":"","background-media":"","overlay-type":"","overlay-color":"","overlay-opacity":"","overlay-gradient":""},"mobile":{"background-color":"var(--ast-global-color-5)","background-image":"","background-repeat":"repeat","background-position":"center center","background-size":"auto","background-attachment":"scroll","background-type":"","background-media":"","overlay-type":"","overlay-color":"","overlay-opacity":"","overlay-gradient":""}},"footnotes":""},"class_list":["post-3429","page","type-page","status-publish","hentry"],"post_mailing_queue_ids":[],"_links":{"self":[{"href":"https:\/\/agora.xtec.cat\/escolalesllisses\/wp-json\/wp\/v2\/pages\/3429","targetHints":{"allow":["GET"]}}],"collection":[{"href":"https:\/\/agora.xtec.cat\/escolalesllisses\/wp-json\/wp\/v2\/pages"}],"about":[{"href":"https:\/\/agora.xtec.cat\/escolalesllisses\/wp-json\/wp\/v2\/types\/page"}],"author":[{"embeddable":true,"href":"https:\/\/agora.xtec.cat\/escolalesllisses\/wp-json\/wp\/v2\/users\/1"}],"replies":[{"embeddable":true,"href":"https:\/\/agora.xtec.cat\/escolalesllisses\/wp-json\/wp\/v2\/comments?post=3429"}],"version-history":[{"count":3,"href":"https:\/\/agora.xtec.cat\/escolalesllisses\/wp-json\/wp\/v2\/pages\/3429\/revisions"}],"predecessor-version":[{"id":3480,"href":"https:\/\/agora.xtec.cat\/escolalesllisses\/wp-json\/wp\/v2\/pages\/3429\/revisions\/3480"}],"up":[{"embeddable":true,"href":"https:\/\/agora.xtec.cat\/escolalesllisses\/wp-json\/wp\/v2\/pages\/28"}],"wp:attachment":[{"href":"https:\/\/agora.xtec.cat\/escolalesllisses\/wp-json\/wp\/v2\/media?parent=3429"}],"curies":[{"name":"wp","href":"https:\/\/api.w.org\/{rel}","templated":true}]}}

<p><img loading="lazy" decoding="async" class="wp-image-3436 alignleft" src="https://agora.xtec.cat/escolalesllisses/wp-content/uploads/usu2000/2022/03/escola-verda-300x300-1.jpg" alt="" width="138" height="138" srcset="https://agora.xtec.cat/escolalesllisses/wp-content/uploads/usu2000/2022/03/escola-verda-300x300-1.jpg 300w, https://agora.xtec.cat/escolalesllisses/wp-content/uploads/usu2000/2022/03/escola-verda-300x300-1-150x150.jpg 150w" sizes="auto, (max-width: 138px) 100vw, 138px" />Com a escola verda que som, volem cuidar el medi ambient. El Projecte d’Escola Verda és un compromís per innovar, incloure, avançar, sistematitzar i organitzar accions educatives que tinguin la finalitat d’afrontar, desde l’educació, els nous reptes i valors de la sostenibilitat. L’objectiu d’aquest projecte és la conscienciació de tota la comunitat educativa d’actuacions dirigides a disminuir, reduir, reciclar i reutilitzar.</p>
<p>Cada classe té uns delegats/es verds/es que es troben periòdicament per tracatar temes ecològics de l’escola.</p>
<p>Participem en el projecte “<strong>Oliklak</strong>“, amb la Cooperativa APINDEP, que promou el foment de la recollida de l’oli de cuina. Podeu trobar més informació <a href="https://www.apindep.com/servei-olinet">AQUÍ</a>.</p>
<p><img loading="lazy" decoding="async" class="alignnone wp-image-3437 aligncenter" src="https://agora.xtec.cat/escolalesllisses/wp-content/uploads/usu2000/2022/03/oliklak.png" alt="" width="275" height="143" srcset="https://agora.xtec.cat/escolalesllisses/wp-content/uploads/usu2000/2022/03/oliklak.png 443w, https://agora.xtec.cat/escolalesllisses/wp-content/uploads/usu2000/2022/03/oliklak-300x156.png 300w" sizes="auto, (max-width: 275px) 100vw, 275px" /></p>
<p><img loading="lazy" decoding="async" class="wp-image-3438 alignleft" src="https://agora.xtec.cat/escolalesllisses/wp-content/uploads/usu2000/2022/03/Apilo-159x300-1.jpg" alt="" width="76" height="144" />Participem al projecte <strong>APILO XII</strong>, disposem d’un gran contenidor al vestíbul de secretaria, on els alumnes poden dipositar les piles i bateries gastades. Podeu trobar més informació <a href="http://www.apilo.cat/">AQUÍ</a>.</p>
<p>Fomentem l’ús d’embolcalls que respectin el medi ambient en els esmorzars i en els àpats de les sortides escolars.</p>
<p>Al llarg de l’escolarització realitzem diferents tallers de reciclatge.</p>
<p><img loading="lazy" decoding="async" class="alignnone size-full wp-image-3439" src="https://agora.xtec.cat/escolalesllisses/wp-content/uploads/usu2000/2022/03/TALLER-AIGUA-1024x386-1.png" alt="" width="1024" height="386" srcset="https://agora.xtec.cat/escolalesllisses/wp-content/uploads/usu2000/2022/03/TALLER-AIGUA-1024x386-1.png 1024w, https://agora.xtec.cat/escolalesllisses/wp-content/uploads/usu2000/2022/03/TALLER-AIGUA-1024x386-1-300x113.png 300w, https://agora.xtec.cat/escolalesllisses/wp-content/uploads/usu2000/2022/03/TALLER-AIGUA-1024x386-1-768x290.png 768w" sizes="auto, (max-width: 1024px) 100vw, 1024px" /></p>
<p>&nbsp;</p>
<p><strong>PROJECTE APADRINAMENT RECICLATGE</strong></p>
<p>Els alumnes de 4t ensenyen com funciona el reciclatge als alumnes d’Educació Infantil. Els expliquen quines accions cal fer per tenir un medi sostenible i els acompanyen a buidar les papereres de l’aula als contenidors que corresponen.</p>
<p><img loading="lazy" decoding="async" class="alignnone size-large wp-image-3440" src="https://agora.xtec.cat/escolalesllisses/wp-content/uploads/usu2000/2022/03/6-2-1024x413.png" alt="" width="1024" height="413" srcset="https://agora.xtec.cat/escolalesllisses/wp-content/uploads/usu2000/2022/03/6-2-1024x413.png 1024w, https://agora.xtec.cat/escolalesllisses/wp-content/uploads/usu2000/2022/03/6-2-300x121.png 300w, https://agora.xtec.cat/escolalesllisses/wp-content/uploads/usu2000/2022/03/6-2-768x310.png 768w, https://agora.xtec.cat/escolalesllisses/wp-content/uploads/usu2000/2022/03/6-2.png 1181w" sizes="auto, (max-width: 1024px) 100vw, 1024px" /> <img loading="lazy" decoding="async" class="alignnone size-large wp-image-3441" src="https://agora.xtec.cat/escolalesllisses/wp-content/uploads/usu2000/2022/03/7-2-1024x349.png" alt="" width="1024" height="349" srcset="https://agora.xtec.cat/escolalesllisses/wp-content/uploads/usu2000/2022/03/7-2-1024x349.png 1024w, https://agora.xtec.cat/escolalesllisses/wp-content/uploads/usu2000/2022/03/7-2-300x102.png 300w, https://agora.xtec.cat/escolalesllisses/wp-content/uploads/usu2000/2022/03/7-2-768x261.png 768w, https://agora.xtec.cat/escolalesllisses/wp-content/uploads/usu2000/2022/03/7-2.png 1181w" sizes="auto, (max-width: 1024px) 100vw, 1024px" /> <img loading="lazy" decoding="async" class="alignnone size-large wp-image-3444" src="https://agora.xtec.cat/escolalesllisses/wp-content/uploads/usu2000/2022/03/reciclatge-padrins-1024x384.png" alt="" width="1024" height="384" srcset="https://agora.xtec.cat/escolalesllisses/wp-content/uploads/usu2000/2022/03/reciclatge-padrins-1024x384.png 1024w, https://agora.xtec.cat/escolalesllisses/wp-content/uploads/usu2000/2022/03/reciclatge-padrins-300x113.png 300w, https://agora.xtec.cat/escolalesllisses/wp-content/uploads/usu2000/2022/03/reciclatge-padrins-768x288.png 768w, https://agora.xtec.cat/escolalesllisses/wp-content/uploads/usu2000/2022/03/reciclatge-padrins.png 1181w" sizes="auto, (max-width: 1024px) 100vw, 1024px" /></p>
<p>&nbsp;</p>
<p><strong>PROJECTE ALIMENTACIÓ SALUDABLE</strong></p>
<p>Menjar sa i variat és un hàbit que també aprenem a l’escola: tots els dimecres del curs, els nostres alumnes mengen fruita per esmorzar. D’aquesta manera, es fomenta l’alimentació saludable. Podem portar fruita de temporada o fruita seca; l’important és introduir aquest hàbit en l’esmorzar!</p>
<p>Cada setmana fem un recompte dels nens i nenes que han esmorzat fruita i el grup guanyador, com a reconeixement, es queda amb la nostra mascota, la poma, durant tota la setmana a la classe.</p>
<p><img loading="lazy" decoding="async" class="alignnone size-large wp-image-3443" src="https://agora.xtec.cat/escolalesllisses/wp-content/uploads/usu2000/2022/03/fruita3-1024x330.png" alt="" width="1024" height="330" srcset="https://agora.xtec.cat/escolalesllisses/wp-content/uploads/usu2000/2022/03/fruita3-1024x330.png 1024w, https://agora.xtec.cat/escolalesllisses/wp-content/uploads/usu2000/2022/03/fruita3-300x97.png 300w, https://agora.xtec.cat/escolalesllisses/wp-content/uploads/usu2000/2022/03/fruita3-768x248.png 768w, https://agora.xtec.cat/escolalesllisses/wp-content/uploads/usu2000/2022/03/fruita3.png 1181w" sizes="auto, (max-width: 1024px) 100vw, 1024px" /></p>
<p>Al llarg de l’escolarització realitzem diferents tallers relacionats amb l’alimentació saluable.</p>
<p><img loading="lazy" decoding="async" class="alignnone size-large wp-image-3442" src="https://agora.xtec.cat/escolalesllisses/wp-content/uploads/usu2000/2022/03/al-saludable-1024x512.png" alt="" width="1024" height="512" srcset="https://agora.xtec.cat/escolalesllisses/wp-content/uploads/usu2000/2022/03/al-saludable-1024x512.png 1024w, https://agora.xtec.cat/escolalesllisses/wp-content/uploads/usu2000/2022/03/al-saludable-300x150.png 300w, https://agora.xtec.cat/escolalesllisses/wp-content/uploads/usu2000/2022/03/al-saludable-768x384.png 768w, https://agora.xtec.cat/escolalesllisses/wp-content/uploads/usu2000/2022/03/al-saludable.png 1181w" sizes="auto, (max-width: 1024px) 100vw, 1024px" /></p>
<p>&nbsp;</p>

<p>Com a escola verda que som, volem cuidar el medi ambient. El Projecte d’Escola Verda és un compromís per innovar, incloure, avançar, sistematitzar i organitzar accions educatives que tinguin la finalitat d’afrontar, desde l’educació, els nous reptes i valors de la sostenibilitat. L’objectiu d’aquest projecte és la conscienciació de tota la comunitat educativa d’actuacions dirigides [&hellip;]</p>
