{"id":3418,"date":"2022-03-09T22:23:56","date_gmt":"2022-03-09T21:23:56","guid":{"rendered":"https:\/\/agora.xtec.cat\/escolalesllisses\/?page_id=3418"},"modified":"2022-03-09T22:59:21","modified_gmt":"2022-03-09T21:59:21","slug":"projecte-pla-dimpuls-a-la-lectura","status":"publish","type":"page","link":"https:\/\/agora.xtec.cat\/escolalesllisses\/lescola\/projectes-pedagogics\/projecte-pla-dimpuls-a-la-lectura\/","title":{"rendered":"Projectes Pla d&#8217;Impuls a la lectura"},"content":{"rendered":"<p>L\u2019objectiu que ens proposem \u00e9s el d\u2019afavorir l\u2019\u00e8xit escolar de tot l\u2019alumnat. Per tal d\u2019aconseguir-ho potenciarem, de manera sistem\u00e0tica en totes les \u00e0rees i mat\u00e8ries del curr\u00edculum, la compet\u00e8ncia comunicativa i ling\u00fc\u00edstica i el desenvolupament de l\u2019h\u00e0bit lector dels nostres alumnes, tenint en compte que la compet\u00e8ncia lectora \u00e9s la base de molts aprenentatges i un requisit per participar amb \u00e8xit en bona part dels \u00e0mbits de la vida adulta.<\/p>\n<p>La nostra organitzaci\u00f3 facilitar\u00e0 que di\u00e0riament s\u2019organitzin trenta minuts de lectura que contemplin: aprendre a llegir, la lectura com a via d\u2019acc\u00e9s a la informaci\u00f3 i el gust per llegir.<\/p>\n<p>&nbsp;<\/p>\n<p><span style=\"text-decoration: underline;\"><strong>Projecte Lexcit<\/strong><\/span><\/p>\n<p>Voluntaris del municipi fan de mentors de lectura a alumnes del centre, un mentor per alumne. A quest projecte es dedica una hora setmanal, els dijous de 16:30 a 17:30.<\/p>\n<p><iframe loading=\"lazy\" title=\"YouTube video player\" src=\"https:\/\/www.youtube.com\/embed\/jnI6Eu_34OU\" width=\"560\" height=\"315\" frameborder=\"0\" allowfullscreen=\"allowfullscreen\"><\/iframe><\/p>\n<p>&nbsp;<\/p>\n<p><span style=\"text-decoration: underline;\"><strong>Projecte Padrins de Lectura<\/strong><\/span><\/p>\n<p>Des de fa uns quants anys, els alumnes de Cicle Superior apadrinen un alumne de Cicle Inicial. Cada divendres comparteixen mitja hora on es fan activitats relacionades amb la lectura: llegeixen contes a mitges, els padrins els porten contes\u2026 L\u2019objectiu \u00e9s crear un vincle i tamb\u00e9 estimular la lectura. Celebren el dia de la mona, s\u2019escriuen notes, els m\u00e9s grans acompanyen als m\u00e9s menuts en festes de l\u2019escola\u2026 A l\u2019hora del pati es busquen\u2026 S\u2019estimula el coneixement entre els alumnes, la bona relaci\u00f3 i millor ambient.<\/p>\n<p><a href=\"https:\/\/agora.xtec.cat\/escolalesllisses\/wp-content\/uploads\/usu2000\/2022\/03\/padrins-lectura-1024x404-1.jpg\"><img loading=\"lazy\" decoding=\"async\" class=\"alignnone size-full wp-image-3423\" src=\"https:\/\/agora.xtec.cat\/escolalesllisses\/wp-content\/uploads\/usu2000\/2022\/03\/padrins-lectura-1024x404-1.jpg\" alt=\"\" width=\"1024\" height=\"404\" srcset=\"https:\/\/agora.xtec.cat\/escolalesllisses\/wp-content\/uploads\/usu2000\/2022\/03\/padrins-lectura-1024x404-1.jpg 1024w, https:\/\/agora.xtec.cat\/escolalesllisses\/wp-content\/uploads\/usu2000\/2022\/03\/padrins-lectura-1024x404-1-300x118.jpg 300w, https:\/\/agora.xtec.cat\/escolalesllisses\/wp-content\/uploads\/usu2000\/2022\/03\/padrins-lectura-1024x404-1-768x303.jpg 768w\" sizes=\"auto, (max-width: 1024px) 100vw, 1024px\" \/><\/a><\/p>\n<p style=\"text-align: center;\"><iframe loading=\"lazy\" title=\"YouTube video player\" src=\"https:\/\/www.youtube.com\/embed\/2bWrnN5NDdU\" width=\"560\" height=\"315\" frameborder=\"0\" allowfullscreen=\"allowfullscreen\"><\/iframe><\/p>\n<p>&nbsp;<\/p>\n<p><span style=\"text-decoration: underline;\"><strong>Projecte Redissenyem la biblioteca escolar<\/strong><\/span><\/p>\n<p>S\u2019ha creat una comissi\u00f3 de Biblioteca formada per mares volunt\u00e0ries, la mestra responsable i una col\u00b7laboradors. L\u2019objectiu \u00e9s aconseguir ambientar la Biblioteca amb el personatge creat pels alumnes donant un caire m\u00e9s acollidor, dinamitzar amb activitats engrescadores, anar enregistrant els llibres al sistema e-pergam\u2026 en definitiva potenciar el gust per la lectura.<\/p>\n","protected":false},"excerpt":{"rendered":"<p>L\u2019objectiu que ens proposem \u00e9s el d\u2019afavorir l\u2019\u00e8xit escolar de tot l\u2019alumnat. Per tal d\u2019aconseguir-ho potenciarem, de manera sistem\u00e0tica en totes les \u00e0rees i mat\u00e8ries del curr\u00edculum, la compet\u00e8ncia comunicativa i ling\u00fc\u00edstica i el desenvolupament de l\u2019h\u00e0bit lector dels nostres alumnes, tenint en compte que la compet\u00e8ncia lectora \u00e9s la base de molts aprenentatges i [&hellip;]<\/p>\n","protected":false},"author":1,"featured_media":0,"parent":28,"menu_order":7,"comment_status":"closed","ping_status":"closed","template":"page-templates\/side-menu.php","meta":{"_bbp_topic_count":0,"_bbp_reply_count":0,"_bbp_total_topic_count":0,"_bbp_total_reply_count":0,"_bbp_voice_count":0,"_bbp_anonymous_reply_count":0,"_bbp_topic_count_hidden":0,"_bbp_reply_count_hidden":0,"_bbp_forum_subforum_count":0,"site-sidebar-layout":"default","site-content-layout":"","ast-site-content-layout":"","site-content-style":"default","site-sidebar-style":"default","ast-global-header-display":"","ast-banner-title-visibility":"","ast-main-header-display":"","ast-hfb-above-header-display":"","ast-hfb-below-header-display":"","ast-hfb-mobile-header-display":"","site-post-title":"","ast-breadcrumbs-content":"","ast-featured-img":"","footer-sml-layout":"","theme-transparent-header-meta":"","adv-header-id-meta":"","stick-header-meta":"","header-above-stick-meta":"","header-main-stick-meta":"","header-below-stick-meta":"","astra-migrate-meta-layouts":"default","ast-page-background-enabled":"default","ast-page-background-meta":{"desktop":{"background-color":"var(--ast-global-color-4)","background-image":"","background-repeat":"repeat","background-position":"center center","background-size":"auto","background-attachment":"scroll","background-type":"","background-media":"","overlay-type":"","overlay-color":"","overlay-opacity":"","overlay-gradient":""},"tablet":{"background-color":"","background-image":"","background-repeat":"repeat","background-position":"center center","background-size":"auto","background-attachment":"scroll","background-type":"","background-media":"","overlay-type":"","overlay-color":"","overlay-opacity":"","overlay-gradient":""},"mobile":{"background-color":"","background-image":"","background-repeat":"repeat","background-position":"center center","background-size":"auto","background-attachment":"scroll","background-type":"","background-media":"","overlay-type":"","overlay-color":"","overlay-opacity":"","overlay-gradient":""}},"ast-content-background-meta":{"desktop":{"background-color":"var(--ast-global-color-5)","background-image":"","background-repeat":"repeat","background-position":"center center","background-size":"auto","background-attachment":"scroll","background-type":"","background-media":"","overlay-type":"","overlay-color":"","overlay-opacity":"","overlay-gradient":""},"tablet":{"background-color":"var(--ast-global-color-5)","background-image":"","background-repeat":"repeat","background-position":"center center","background-size":"auto","background-attachment":"scroll","background-type":"","background-media":"","overlay-type":"","overlay-color":"","overlay-opacity":"","overlay-gradient":""},"mobile":{"background-color":"var(--ast-global-color-5)","background-image":"","background-repeat":"repeat","background-position":"center center","background-size":"auto","background-attachment":"scroll","background-type":"","background-media":"","overlay-type":"","overlay-color":"","overlay-opacity":"","overlay-gradient":""}},"footnotes":""},"class_list":["post-3418","page","type-page","status-publish","hentry"],"post_mailing_queue_ids":[],"_links":{"self":[{"href":"https:\/\/agora.xtec.cat\/escolalesllisses\/wp-json\/wp\/v2\/pages\/3418","targetHints":{"allow":["GET"]}}],"collection":[{"href":"https:\/\/agora.xtec.cat\/escolalesllisses\/wp-json\/wp\/v2\/pages"}],"about":[{"href":"https:\/\/agora.xtec.cat\/escolalesllisses\/wp-json\/wp\/v2\/types\/page"}],"author":[{"embeddable":true,"href":"https:\/\/agora.xtec.cat\/escolalesllisses\/wp-json\/wp\/v2\/users\/1"}],"replies":[{"embeddable":true,"href":"https:\/\/agora.xtec.cat\/escolalesllisses\/wp-json\/wp\/v2\/comments?post=3418"}],"version-history":[{"count":3,"href":"https:\/\/agora.xtec.cat\/escolalesllisses\/wp-json\/wp\/v2\/pages\/3418\/revisions"}],"predecessor-version":[{"id":3479,"href":"https:\/\/agora.xtec.cat\/escolalesllisses\/wp-json\/wp\/v2\/pages\/3418\/revisions\/3479"}],"up":[{"embeddable":true,"href":"https:\/\/agora.xtec.cat\/escolalesllisses\/wp-json\/wp\/v2\/pages\/28"}],"wp:attachment":[{"href":"https:\/\/agora.xtec.cat\/escolalesllisses\/wp-json\/wp\/v2\/media?parent=3418"}],"curies":[{"name":"wp","href":"https:\/\/api.w.org\/{rel}","templated":true}]}}

<p>L’objectiu que ens proposem és el d’afavorir l’èxit escolar de tot l’alumnat. Per tal d’aconseguir-ho potenciarem, de manera sistemàtica en totes les àrees i matèries del currículum, la competència comunicativa i lingüística i el desenvolupament de l’hàbit lector dels nostres alumnes, tenint en compte que la competència lectora és la base de molts aprenentatges i un requisit per participar amb èxit en bona part dels àmbits de la vida adulta.</p>
<p>La nostra organització facilitarà que diàriament s’organitzin trenta minuts de lectura que contemplin: aprendre a llegir, la lectura com a via d’accés a la informació i el gust per llegir.</p>
<p>&nbsp;</p>
<p><span style="text-decoration: underline;"><strong>Projecte Lexcit</strong></span></p>
<p>Voluntaris del municipi fan de mentors de lectura a alumnes del centre, un mentor per alumne. A quest projecte es dedica una hora setmanal, els dijous de 16:30 a 17:30.</p>
<p><iframe loading="lazy" title="YouTube video player" src="https://www.youtube.com/embed/jnI6Eu_34OU" width="560" height="315" frameborder="0" allowfullscreen="allowfullscreen"></iframe></p>
<p>&nbsp;</p>
<p><span style="text-decoration: underline;"><strong>Projecte Padrins de Lectura</strong></span></p>
<p>Des de fa uns quants anys, els alumnes de Cicle Superior apadrinen un alumne de Cicle Inicial. Cada divendres comparteixen mitja hora on es fan activitats relacionades amb la lectura: llegeixen contes a mitges, els padrins els porten contes… L’objectiu és crear un vincle i també estimular la lectura. Celebren el dia de la mona, s’escriuen notes, els més grans acompanyen als més menuts en festes de l’escola… A l’hora del pati es busquen… S’estimula el coneixement entre els alumnes, la bona relació i millor ambient.</p>
<p><a href="https://agora.xtec.cat/escolalesllisses/wp-content/uploads/usu2000/2022/03/padrins-lectura-1024x404-1.jpg"><img loading="lazy" decoding="async" class="alignnone size-full wp-image-3423" src="https://agora.xtec.cat/escolalesllisses/wp-content/uploads/usu2000/2022/03/padrins-lectura-1024x404-1.jpg" alt="" width="1024" height="404" srcset="https://agora.xtec.cat/escolalesllisses/wp-content/uploads/usu2000/2022/03/padrins-lectura-1024x404-1.jpg 1024w, https://agora.xtec.cat/escolalesllisses/wp-content/uploads/usu2000/2022/03/padrins-lectura-1024x404-1-300x118.jpg 300w, https://agora.xtec.cat/escolalesllisses/wp-content/uploads/usu2000/2022/03/padrins-lectura-1024x404-1-768x303.jpg 768w" sizes="auto, (max-width: 1024px) 100vw, 1024px" /></a></p>
<p style="text-align: center;"><iframe loading="lazy" title="YouTube video player" src="https://www.youtube.com/embed/2bWrnN5NDdU" width="560" height="315" frameborder="0" allowfullscreen="allowfullscreen"></iframe></p>
<p>&nbsp;</p>
<p><span style="text-decoration: underline;"><strong>Projecte Redissenyem la biblioteca escolar</strong></span></p>
<p>S’ha creat una comissió de Biblioteca formada per mares voluntàries, la mestra responsable i una col·laboradors. L’objectiu és aconseguir ambientar la Biblioteca amb el personatge creat pels alumnes donant un caire més acollidor, dinamitzar amb activitats engrescadores, anar enregistrant els llibres al sistema e-pergam… en definitiva potenciar el gust per la lectura.</p>

<p>L’objectiu que ens proposem és el d’afavorir l’èxit escolar de tot l’alumnat. Per tal d’aconseguir-ho potenciarem, de manera sistemàtica en totes les àrees i matèries del currículum, la competència comunicativa i lingüística i el desenvolupament de l’hàbit lector dels nostres alumnes, tenint en compte que la competència lectora és la base de molts aprenentatges i [&hellip;]</p>
