{"id":26,"date":"2014-09-18T12:24:32","date_gmt":"2014-09-18T10:24:32","guid":{"rendered":"http:\/\/agora.xtec.cat\/escolalesllisses\/?page_id=26"},"modified":"2020-11-13T14:47:06","modified_gmt":"2020-11-13T13:47:06","slug":"historia","status":"publish","type":"page","link":"https:\/\/agora.xtec.cat\/escolalesllisses\/lescola\/historia\/","title":{"rendered":"Hist\u00f2ria"},"content":{"rendered":"<p lang=\"ca-ES\" style=\"text-align: center;\" align=\"justify\"><strong>90 ANYS FENT HIST\u00d2RIA<\/strong><\/p>\n<p class=\"western\" lang=\"ca-ES\" align=\"justify\"><span style=\"font-family: Arial, serif;\"><span style=\"font-size: medium;\">L\u2019any 1928 l\u2019escola Les Llisses es va ubicar a la seva seu actual, aix\u00f2 fou degut a unes obres d\u2019ampliaci\u00f3\/allargament de la carretera de l\u2019esgl\u00e9sia. Aquestes obres comen\u00e7aren entre 1924-1925 i fou despr\u00e9s que l\u2019escola es trasllad\u00e0 del primer pis de la casa nova de Can Vilardeb\u00f3, que encara existeix al davant de l\u2019esgl\u00e9sia, fins on \u00e9s ara. <\/span><\/span><\/p>\n<p class=\"western\" lang=\"ca-ES\" align=\"justify\"><span style=\"font-family: Arial, serif;\"><span style=\"font-size: medium;\">Actualment doncs tenim una escola que sorgeix del vell model escola de nois-escola de noies on a m\u00e9s a m\u00e9s hi havia la casa del mestre al pis i la de la mestra a la planta baixa. En aquell moment els nois i les noies no podien anar junts a la mateixa classe i aquest model d\u2019ensenyament va durar fins l\u2019aparici\u00f3 de la Llei General d\u2019educaci\u00f3 l\u2019any 1970..<\/span><\/span><\/p>\n<p class=\"western\" lang=\"ca-ES\" align=\"justify\"><span style=\"font-family: Arial, serif;\"><span style=\"font-size: medium;\">L\u2019edifici on es va ubicar l\u2019escola era en part tamb\u00e9 el del sindicat de pagesos. Poc a poc l\u2019escola va anar creixent al voltant de l\u2019edifici hist\u00f2ric que afortunadament, amb els canvis que ha convingut fer, s\u2019ha anat conservant fins avui amb la seva imatge i estructura de sempre.<\/span><\/span><\/p>\n<p class=\"western\" lang=\"ca-ES\" align=\"justify\"><span style=\"font-family: Arial, serif;\"><span style=\"font-size: medium;\">Amb les diferents ampliacions l\u2019entrada a l\u2019escola ha anat canviant de lloc. El mateix ha passat amb l\u2019adre\u00e7a postal, hem sigut Passeig de l\u2019esgl\u00e9sia sense n\u00famero, malgrat entr\u00e0vem per un lateral; posteriorment es va entrar a l\u2019escola per la porta que hi ha enfrontada a l\u2019aparcament del darrera de l\u2019ajuntament i finalment en les darreres ampliacions l\u2019adre\u00e7a pass\u00e0 a ser carrer Montsi\u00e0 29 i tamb\u00e9 l\u2019entrada principal de l\u2019escola \u00e9s la que dona a aquesta carrer.<\/span><\/span><\/p>\n<p class=\"western\" lang=\"ca-ES\" align=\"justify\"><span style=\"font-family: Arial, serif;\"><span style=\"font-size: medium;\">Pel que fa al nom vam comen\u00e7ar essent \u201cescuela graduada mixta\u201d, malgrat que la majoria de les persones la coneixien com \u201dels nacionals\u201d i finalment en un proc\u00e9s de tria obert a tothom, mestres, alumnes i entitats socials es va votar el nom \u201cLes Llisses\u201d, aix\u00f2 passava el curs 1984-85.<\/span><\/span><\/p>\n<p class=\"western\" lang=\"ca-ES\" align=\"justify\"><span style=\"font-family: Arial, serif;\"><span style=\"font-size: medium;\">Hem tingut diferents ampliacions i modificacions de l\u2019estructura, algunes necess\u00e0ries per q\u00fcestions de manteniment i d\u2019altres per l\u2019augment del nombre d\u2019alumnes. La darrera millora ha estat la del pavell\u00f3 esportiu inaugurat el 2018, que \u00e9s d\u2019\u00fas exclusiu de l\u2019escola en horari escolar. Pr\u00e8viament a aquesta darrera ampliaci\u00f3, Les Llisses ha passat per diferents fases, de l\u2019escola amb dues aules del seu origen va passar a una ampliaci\u00f3 que va representar ocupar l\u2019espai de l\u2019antic sindicat de pagesos, ara aula de m\u00fasica i tamb\u00e9 es van construir les dues aules que hi ha al pati Vell. M\u00e9s endavant es van construir les aules que hi ha a ponent del pati dels Arbres. El curs 1989-90 despr\u00e9s d\u2019un curs amb m\u00f2duls prefabricats al pati Vell es va fer l\u2019ampliaci\u00f3 de sis aules, menjador, cuina i serveis administratius acabant de tancar el pati del Arbres. Per acabar es va ampliar l\u2019escola en dues fases a la part nord del pati Gran (2001-2003), aquestes obres van durar dos cursos per\u00f2 per fi ten\u00edem un espai de biblioteca, una aula de psicomotricitat i un clar esponjament dels espais dedicats a mestres i secretaria doncs l\u2019escola no disposava de cap d\u2019aquest espais en unes condicions adequades. <\/span><\/span><\/p>\n<p class=\"western\" lang=\"ca-ES\" align=\"justify\"><span style=\"font-family: Arial, serif;\"><span style=\"font-size: medium;\">No podem acabar sense la menci\u00f3 de dos espais paradigm\u00e0tics i amb nom propi dins de l\u2019escola: el galliner, com es coneixia la planta pis del primer edifici que va configurar Les Llisses i el cau, espai multi-usos que es va confegir en la uni\u00f3 de les diferents fases de creixement en comunicar-les entre si, sobretot a partir de la darrera ampliaci\u00f3 inaugurada el 2003.<\/span><\/span><\/p>\n<p lang=\"ca-ES\" style=\"text-align: right;\" align=\"justify\">Josep Serra i Busquets<\/p>\n<p lang=\"ca-ES\" style=\"text-align: right;\" align=\"justify\">(Director de l&#8217;Escola Les Llisses per\u00edode 1990-2014)<\/p>\n<p lang=\"ca-ES\" align=\"justify\">\n<p lang=\"ca-ES\" align=\"justify\">\n<p lang=\"ca-ES\" style=\"text-align: center;\" align=\"justify\"><strong>AN\u00c8CDOTES<\/strong><\/p>\n<p style=\"text-align: center;\"><em>Quan vam muntar l\u2019hivernacle a l\u2019hort, vam fer una convocat\u00f2ria als pares i mares a trav\u00e9s de la direcci\u00f3 i l\u2019ampa es va comprometre a fer l\u2019esmorzar. Va ser genial. Compto una cinquantena de pares quan em miro les fotos. L\u2019an\u00e8cdota, quan els vaig dir que ens creiem que els nostres alumnes nom\u00e9s tenien mares perqu\u00e8 mai veiem els pares per l\u2019escola em van respondre: \u201ctu convoca coses que haguem de fer amb eines i que siguin construccions i ens tindr\u00e0s aqu\u00ed, a m\u00e9s si \u00e9s en dissabte i ens convideu a esmorzar, venim tots\u201d<\/em><\/p>\n<p>&nbsp;<\/p>\n<p>&nbsp;<\/p>\n<p style=\"text-align: center;\"><em>Un Sant Jordi, per celebrar-lo, cada cicle va plantar un roser a la part de l\u2019hort on hi ha els pins. Un parell d\u2019anys despr\u00e9s, mentre un treballador de la brigada feia neteja de males herbes el va enxampar mentre n\u2019acabava d\u2019arrencar un amb l\u2019aixada. Quan li vaig dir qu\u00e8 havia fet, la seva resposta va ser, \u201ces que tenia muchos pinchos esa hierba\u201d.<\/em><\/p>\n<p>&nbsp;<\/p>\n<p>&nbsp;<\/p>\n<p style=\"text-align: center;\"><em>L\u2019aula de m\u00fasica era coneguda entre el personal de neteja com \u201cl\u2019aula del suelo feo o sucio\u201d doncs havia estat l\u2019espai que ocupava el sindicat de pagesos i els va costar molt i molt de fer-lo net i que es veiessin les rajoles originals, estava tot enganxat de restes de pinso i altres productes que s\u2019emmagatzemaven en aquell espai.<\/em><\/p>\n<p lang=\"ca-ES\" align=\"justify\">\n","protected":false},"excerpt":{"rendered":"<p>90 ANYS FENT HIST\u00d2RIA L\u2019any 1928 l\u2019escola Les Llisses es va ubicar a la seva seu actual, aix\u00f2 fou degut a unes obres d\u2019ampliaci\u00f3\/allargament de la carretera de l\u2019esgl\u00e9sia. Aquestes obres comen\u00e7aren entre 1924-1925 i fou despr\u00e9s que l\u2019escola es trasllad\u00e0 del primer pis de la casa nova de Can Vilardeb\u00f3, que encara existeix al [&hellip;]<\/p>\n","protected":false},"author":1,"featured_media":0,"parent":22,"menu_order":2,"comment_status":"closed","ping_status":"closed","template":"page-templates\/side-menu.php","meta":{"_bbp_topic_count":0,"_bbp_reply_count":0,"_bbp_total_topic_count":0,"_bbp_total_reply_count":0,"_bbp_voice_count":0,"_bbp_anonymous_reply_count":0,"_bbp_topic_count_hidden":0,"_bbp_reply_count_hidden":0,"_bbp_forum_subforum_count":0,"site-sidebar-layout":"default","site-content-layout":"","ast-site-content-layout":"","site-content-style":"default","site-sidebar-style":"default","ast-global-header-display":"","ast-banner-title-visibility":"","ast-main-header-display":"","ast-hfb-above-header-display":"","ast-hfb-below-header-display":"","ast-hfb-mobile-header-display":"","site-post-title":"","ast-breadcrumbs-content":"","ast-featured-img":"","footer-sml-layout":"","theme-transparent-header-meta":"","adv-header-id-meta":"","stick-header-meta":"","header-above-stick-meta":"","header-main-stick-meta":"","header-below-stick-meta":"","astra-migrate-meta-layouts":"default","ast-page-background-enabled":"default","ast-page-background-meta":{"desktop":{"background-color":"var(--ast-global-color-4)","background-image":"","background-repeat":"repeat","background-position":"center center","background-size":"auto","background-attachment":"scroll","background-type":"","background-media":"","overlay-type":"","overlay-color":"","overlay-opacity":"","overlay-gradient":""},"tablet":{"background-color":"","background-image":"","background-repeat":"repeat","background-position":"center center","background-size":"auto","background-attachment":"scroll","background-type":"","background-media":"","overlay-type":"","overlay-color":"","overlay-opacity":"","overlay-gradient":""},"mobile":{"background-color":"","background-image":"","background-repeat":"repeat","background-position":"center center","background-size":"auto","background-attachment":"scroll","background-type":"","background-media":"","overlay-type":"","overlay-color":"","overlay-opacity":"","overlay-gradient":""}},"ast-content-background-meta":{"desktop":{"background-color":"var(--ast-global-color-5)","background-image":"","background-repeat":"repeat","background-position":"center center","background-size":"auto","background-attachment":"scroll","background-type":"","background-media":"","overlay-type":"","overlay-color":"","overlay-opacity":"","overlay-gradient":""},"tablet":{"background-color":"var(--ast-global-color-5)","background-image":"","background-repeat":"repeat","background-position":"center center","background-size":"auto","background-attachment":"scroll","background-type":"","background-media":"","overlay-type":"","overlay-color":"","overlay-opacity":"","overlay-gradient":""},"mobile":{"background-color":"var(--ast-global-color-5)","background-image":"","background-repeat":"repeat","background-position":"center center","background-size":"auto","background-attachment":"scroll","background-type":"","background-media":"","overlay-type":"","overlay-color":"","overlay-opacity":"","overlay-gradient":""}},"footnotes":""},"class_list":["post-26","page","type-page","status-publish","hentry"],"post_mailing_queue_ids":[],"_links":{"self":[{"href":"https:\/\/agora.xtec.cat\/escolalesllisses\/wp-json\/wp\/v2\/pages\/26","targetHints":{"allow":["GET"]}}],"collection":[{"href":"https:\/\/agora.xtec.cat\/escolalesllisses\/wp-json\/wp\/v2\/pages"}],"about":[{"href":"https:\/\/agora.xtec.cat\/escolalesllisses\/wp-json\/wp\/v2\/types\/page"}],"author":[{"embeddable":true,"href":"https:\/\/agora.xtec.cat\/escolalesllisses\/wp-json\/wp\/v2\/users\/1"}],"replies":[{"embeddable":true,"href":"https:\/\/agora.xtec.cat\/escolalesllisses\/wp-json\/wp\/v2\/comments?post=26"}],"version-history":[{"count":3,"href":"https:\/\/agora.xtec.cat\/escolalesllisses\/wp-json\/wp\/v2\/pages\/26\/revisions"}],"predecessor-version":[{"id":572,"href":"https:\/\/agora.xtec.cat\/escolalesllisses\/wp-json\/wp\/v2\/pages\/26\/revisions\/572"}],"up":[{"embeddable":true,"href":"https:\/\/agora.xtec.cat\/escolalesllisses\/wp-json\/wp\/v2\/pages\/22"}],"wp:attachment":[{"href":"https:\/\/agora.xtec.cat\/escolalesllisses\/wp-json\/wp\/v2\/media?parent=26"}],"curies":[{"name":"wp","href":"https:\/\/api.w.org\/{rel}","templated":true}]}}

Història

<p lang="ca-ES" style="text-align: center;" align="justify"><strong>90 ANYS FENT HISTÒRIA</strong></p>
<p class="western" lang="ca-ES" align="justify"><span style="font-family: Arial, serif;"><span style="font-size: medium;">L’any 1928 l’escola Les Llisses es va ubicar a la seva seu actual, això fou degut a unes obres d’ampliació/allargament de la carretera de l’església. Aquestes obres començaren entre 1924-1925 i fou després que l’escola es traslladà del primer pis de la casa nova de Can Vilardebó, que encara existeix al davant de l’església, fins on és ara. </span></span></p>
<p class="western" lang="ca-ES" align="justify"><span style="font-family: Arial, serif;"><span style="font-size: medium;">Actualment doncs tenim una escola que sorgeix del vell model escola de nois-escola de noies on a més a més hi havia la casa del mestre al pis i la de la mestra a la planta baixa. En aquell moment els nois i les noies no podien anar junts a la mateixa classe i aquest model d’ensenyament va durar fins l’aparició de la Llei General d’educació l’any 1970..</span></span></p>
<p class="western" lang="ca-ES" align="justify"><span style="font-family: Arial, serif;"><span style="font-size: medium;">L’edifici on es va ubicar l’escola era en part també el del sindicat de pagesos. Poc a poc l’escola va anar creixent al voltant de l’edifici històric que afortunadament, amb els canvis que ha convingut fer, s’ha anat conservant fins avui amb la seva imatge i estructura de sempre.</span></span></p>
<p class="western" lang="ca-ES" align="justify"><span style="font-family: Arial, serif;"><span style="font-size: medium;">Amb les diferents ampliacions l’entrada a l’escola ha anat canviant de lloc. El mateix ha passat amb l’adreça postal, hem sigut Passeig de l’església sense número, malgrat entràvem per un lateral; posteriorment es va entrar a l’escola per la porta que hi ha enfrontada a l’aparcament del darrera de l’ajuntament i finalment en les darreres ampliacions l’adreça passà a ser carrer Montsià 29 i també l’entrada principal de l’escola és la que dona a aquesta carrer.</span></span></p>
<p class="western" lang="ca-ES" align="justify"><span style="font-family: Arial, serif;"><span style="font-size: medium;">Pel que fa al nom vam començar essent “escuela graduada mixta”, malgrat que la majoria de les persones la coneixien com ”els nacionals” i finalment en un procés de tria obert a tothom, mestres, alumnes i entitats socials es va votar el nom “Les Llisses”, això passava el curs 1984-85.</span></span></p>
<p class="western" lang="ca-ES" align="justify"><span style="font-family: Arial, serif;"><span style="font-size: medium;">Hem tingut diferents ampliacions i modificacions de l’estructura, algunes necessàries per qüestions de manteniment i d’altres per l’augment del nombre d’alumnes. La darrera millora ha estat la del pavelló esportiu inaugurat el 2018, que és d’ús exclusiu de l’escola en horari escolar. Prèviament a aquesta darrera ampliació, Les Llisses ha passat per diferents fases, de l’escola amb dues aules del seu origen va passar a una ampliació que va representar ocupar l’espai de l’antic sindicat de pagesos, ara aula de música i també es van construir les dues aules que hi ha al pati Vell. Més endavant es van construir les aules que hi ha a ponent del pati dels Arbres. El curs 1989-90 després d’un curs amb mòduls prefabricats al pati Vell es va fer l’ampliació de sis aules, menjador, cuina i serveis administratius acabant de tancar el pati del Arbres. Per acabar es va ampliar l’escola en dues fases a la part nord del pati Gran (2001-2003), aquestes obres van durar dos cursos però per fi teníem un espai de biblioteca, una aula de psicomotricitat i un clar esponjament dels espais dedicats a mestres i secretaria doncs l’escola no disposava de cap d’aquest espais en unes condicions adequades. </span></span></p>
<p class="western" lang="ca-ES" align="justify"><span style="font-family: Arial, serif;"><span style="font-size: medium;">No podem acabar sense la menció de dos espais paradigmàtics i amb nom propi dins de l’escola: el galliner, com es coneixia la planta pis del primer edifici que va configurar Les Llisses i el cau, espai multi-usos que es va confegir en la unió de les diferents fases de creixement en comunicar-les entre si, sobretot a partir de la darrera ampliació inaugurada el 2003.</span></span></p>
<p lang="ca-ES" style="text-align: right;" align="justify">Josep Serra i Busquets</p>
<p lang="ca-ES" style="text-align: right;" align="justify">(Director de l&#8217;Escola Les Llisses període 1990-2014)</p>
<p lang="ca-ES" align="justify">
<p lang="ca-ES" align="justify">
<p lang="ca-ES" style="text-align: center;" align="justify"><strong>ANÈCDOTES</strong></p>
<p style="text-align: center;"><em>Quan vam muntar l’hivernacle a l’hort, vam fer una convocatòria als pares i mares a través de la direcció i l’ampa es va comprometre a fer l’esmorzar. Va ser genial. Compto una cinquantena de pares quan em miro les fotos. L’anècdota, quan els vaig dir que ens creiem que els nostres alumnes només tenien mares perquè mai veiem els pares per l’escola em van respondre: “tu convoca coses que haguem de fer amb eines i que siguin construccions i ens tindràs aquí, a més si és en dissabte i ens convideu a esmorzar, venim tots”</em></p>
<p>&nbsp;</p>
<p>&nbsp;</p>
<p style="text-align: center;"><em>Un Sant Jordi, per celebrar-lo, cada cicle va plantar un roser a la part de l’hort on hi ha els pins. Un parell d’anys després, mentre un treballador de la brigada feia neteja de males herbes el va enxampar mentre n’acabava d’arrencar un amb l’aixada. Quan li vaig dir què havia fet, la seva resposta va ser, “es que tenia muchos pinchos esa hierba”.</em></p>
<p>&nbsp;</p>
<p>&nbsp;</p>
<p style="text-align: center;"><em>L’aula de música era coneguda entre el personal de neteja com “l’aula del suelo feo o sucio” doncs havia estat l’espai que ocupava el sindicat de pagesos i els va costar molt i molt de fer-lo net i que es veiessin les rajoles originals, estava tot enganxat de restes de pinso i altres productes que s’emmagatzemaven en aquell espai.</em></p>
<p lang="ca-ES" align="justify">

<p>90 ANYS FENT HISTÒRIA L’any 1928 l’escola Les Llisses es va ubicar a la seva seu actual, això fou degut a unes obres d’ampliació/allargament de la carretera de l’església. Aquestes obres començaren entre 1924-1925 i fou després que l’escola es traslladà del primer pis de la casa nova de Can Vilardebó, que encara existeix al [&hellip;]</p>
